{"id":65310,"date":"2026-04-29T10:30:52","date_gmt":"2026-04-29T10:30:52","guid":{"rendered":"https:\/\/machera.lu\/?post_type=tribe_events&#038;p=65310"},"modified":"2026-04-29T10:35:59","modified_gmt":"2026-04-29T10:35:59","slug":"festival-des-nations","status":"publish","type":"tribe_events","link":"https:\/\/machera.lu\/?tribe_events=festival-des-nations","title":{"rendered":"Festival des Nations"},"content":{"rendered":"<h2>SAVE THE DATE !<\/h2>\n<p>D&#8217;Kommissioun fir interkulturellt Zesummeliewe vun der Stad Gr\u00e9iwemaacher, an Zesummenaarbecht mat der Stad Gr\u00e9iwemacher, invit\u00e9iert op de <strong>Festival des Nations.<\/strong><\/p>\n<p>Fir Concerten, international Gastronomie esou w\u00e9i Animatioun fir Grouss a Kl\u00e9ng ass gesuergt.<\/p>\n<p>Weider Informatiounen kommen no !<\/p>\n","protected":false},"excerpt":{"rendered":"<p>SAVE THE DATE !<\/p>\n<p>D&#8217;Kommissioun fir interkulturellt Zesummeliewe vun der Stad Gr\u00e9iwemaacher, an Zesummenaarbecht mat der Stad Gr\u00e9iwemacher, invit\u00e9iert op de Festival des Nations.<\/p>\n<p>Weider Informatiounen kommen no !<br \/>\n&nbsp;<\/p>\n<div class=\"sc_item_button sc_button_wrap\"><a class=\"sc_button sc_button_decoration sc_button_size_large sc_button_icon_left\" href=\"https:\/\/machera.lu\/?tribe_events=festival-des-nations\"><span class=\"sc_button_text\"><span class=\"sc_button_title\">Info \/ Tickets<\/span><\/span><\/a><\/div>\n","protected":false},"author":6,"featured_media":65312,"comment_status":"closed","ping_status":"closed","template":"","meta":{"inline_featured_image":false,"_tribe_events_status":"","_tribe_events_status_reason":"","footnotes":""},"tags":[],"tribe_events_cat":[357],"class_list":["post-65310","tribe_events","type-tribe_events","status-publish","has-post-thumbnail","hentry","tribe_events_cat-festivals-2","cat_festivals-2"],"_links":{"self":[{"href":"https:\/\/machera.lu\/index.php?rest_route=\/wp\/v2\/tribe_events\/65310","targetHints":{"allow":["GET"]}}],"collection":[{"href":"https:\/\/machera.lu\/index.php?rest_route=\/wp\/v2\/tribe_events"}],"about":[{"href":"https:\/\/machera.lu\/index.php?rest_route=\/wp\/v2\/types\/tribe_events"}],"author":[{"embeddable":true,"href":"https:\/\/machera.lu\/index.php?rest_route=\/wp\/v2\/users\/6"}],"replies":[{"embeddable":true,"href":"https:\/\/machera.lu\/index.php?rest_route=%2Fwp%2Fv2%2Fcomments&post=65310"}],"version-history":[{"count":4,"href":"https:\/\/machera.lu\/index.php?rest_route=\/wp\/v2\/tribe_events\/65310\/revisions"}],"predecessor-version":[{"id":65317,"href":"https:\/\/machera.lu\/index.php?rest_route=\/wp\/v2\/tribe_events\/65310\/revisions\/65317"}],"wp:featuredmedia":[{"embeddable":true,"href":"https:\/\/machera.lu\/index.php?rest_route=\/wp\/v2\/media\/65312"}],"wp:attachment":[{"href":"https:\/\/machera.lu\/index.php?rest_route=%2Fwp%2Fv2%2Fmedia&parent=65310"}],"wp:term":[{"taxonomy":"post_tag","embeddable":true,"href":"https:\/\/machera.lu\/index.php?rest_route=%2Fwp%2Fv2%2Ftags&post=65310"},{"taxonomy":"tribe_events_cat","embeddable":true,"href":"https:\/\/machera.lu\/index.php?rest_route=%2Fwp%2Fv2%2Ftribe_events_cat&post=65310"}],"curies":[{"name":"wp","href":"https:\/\/api.w.org\/{rel}","templated":true}]}}

<h2>SAVE THE DATE !</h2>
<p>D&#8217;Kommissioun fir interkulturellt Zesummeliewe vun der Stad Gréiwemaacher, an Zesummenaarbecht mat der Stad Gréiwemacher, invitéiert op de <strong>Festival des Nations.</strong></p>
<p>Fir Concerten, international Gastronomie esou wéi Animatioun fir Grouss a Kléng ass gesuergt.</p>
<p>Weider Informatiounen kommen no !</p>

<p>SAVE THE DATE !</p>
<p>D&#8217;Kommissioun fir interkulturellt Zesummeliewe vun der Stad Gréiwemaacher, an Zesummenaarbecht mat der Stad Gréiwemacher, invitéiert op de Festival des Nations.</p>
<p>Weider Informatiounen kommen no !<br />
&nbsp;</p>
<div class="sc_item_button sc_button_wrap"><a class="sc_button sc_button_decoration sc_button_size_large sc_button_icon_left" href="https://machera.lu/?tribe_events=festival-des-nations"><span class="sc_button_text"><span class="sc_button_title">Info / Tickets</span></span></a></div>
