{"id":64693,"date":"2026-01-21T09:10:14","date_gmt":"2026-01-21T09:10:14","guid":{"rendered":"https:\/\/machera.lu\/?post_type=tribe_events&#038;p=64693"},"modified":"2026-02-17T09:05:17","modified_gmt":"2026-02-17T09:05:17","slug":"creators-circle","status":"publish","type":"tribe_events","link":"https:\/\/machera.lu\/?tribe_events=creators-circle&lang=fr","title":{"rendered":"Creators Circle"},"content":{"rendered":"<p><img fetchpriority=\"high\" decoding=\"async\" class=\" wp-image-64694 alignleft\" src=\"https:\/\/machera.lu\/wp-content\/uploads\/2026\/01\/Ladies-Circle-211x300.png\" alt=\"\" width=\"291\" height=\"414\" srcset=\"https:\/\/machera.lu\/wp-content\/uploads\/2026\/01\/Ladies-Circle-211x300.png 211w, https:\/\/machera.lu\/wp-content\/uploads\/2026\/01\/Ladies-Circle-722x1024.png 722w, https:\/\/machera.lu\/wp-content\/uploads\/2026\/01\/Ladies-Circle-768x1090.png 768w, https:\/\/machera.lu\/wp-content\/uploads\/2026\/01\/Ladies-Circle-1082x1536.png 1082w, https:\/\/machera.lu\/wp-content\/uploads\/2026\/01\/Ladies-Circle-1443x2048.png 1443w, https:\/\/machera.lu\/wp-content\/uploads\/2026\/01\/Ladies-Circle-370x525.png 370w, https:\/\/machera.lu\/wp-content\/uploads\/2026\/01\/Ladies-Circle-840x1192.png 840w, https:\/\/machera.lu\/wp-content\/uploads\/2026\/01\/Ladies-Circle-410x582.png 410w, https:\/\/machera.lu\/wp-content\/uploads\/2026\/01\/Ladies-Circle-scaled.png 1804w\" sizes=\"(max-width: 291px) 100vw, 291px\" \/><\/p>\n<p data-start=\"56\" data-end=\"402\">Ladies Circle 5 Est est une association de jeunes femmes de l\u2019est du Luxembourg qui organisent des \u00e9v\u00e9nements et des projets \u00e0 des fins caritatives. Cette ann\u00e9e, nous lan\u00e7ons la deuxi\u00e8me \u00e9dition de notre march\u00e9 d\u2019artisanat, combin\u00e9e \u00e0 diff\u00e9rents ateliers, afin de r\u00e9colter des fonds pour des enfants et des femmes au Luxembourg et \u00e0 l\u2019\u00e9tranger.<\/p>\n<p data-start=\"409\" data-end=\"740\" data-is-last-node=\"\">Le Creators Circle aura lieu \u00e0 l\u2019occasion de la Journ\u00e9e internationale des droits des femmes, le dimanche 8 mars, de 10h \u00e0 18h, et proposera des stands, des ateliers, des animations, ainsi que de la restauration et des boissons pour petits et grands. Les 5 euros d&#8217;entr\u00e9e ainsi que l\u2019int\u00e9gralit\u00e9 des b\u00e9n\u00e9fices de l\u2019\u00e9v\u00e9nement seront revers\u00e9s \u00e0 des \u0153uvres caritatives.<\/p>\n","protected":false},"excerpt":{"rendered":"<p>Le Creators Circle aura lieu \u00e0 l\u2019occasion de la Journ\u00e9e internationale des droits des femmes, le dimanche 8 mars, de 10h \u00e0 18h, et proposera des stands, des ateliers, des animations, ainsi que de la restauration et des boissons pour petits et grands. Les 5 euros d&#8217;entr\u00e9e ainsi que l\u2019int\u00e9gralit\u00e9 des b\u00e9n\u00e9fices de l\u2019\u00e9v\u00e9nement seront revers\u00e9s \u00e0 des \u0153uvres caritatives.<\/p>\n<p>&nbsp;<\/p>\n<div class=\"sc_item_button sc_button_wrap\"><a class=\"sc_button sc_button_decoration sc_button_size_large sc_button_icon_left\" href=\"https:\/\/machera.lu\/?tribe_events=creators-circle&#038;lang=fr\"><span class=\"sc_button_text\"><span class=\"sc_button_title\">Info \/ Tickets<\/span><\/span><\/a><\/div>\n","protected":false},"author":3,"featured_media":64697,"comment_status":"closed","ping_status":"closed","template":"","meta":{"inline_featured_image":false,"_tribe_events_status":"","_tribe_events_status_reason":"","footnotes":""},"tags":[],"tribe_events_cat":[],"class_list":["post-64693","tribe_events","type-tribe_events","status-publish","has-post-thumbnail","hentry"],"_links":{"self":[{"href":"https:\/\/machera.lu\/index.php?rest_route=\/wp\/v2\/tribe_events\/64693","targetHints":{"allow":["GET"]}}],"collection":[{"href":"https:\/\/machera.lu\/index.php?rest_route=\/wp\/v2\/tribe_events"}],"about":[{"href":"https:\/\/machera.lu\/index.php?rest_route=\/wp\/v2\/types\/tribe_events"}],"author":[{"embeddable":true,"href":"https:\/\/machera.lu\/index.php?rest_route=\/wp\/v2\/users\/3"}],"replies":[{"embeddable":true,"href":"https:\/\/machera.lu\/index.php?rest_route=%2Fwp%2Fv2%2Fcomments&post=64693"}],"version-history":[{"count":12,"href":"https:\/\/machera.lu\/index.php?rest_route=\/wp\/v2\/tribe_events\/64693\/revisions"}],"predecessor-version":[{"id":64851,"href":"https:\/\/machera.lu\/index.php?rest_route=\/wp\/v2\/tribe_events\/64693\/revisions\/64851"}],"wp:featuredmedia":[{"embeddable":true,"href":"https:\/\/machera.lu\/index.php?rest_route=\/wp\/v2\/media\/64697"}],"wp:attachment":[{"href":"https:\/\/machera.lu\/index.php?rest_route=%2Fwp%2Fv2%2Fmedia&parent=64693"}],"wp:term":[{"taxonomy":"post_tag","embeddable":true,"href":"https:\/\/machera.lu\/index.php?rest_route=%2Fwp%2Fv2%2Ftags&post=64693"},{"taxonomy":"tribe_events_cat","embeddable":true,"href":"https:\/\/machera.lu\/index.php?rest_route=%2Fwp%2Fv2%2Ftribe_events_cat&post=64693"}],"curies":[{"name":"wp","href":"https:\/\/api.w.org\/{rel}","templated":true}]}}

<p><img fetchpriority="high" decoding="async" class=" wp-image-64694 alignleft" src="https://machera.lu/wp-content/uploads/2026/01/Ladies-Circle-211x300.png" alt="" width="291" height="414" srcset="https://machera.lu/wp-content/uploads/2026/01/Ladies-Circle-211x300.png 211w, https://machera.lu/wp-content/uploads/2026/01/Ladies-Circle-722x1024.png 722w, https://machera.lu/wp-content/uploads/2026/01/Ladies-Circle-768x1090.png 768w, https://machera.lu/wp-content/uploads/2026/01/Ladies-Circle-1082x1536.png 1082w, https://machera.lu/wp-content/uploads/2026/01/Ladies-Circle-1443x2048.png 1443w, https://machera.lu/wp-content/uploads/2026/01/Ladies-Circle-370x525.png 370w, https://machera.lu/wp-content/uploads/2026/01/Ladies-Circle-840x1192.png 840w, https://machera.lu/wp-content/uploads/2026/01/Ladies-Circle-410x582.png 410w, https://machera.lu/wp-content/uploads/2026/01/Ladies-Circle-scaled.png 1804w" sizes="(max-width: 291px) 100vw, 291px" /></p>
<p data-start="56" data-end="402">Ladies Circle 5 Est est une association de jeunes femmes de l’est du Luxembourg qui organisent des événements et des projets à des fins caritatives. Cette année, nous lançons la deuxième édition de notre marché d’artisanat, combinée à différents ateliers, afin de récolter des fonds pour des enfants et des femmes au Luxembourg et à l’étranger.</p>
<p data-start="409" data-end="740" data-is-last-node="">Le Creators Circle aura lieu à l’occasion de la Journée internationale des droits des femmes, le dimanche 8 mars, de 10h à 18h, et proposera des stands, des ateliers, des animations, ainsi que de la restauration et des boissons pour petits et grands. Les 5 euros d&#8217;entrée ainsi que l’intégralité des bénéfices de l’événement seront reversés à des œuvres caritatives.</p>

<p>Le Creators Circle aura lieu à l’occasion de la Journée internationale des droits des femmes, le dimanche 8 mars, de 10h à 18h, et proposera des stands, des ateliers, des animations, ainsi que de la restauration et des boissons pour petits et grands. Les 5 euros d&#8217;entrée ainsi que l’intégralité des bénéfices de l’événement seront reversés à des œuvres caritatives.</p>
<p>&nbsp;</p>
<div class="sc_item_button sc_button_wrap"><a class="sc_button sc_button_decoration sc_button_size_large sc_button_icon_left" href="https://machera.lu/?tribe_events=creators-circle&#038;lang=fr"><span class="sc_button_text"><span class="sc_button_title">Info / Tickets</span></span></a></div>
