{"id":64525,"date":"2025-12-08T08:32:25","date_gmt":"2025-12-08T08:32:25","guid":{"rendered":"https:\/\/machera.lu\/?tribe_events=classic-meets-rock"},"modified":"2025-12-08T08:38:20","modified_gmt":"2025-12-08T08:38:20","slug":"classic-meets-rock","status":"publish","type":"tribe_events","link":"https:\/\/machera.lu\/?tribe_events=classic-meets-rock&lang=en","title":{"rendered":"Classic meets Rock"},"content":{"rendered":"<p><strong>Galakonzert \u201eClassic meets Rock\u201c \u2013 Harmonie Municipale Grevenmacher<\/strong><\/p>\n<p>Die Stadtmusik Grevenmacher l\u00e4dt herzlich zu ihrem diesj\u00e4hrigen Galakonzert unter dem Motto <strong>\u201eClassic meets Rock\u201c<\/strong> ein. Zu Beginn pr\u00e4sentiert die Jugendmusik Noutew\u00ebnzer ein musikalisches Einstiegsprogramm, bevor die HMG \u2013 Stadtmusik Grevenmacher die B\u00fchne \u00fcbernimmt.<\/p>\n<p>Im ersten Konzertteil erklingen klassische Werke und eindrucksvolle Blasmusik \u2013 dirigiert von <strong>Stefan Weber<\/strong>. In der zweiten H\u00e4lfte sorgt eine hinzukommende Comboband f\u00fcr eine mitrei\u00dfende, pop-rockige Atmosph\u00e4re.<\/p>\n<p>Als Solist des Abends begeistert der bekannte S\u00e4nger <strong>Serge Schonckert.<\/strong><\/p>\n","protected":false},"excerpt":{"rendered":"<p>Galakonzert \u201eClassic meets Rock\u201c \u2013 Harmonie Municipale Grevenmacher<\/p>\n<p>Die Stadtmusik Grevenmacher l\u00e4dt herzlich zu ihrem diesj\u00e4hrigen Galakonzert unter dem Motto \u201eClassic meets Rock\u201c ein. Zu Beginn pr\u00e4sentiert die Jugendmusik Noutew\u00ebnzer ein musikalisches Einstiegsprogramm, bevor die HMG \u2013 Stadtmusik Grevenmacher die B\u00fchne \u00fcbernimmt.<\/p>\n<p>Im ersten Konzertteil erklingen klassische Werke und eindrucksvolle Blasmusik \u2013 dirigiert von Stefan Weber. In der zweiten H\u00e4lfte sorgt eine hinzukommende Comboband f\u00fcr eine mitrei\u00dfende, pop-rockige Atmosph\u00e4re.<\/p>\n<p>Als Solist des Abends begeistert der bekannte S\u00e4nger Serge Schonckert.<\/p>\n<p>&nbsp;<\/p>\n<div class=\"sc_item_button sc_button_wrap\"><a class=\"sc_button sc_button_decoration sc_button_size_large sc_button_icon_left\" href=\"https:\/\/machera.lu\/?tribe_events=classic-meets-rock&#038;lang=en\"><span class=\"sc_button_text\"><span class=\"sc_button_title\">Info \/ Tickets<\/span><\/span><\/a><\/div>\n","protected":false},"author":3,"featured_media":64523,"comment_status":"closed","ping_status":"closed","template":"","meta":{"inline_featured_image":false,"_tribe_events_status":"","_tribe_events_status_reason":"","footnotes":""},"tags":[],"tribe_events_cat":[347],"class_list":["post-64525","tribe_events","type-tribe_events","status-publish","has-post-thumbnail","hentry","tribe_events_cat-concert-en","cat_concert-en"],"_links":{"self":[{"href":"https:\/\/machera.lu\/index.php?rest_route=\/wp\/v2\/tribe_events\/64525","targetHints":{"allow":["GET"]}}],"collection":[{"href":"https:\/\/machera.lu\/index.php?rest_route=\/wp\/v2\/tribe_events"}],"about":[{"href":"https:\/\/machera.lu\/index.php?rest_route=\/wp\/v2\/types\/tribe_events"}],"author":[{"embeddable":true,"href":"https:\/\/machera.lu\/index.php?rest_route=\/wp\/v2\/users\/3"}],"replies":[{"embeddable":true,"href":"https:\/\/machera.lu\/index.php?rest_route=%2Fwp%2Fv2%2Fcomments&post=64525"}],"version-history":[{"count":1,"href":"https:\/\/machera.lu\/index.php?rest_route=\/wp\/v2\/tribe_events\/64525\/revisions"}],"predecessor-version":[{"id":64528,"href":"https:\/\/machera.lu\/index.php?rest_route=\/wp\/v2\/tribe_events\/64525\/revisions\/64528"}],"wp:featuredmedia":[{"embeddable":true,"href":"https:\/\/machera.lu\/index.php?rest_route=\/wp\/v2\/media\/64523"}],"wp:attachment":[{"href":"https:\/\/machera.lu\/index.php?rest_route=%2Fwp%2Fv2%2Fmedia&parent=64525"}],"wp:term":[{"taxonomy":"post_tag","embeddable":true,"href":"https:\/\/machera.lu\/index.php?rest_route=%2Fwp%2Fv2%2Ftags&post=64525"},{"taxonomy":"tribe_events_cat","embeddable":true,"href":"https:\/\/machera.lu\/index.php?rest_route=%2Fwp%2Fv2%2Ftribe_events_cat&post=64525"}],"curies":[{"name":"wp","href":"https:\/\/api.w.org\/{rel}","templated":true}]}}

<p><strong>Galakonzert „Classic meets Rock“ – Harmonie Municipale Grevenmacher</strong></p>
<p>Die Stadtmusik Grevenmacher lädt herzlich zu ihrem diesjährigen Galakonzert unter dem Motto <strong>„Classic meets Rock“</strong> ein. Zu Beginn präsentiert die Jugendmusik Noutewënzer ein musikalisches Einstiegsprogramm, bevor die HMG – Stadtmusik Grevenmacher die Bühne übernimmt.</p>
<p>Im ersten Konzertteil erklingen klassische Werke und eindrucksvolle Blasmusik – dirigiert von <strong>Stefan Weber</strong>. In der zweiten Hälfte sorgt eine hinzukommende Comboband für eine mitreißende, pop-rockige Atmosphäre.</p>
<p>Als Solist des Abends begeistert der bekannte Sänger <strong>Serge Schonckert.</strong></p>

<p>Galakonzert „Classic meets Rock“ – Harmonie Municipale Grevenmacher</p>
<p>Die Stadtmusik Grevenmacher lädt herzlich zu ihrem diesjährigen Galakonzert unter dem Motto „Classic meets Rock“ ein. Zu Beginn präsentiert die Jugendmusik Noutewënzer ein musikalisches Einstiegsprogramm, bevor die HMG – Stadtmusik Grevenmacher die Bühne übernimmt.</p>
<p>Im ersten Konzertteil erklingen klassische Werke und eindrucksvolle Blasmusik – dirigiert von Stefan Weber. In der zweiten Hälfte sorgt eine hinzukommende Comboband für eine mitreißende, pop-rockige Atmosphäre.</p>
<p>Als Solist des Abends begeistert der bekannte Sänger Serge Schonckert.</p>
<p>&nbsp;</p>
<div class="sc_item_button sc_button_wrap"><a class="sc_button sc_button_decoration sc_button_size_large sc_button_icon_left" href="https://machera.lu/?tribe_events=classic-meets-rock&#038;lang=en"><span class="sc_button_text"><span class="sc_button_title">Info / Tickets</span></span></a></div>
