{"id":64515,"date":"2025-12-08T08:17:40","date_gmt":"2025-12-08T08:17:40","guid":{"rendered":"https:\/\/machera.lu\/?tribe_events=letzebuerger-lidderflupp"},"modified":"2026-04-24T09:11:41","modified_gmt":"2026-04-24T09:11:41","slug":"letzebuerger-lidderflupp","status":"publish","type":"tribe_events","link":"https:\/\/machera.lu\/?tribe_events=letzebuerger-lidderflupp&lang=fr","title":{"rendered":"L\u00ebtzebuerger Lidderflupp"},"content":{"rendered":"<p>En Owend fir l\u00ebtzebuergesch Lidder an hirer Z\u00e4it kennen\u00adzel\u00e9ieren, zesummen ze sangen a mateneen ze feieren.<\/p>\n<p>Fir d\u00ebse Concert voller Nostalgie hu sech zwee Monument\u00ader aus der L\u00ebtzebuerger Kulturzeen zesumme gedoen: de Museker Georges Urwald an den Orchester Luxembourg Philharmonia \u00ebnnert der Direktioun vum Rob K\u00f6ller!<\/p>\n<p>A perfektem Aklang sangen a spille si sech duerch d\u2019L\u00ebt\u00adzebuerger Lidderkultur, a propos\u00e9ieren iech esou e bean\u00addrockende Potpourri vu Spillmannslidder, \u201e\u00c9iweggr\u00e9nger\u201c aus Kom\u00e9idisst\u00e9cker, bekannte kabarettistesche Lidder a Vi\u00adnylschlager aus de 60er a 70er Joren. Instrumentalwierker vu verschiddene L\u00ebtzebuerger<\/p>\n<div class=\"sc_item_button sc_button_wrap\" style=\"text-align: left;\"><a class=\"sc_button sc_button_decoration sc_button_size_large sc_button_icon_left\" href=\"https:\/\/www.luxembourg-ticket.lu\/fr\/details\/letzeburger-lidderflupp-mit-dem-orchester-luxembourg-philharmonia\/8\/eid,68502\/letzeburger-lidderflupp-mit-dem-orchester-luxembourg-philharmonia.html\"><span class=\"sc_button_text\"><span class=\"sc_button_title\">Tickets<\/span><\/span><\/a><\/div>\n<h6>Les billets pour cet \u00e9v\u00e9nement peuvent \u00e9galement \u00eatre achet\u00e9s \u00e0 la billetterie du Centre Culturel Machera les mardis et jeudis de 15h \u00e0 19h. La billetterie du soir ouvre 2 heures avant l\u2019\u00e9v\u00e9nement.<\/h6>\n","protected":false},"excerpt":{"rendered":"<p>En Owend fir l\u00ebtzebuergesch Lidder an hirer Z\u00e4it kennenzel\u00e9ieren, zesummen ze sangen a mateneen ze feieren.<br \/>\nFir d\u00ebse Concert voller Nostalgie hu sech zwee Monumenter aus der L\u00ebtzebuerger Kulturzeen zesumme gedoen: de Museker Georges Urwald an den Orchester Luxembourg Philharmonia \u00ebnnert der Direktioun vum Rob K\u00f6ller!<br \/>\nA perfektem Aklang sangen a spille si sech duerch d\u2019L\u00ebtzebuerger Lidderkultur, a propos\u00e9ieren iech esou e beandrockende Potpourri vu Spillmannslidder, \u201e\u00c9iweggr\u00e9nger\u201c aus Kom\u00e9idisst\u00e9cker, bekannte kabarettistesche Lidder a Vinylschlager aus de 60er a 70er Joren. Instrumentalwierker vu verschiddene L\u00ebtzebuerger<\/p>\n<p>&nbsp;<\/p>\n<div class=\"sc_item_button sc_button_wrap\"><a class=\"sc_button sc_button_decoration sc_button_size_large sc_button_icon_left\" href=\"https:\/\/machera.lu\/?tribe_events=letzebuerger-lidderflupp&#038;lang=fr\"><span class=\"sc_button_text\"><span class=\"sc_button_title\">Info \/ Tickets<\/span><\/span><\/a><\/div>\n","protected":false},"author":3,"featured_media":64511,"comment_status":"closed","ping_status":"closed","template":"","meta":{"inline_featured_image":false,"_tribe_events_status":"","_tribe_events_status_reason":"","footnotes":""},"tags":[],"tribe_events_cat":[348],"class_list":["post-64515","tribe_events","type-tribe_events","status-publish","has-post-thumbnail","hentry","tribe_events_cat-concert-fr","cat_concert-fr"],"_links":{"self":[{"href":"https:\/\/machera.lu\/index.php?rest_route=\/wp\/v2\/tribe_events\/64515","targetHints":{"allow":["GET"]}}],"collection":[{"href":"https:\/\/machera.lu\/index.php?rest_route=\/wp\/v2\/tribe_events"}],"about":[{"href":"https:\/\/machera.lu\/index.php?rest_route=\/wp\/v2\/types\/tribe_events"}],"author":[{"embeddable":true,"href":"https:\/\/machera.lu\/index.php?rest_route=\/wp\/v2\/users\/3"}],"replies":[{"embeddable":true,"href":"https:\/\/machera.lu\/index.php?rest_route=%2Fwp%2Fv2%2Fcomments&post=64515"}],"version-history":[{"count":3,"href":"https:\/\/machera.lu\/index.php?rest_route=\/wp\/v2\/tribe_events\/64515\/revisions"}],"predecessor-version":[{"id":65253,"href":"https:\/\/machera.lu\/index.php?rest_route=\/wp\/v2\/tribe_events\/64515\/revisions\/65253"}],"wp:featuredmedia":[{"embeddable":true,"href":"https:\/\/machera.lu\/index.php?rest_route=\/wp\/v2\/media\/64511"}],"wp:attachment":[{"href":"https:\/\/machera.lu\/index.php?rest_route=%2Fwp%2Fv2%2Fmedia&parent=64515"}],"wp:term":[{"taxonomy":"post_tag","embeddable":true,"href":"https:\/\/machera.lu\/index.php?rest_route=%2Fwp%2Fv2%2Ftags&post=64515"},{"taxonomy":"tribe_events_cat","embeddable":true,"href":"https:\/\/machera.lu\/index.php?rest_route=%2Fwp%2Fv2%2Ftribe_events_cat&post=64515"}],"curies":[{"name":"wp","href":"https:\/\/api.w.org\/{rel}","templated":true}]}}

Lëtzebuerger Lidderflupp

<p>En Owend fir lëtzebuergesch Lidder an hirer Zäit kennen­zeléieren, zesummen ze sangen a mateneen ze feieren.</p>
<p>Fir dëse Concert voller Nostalgie hu sech zwee Monument­er aus der Lëtzebuerger Kulturzeen zesumme gedoen: de Museker Georges Urwald an den Orchester Luxembourg Philharmonia ënnert der Direktioun vum Rob Köller!</p>
<p>A perfektem Aklang sangen a spille si sech duerch d’Lët­zebuerger Lidderkultur, a proposéieren iech esou e bean­drockende Potpourri vu Spillmannslidder, „Éiweggrénger“ aus Koméidisstécker, bekannte kabarettistesche Lidder a Vi­nylschlager aus de 60er a 70er Joren. Instrumentalwierker vu verschiddene Lëtzebuerger</p>
<div class="sc_item_button sc_button_wrap" style="text-align: left;"><a class="sc_button sc_button_decoration sc_button_size_large sc_button_icon_left" href="https://www.luxembourg-ticket.lu/fr/details/letzeburger-lidderflupp-mit-dem-orchester-luxembourg-philharmonia/8/eid,68502/letzeburger-lidderflupp-mit-dem-orchester-luxembourg-philharmonia.html"><span class="sc_button_text"><span class="sc_button_title">Tickets</span></span></a></div>
<h6>Les billets pour cet événement peuvent également être achetés à la billetterie du Centre Culturel Machera les mardis et jeudis de 15h à 19h. La billetterie du soir ouvre 2 heures avant l’événement.</h6>

<p>En Owend fir lëtzebuergesch Lidder an hirer Zäit kennenzeléieren, zesummen ze sangen a mateneen ze feieren.<br />
Fir dëse Concert voller Nostalgie hu sech zwee Monumenter aus der Lëtzebuerger Kulturzeen zesumme gedoen: de Museker Georges Urwald an den Orchester Luxembourg Philharmonia ënnert der Direktioun vum Rob Köller!<br />
A perfektem Aklang sangen a spille si sech duerch d’Lëtzebuerger Lidderkultur, a proposéieren iech esou e beandrockende Potpourri vu Spillmannslidder, „Éiweggrénger“ aus Koméidisstécker, bekannte kabarettistesche Lidder a Vinylschlager aus de 60er a 70er Joren. Instrumentalwierker vu verschiddene Lëtzebuerger</p>
<p>&nbsp;</p>
<div class="sc_item_button sc_button_wrap"><a class="sc_button sc_button_decoration sc_button_size_large sc_button_icon_left" href="https://machera.lu/?tribe_events=letzebuerger-lidderflupp&#038;lang=fr"><span class="sc_button_text"><span class="sc_button_title">Info / Tickets</span></span></a></div>
