{"id":64330,"date":"2025-11-04T12:41:19","date_gmt":"2025-11-04T12:41:19","guid":{"rendered":"https:\/\/machera.lu\/?tribe_events=fest-der-freude"},"modified":"2025-11-04T12:46:54","modified_gmt":"2025-11-04T12:46:54","slug":"fest-der-freude","status":"publish","type":"tribe_events","link":"https:\/\/machera.lu\/?tribe_events=fest-der-freude&lang=fr","title":{"rendered":"F\u00eate de la Joie"},"content":{"rendered":"<h3 data-start=\"134\" data-end=\"178\"><img fetchpriority=\"high\" decoding=\"async\" class=\"wp-image-64319 alignright\" src=\"https:\/\/machera.lu\/wp-content\/uploads\/2025\/11\/Affiche-concert-30.11.25-212x300.jpg\" alt=\"\" width=\"438\" height=\"620\" srcset=\"https:\/\/machera.lu\/wp-content\/uploads\/2025\/11\/Affiche-concert-30.11.25-212x300.jpg 212w, https:\/\/machera.lu\/wp-content\/uploads\/2025\/11\/Affiche-concert-30.11.25-724x1024.jpg 724w, https:\/\/machera.lu\/wp-content\/uploads\/2025\/11\/Affiche-concert-30.11.25-768x1086.jpg 768w, https:\/\/machera.lu\/wp-content\/uploads\/2025\/11\/Affiche-concert-30.11.25-1086x1536.jpg 1086w, https:\/\/machera.lu\/wp-content\/uploads\/2025\/11\/Affiche-concert-30.11.25-1448x2048.jpg 1448w, https:\/\/machera.lu\/wp-content\/uploads\/2025\/11\/Affiche-concert-30.11.25-370x523.jpg 370w, https:\/\/machera.lu\/wp-content\/uploads\/2025\/11\/Affiche-concert-30.11.25-840x1188.jpg 840w, https:\/\/machera.lu\/wp-content\/uploads\/2025\/11\/Affiche-concert-30.11.25-410x580.jpg 410w, https:\/\/machera.lu\/wp-content\/uploads\/2025\/11\/Affiche-concert-30.11.25.jpg 1654w\" sizes=\"(max-width: 600px) 100vw, 438px\" \/><\/h3>\n<h3 data-start=\"1048\" data-end=\"1098\"><strong data-start=\"1057\" data-end=\"1096\">F\u00eate de la Joie \u2013 <em data-start=\"1077\" data-end=\"1094\">Navidad Nuestra<\/em><\/strong><\/h3>\n<p data-start=\"1099\" data-end=\"1188\"><strong data-start=\"1099\" data-end=\"1148\">Un No\u00ebl sud-am\u00e9ricain au Machera Grevenmacher<\/strong><br data-start=\"1148\" data-end=\"1151\" \/><strong data-start=\"1151\" data-end=\"1188\">Dimanche 30 novembre 2025 \u2013 17h00<\/strong><\/p>\n<p data-start=\"1190\" data-end=\"1586\">Vivez un concert de No\u00ebl festif et color\u00e9, empreint de chaleur latino-am\u00e9ricaine !<br data-start=\"1272\" data-end=\"1275\" \/>Sous la direction de <strong data-start=\"1296\" data-end=\"1320\">Salome Harms-Sanchez<\/strong>, les deux \u0153uvres embl\u00e9matiques d\u2019<strong data-start=\"1354\" data-end=\"1371\">Ariel Ram\u00edrez<\/strong> \u2013 <em data-start=\"1374\" data-end=\"1388\">Misa Criolla<\/em> et <em data-start=\"1392\" data-end=\"1409\">Navidad Nuestra<\/em> \u2013 feront r\u00e9sonner leurs rythmes entra\u00eenants et leurs harmonies pleines de spiritualit\u00e9.<br data-start=\"1497\" data-end=\"1500\" \/>Une rencontre magique entre musique sacr\u00e9e et traditions populaires d\u2019Am\u00e9rique du Sud.<\/p>\n<p data-start=\"1588\" data-end=\"1666\">Un v\u00e9ritable <em data-start=\"1601\" data-end=\"1618\">Fest der Freude<\/em> \u2013 une c\u00e9l\u00e9bration de la musique et de la joie !<\/p>\n<div class=\"sc_item_button sc_button_wrap\"><a class=\"sc_button sc_button_decoration sc_button_size_large sc_button_icon_left\" href=\"https:\/\/www.luxembourg-ticket.lu\/fr\/details\/suedamerikanische-weihnachten\/8\/nokill,1\/eid,68316\/suedamerikanische-weihnachten.html\"><span class=\"sc_button_text\"><span class=\"sc_button_title\">Tickets<\/span><\/span><\/a><\/div>\n<h6>Les billets pour cet \u00e9v\u00e9nement peuvent \u00e9galement \u00eatre achet\u00e9s \u00e0 la billetterie du Centre Culturel Machera les mardis et jeudis de 15h \u00e0 19h. La billetterie du soir ouvre 2 heures avant l\u2019\u00e9v\u00e9nement.<\/h6>\n","protected":false},"excerpt":{"rendered":"<p>Vivez un concert de No\u00ebl festif et color\u00e9, empreint de chaleur latino-am\u00e9ricaine !<br \/>\nSous la direction de Salome Harms-Sanchez, les deux \u0153uvres embl\u00e9matiques d\u2019Ariel Ram\u00edrez \u2013 Misa Criolla et Navidad Nuestra \u2013 feront r\u00e9sonner leurs rythmes entra\u00eenants et leurs harmonies pleines de spiritualit\u00e9.<br \/>\nUne rencontre magique entre musique sacr\u00e9e et traditions populaires d\u2019Am\u00e9rique du Sud.<\/p>\n<p>&nbsp;<\/p>\n<div class=\"sc_item_button sc_button_wrap\"><a class=\"sc_button sc_button_decoration sc_button_size_large sc_button_icon_left\" href=\" https:\/\/machera.lu\/?tribe_events=fest-der-freude&#038;lang=fr\"><span class=\"sc_button_text\"><span class=\"sc_button_title\">Info \/ Tickets<\/span><\/span><\/a><\/div>\n","protected":false},"author":3,"featured_media":64318,"comment_status":"closed","ping_status":"closed","template":"","meta":{"inline_featured_image":false,"_tribe_events_status":"","_tribe_events_status_reason":"","footnotes":""},"tags":[],"tribe_events_cat":[348],"class_list":["post-64330","tribe_events","type-tribe_events","status-publish","has-post-thumbnail","hentry","tribe_events_cat-concert-fr","cat_concert-fr"],"_links":{"self":[{"href":"https:\/\/machera.lu\/index.php?rest_route=\/wp\/v2\/tribe_events\/64330","targetHints":{"allow":["GET"]}}],"collection":[{"href":"https:\/\/machera.lu\/index.php?rest_route=\/wp\/v2\/tribe_events"}],"about":[{"href":"https:\/\/machera.lu\/index.php?rest_route=\/wp\/v2\/types\/tribe_events"}],"author":[{"embeddable":true,"href":"https:\/\/machera.lu\/index.php?rest_route=\/wp\/v2\/users\/3"}],"replies":[{"embeddable":true,"href":"https:\/\/machera.lu\/index.php?rest_route=%2Fwp%2Fv2%2Fcomments&post=64330"}],"version-history":[{"count":1,"href":"https:\/\/machera.lu\/index.php?rest_route=\/wp\/v2\/tribe_events\/64330\/revisions"}],"predecessor-version":[{"id":64331,"href":"https:\/\/machera.lu\/index.php?rest_route=\/wp\/v2\/tribe_events\/64330\/revisions\/64331"}],"wp:featuredmedia":[{"embeddable":true,"href":"https:\/\/machera.lu\/index.php?rest_route=\/wp\/v2\/media\/64318"}],"wp:attachment":[{"href":"https:\/\/machera.lu\/index.php?rest_route=%2Fwp%2Fv2%2Fmedia&parent=64330"}],"wp:term":[{"taxonomy":"post_tag","embeddable":true,"href":"https:\/\/machera.lu\/index.php?rest_route=%2Fwp%2Fv2%2Ftags&post=64330"},{"taxonomy":"tribe_events_cat","embeddable":true,"href":"https:\/\/machera.lu\/index.php?rest_route=%2Fwp%2Fv2%2Ftribe_events_cat&post=64330"}],"curies":[{"name":"wp","href":"https:\/\/api.w.org\/{rel}","templated":true}]}}

Fête de la Joie

<h3 data-start="134" data-end="178"><img fetchpriority="high" decoding="async" class="wp-image-64319 alignright" src="https://machera.lu/wp-content/uploads/2025/11/Affiche-concert-30.11.25-212x300.jpg" alt="" width="438" height="620" srcset="https://machera.lu/wp-content/uploads/2025/11/Affiche-concert-30.11.25-212x300.jpg 212w, https://machera.lu/wp-content/uploads/2025/11/Affiche-concert-30.11.25-724x1024.jpg 724w, https://machera.lu/wp-content/uploads/2025/11/Affiche-concert-30.11.25-768x1086.jpg 768w, https://machera.lu/wp-content/uploads/2025/11/Affiche-concert-30.11.25-1086x1536.jpg 1086w, https://machera.lu/wp-content/uploads/2025/11/Affiche-concert-30.11.25-1448x2048.jpg 1448w, https://machera.lu/wp-content/uploads/2025/11/Affiche-concert-30.11.25-370x523.jpg 370w, https://machera.lu/wp-content/uploads/2025/11/Affiche-concert-30.11.25-840x1188.jpg 840w, https://machera.lu/wp-content/uploads/2025/11/Affiche-concert-30.11.25-410x580.jpg 410w, https://machera.lu/wp-content/uploads/2025/11/Affiche-concert-30.11.25.jpg 1654w" sizes="(max-width: 600px) 100vw, 438px" /></h3>
<h3 data-start="1048" data-end="1098"><strong data-start="1057" data-end="1096">Fête de la Joie – <em data-start="1077" data-end="1094">Navidad Nuestra</em></strong></h3>
<p data-start="1099" data-end="1188"><strong data-start="1099" data-end="1148">Un Noël sud-américain au Machera Grevenmacher</strong><br data-start="1148" data-end="1151" /><strong data-start="1151" data-end="1188">Dimanche 30 novembre 2025 – 17h00</strong></p>
<p data-start="1190" data-end="1586">Vivez un concert de Noël festif et coloré, empreint de chaleur latino-américaine !<br data-start="1272" data-end="1275" />Sous la direction de <strong data-start="1296" data-end="1320">Salome Harms-Sanchez</strong>, les deux œuvres emblématiques d’<strong data-start="1354" data-end="1371">Ariel Ramírez</strong> – <em data-start="1374" data-end="1388">Misa Criolla</em> et <em data-start="1392" data-end="1409">Navidad Nuestra</em> – feront résonner leurs rythmes entraînants et leurs harmonies pleines de spiritualité.<br data-start="1497" data-end="1500" />Une rencontre magique entre musique sacrée et traditions populaires d’Amérique du Sud.</p>
<p data-start="1588" data-end="1666">Un véritable <em data-start="1601" data-end="1618">Fest der Freude</em> – une célébration de la musique et de la joie !</p>
<div class="sc_item_button sc_button_wrap"><a class="sc_button sc_button_decoration sc_button_size_large sc_button_icon_left" href="https://www.luxembourg-ticket.lu/fr/details/suedamerikanische-weihnachten/8/nokill,1/eid,68316/suedamerikanische-weihnachten.html"><span class="sc_button_text"><span class="sc_button_title">Tickets</span></span></a></div>
<h6>Les billets pour cet événement peuvent également être achetés à la billetterie du Centre Culturel Machera les mardis et jeudis de 15h à 19h. La billetterie du soir ouvre 2 heures avant l’événement.</h6>

<p>Vivez un concert de Noël festif et coloré, empreint de chaleur latino-américaine !<br />
Sous la direction de Salome Harms-Sanchez, les deux œuvres emblématiques d’Ariel Ramírez – Misa Criolla et Navidad Nuestra – feront résonner leurs rythmes entraînants et leurs harmonies pleines de spiritualité.<br />
Une rencontre magique entre musique sacrée et traditions populaires d’Amérique du Sud.</p>
<p>&nbsp;</p>
<div class="sc_item_button sc_button_wrap"><a class="sc_button sc_button_decoration sc_button_size_large sc_button_icon_left" href=" https://machera.lu/?tribe_events=fest-der-freude&#038;lang=fr"><span class="sc_button_text"><span class="sc_button_title">Info / Tickets</span></span></a></div>
