{"id":64198,"date":"2025-10-17T08:43:16","date_gmt":"2025-10-17T08:43:16","guid":{"rendered":"https:\/\/machera.lu\/?post_type=tribe_events&#038;p=64198"},"modified":"2025-10-17T08:45:30","modified_gmt":"2025-10-17T08:45:30","slug":"the-simon-garfunkel-revival-band","status":"publish","type":"tribe_events","link":"https:\/\/machera.lu\/?tribe_events=the-simon-garfunkel-revival-band","title":{"rendered":"The Simon &#038; Garfunkel Revival Band"},"content":{"rendered":"<p><strong>The Simon &amp; Garfunkel Revival Band<\/strong><\/p>\n<p><strong>Die gr\u00f6\u00dften Hits des Kult-Duos<\/strong><\/p>\n<p><strong>31. Januar 2026, 20 Uhr, Grevenmacher, Centre Culturel Machera<\/strong><\/p>\n<p>Wer lieferte den Soundtrack der 1970er Jahre? Das amerikanische Duo Simon &amp; Garfunkel geh\u00f6rt mit Sicherheit dazu. Ihre unvergessene Musik l\u00e4sst die Simon &amp; Garfunkel Revival Band aufleben. Am 31. Januar 2026 gastiert sie im Centre Culturel Machera in Grevenmacher.<\/p>\n<p>In ihrem Programm pr\u00e4sentiert die Band die sch\u00f6nsten Songs des Kult-Duos, schlicht deren gr\u00f6\u00dften ewig lebendigen Hits. Traumhafte, leidenschaftliche Balladen wie \u201eScarborough Fair\u201c oder \u201eBright Eyes\u201c, Klassiker wie \u201eMrs. Robinson\u201c, \u201eThe Boxer\u201c oder \u201eThe Sound Of Silence\u201c geh\u00f6ren ebenso fest zum Repertoire wie das mitrei\u00dfende \u201eCecilia\u201c oder \u201eEl Condor Pasa\u201c. Und auch einige Hit-Perlen aus der Zeit nach der Trennung des Duos, als Paul Simon und Art Garfunkel auf getrennten Wegen erfolgreich waren, geh\u00f6ren zum Programm.<\/p>\n<p>Einfach nur Nachspielen \u2013 das war den beiden eingefleischten Simon &amp; Garfunkel-Fans Michael Frank (Gesang, Gitarre) und Guido Reuter (Gesang, Geige, Fl\u00f6te und Klavier) zu wenig. Also holten sie sich Sebastian Fritzlar (Gitarre, Klavier, Trommel und Bass), Mirko Sturm (Percussions und Schlagzeug) sowie Sven Lieser (Gitarre) an ihre Seite. Zu f\u00fcnft gelingt es den Musikern, die vielen kleinen musikalischen Raffinessen live auf die B\u00fchne zu zaubern, f\u00fcr die Simon &amp; Garfunkel so sehr geliebt werden. Dominierend ist stets der markante zweistimmige Gesang. Die Grenzen zwischen Original und Kopie verschwimmen. Die Band schafft den Spagat aus vollendetem Cover und eigener Interpretation so authentisch, dass das Publikum in einen regelrechten Sog zwischen ihre sehr rhythmischen und den gef\u00fchlvollen Nummern ger\u00e4t.<\/p>\n<div class=\"sc_item_button sc_button_wrap\"><a class=\"sc_button sc_button_decoration sc_button_size_large sc_button_icon_left\" href=\"https:\/\/www.luxembourg-ticket.lu\/fr\/details\/simon-garfunkel-revival-band\/8\/nokill,1\/eid,67907\/simon-garfunkel-revival-band.html\"><span class=\"sc_button_text\"><span class=\"sc_button_title\">Tickets<\/span><\/span><\/a><\/div>\n<h6>Tickets zu diesem Event k\u00f6nnen ebenfalls dienstags und donnerstags von 15 &#8211; 19 Uhr an der Kasse im Kulturzentrum Machera gekauft werden. Die Abendkasse \u00f6ffnet 2 Stunden vor dem Event.<\/h6>\n<p>&nbsp;<\/p>\n","protected":false},"excerpt":{"rendered":"<p>In ihrem Programm pr\u00e4sentiert die Band die sch\u00f6nsten Songs des Kult-Duos, schlicht deren gr\u00f6\u00dften ewig lebendigen Hits. Traumhafte, leidenschaftliche Balladen wie \u201eScarborough Fair\u201c oder \u201eBright Eyes\u201c, Klassiker wie \u201eMrs. Robinson\u201c, \u201eThe Boxer\u201c oder \u201eThe Sound Of Silence\u201c geh\u00f6ren ebenso fest zum Repertoire wie das mitrei\u00dfende \u201eCecilia\u201c oder \u201eEl Condor Pasa\u201c. Und auch einige Hit-Perlen aus der Zeit nach der Trennung des Duos, als Paul Simon und Art Garfunkel auf getrennten Wegen erfolgreich waren, geh\u00f6ren zum Programm.<\/p>\n<p>&nbsp;<\/p>\n<div class=\"sc_item_button sc_button_wrap\"><a class=\"sc_button sc_button_decoration sc_button_size_large sc_button_icon_left\" href=\"https:\/\/machera.lu\/?tribe_events=the-simon-garfunkel-revival-band\"><span class=\"sc_button_text\"><span class=\"sc_button_title\">Info \/ Tickets<\/span><\/span><\/a><\/div>\n","protected":false},"author":3,"featured_media":64197,"comment_status":"closed","ping_status":"closed","template":"","meta":{"inline_featured_image":false,"_tribe_events_status":"","_tribe_events_status_reason":"","footnotes":""},"tags":[],"tribe_events_cat":[346],"class_list":["post-64198","tribe_events","type-tribe_events","status-publish","has-post-thumbnail","hentry","tribe_events_cat-concert-2","cat_concert-2"],"_links":{"self":[{"href":"https:\/\/machera.lu\/index.php?rest_route=\/wp\/v2\/tribe_events\/64198","targetHints":{"allow":["GET"]}}],"collection":[{"href":"https:\/\/machera.lu\/index.php?rest_route=\/wp\/v2\/tribe_events"}],"about":[{"href":"https:\/\/machera.lu\/index.php?rest_route=\/wp\/v2\/types\/tribe_events"}],"author":[{"embeddable":true,"href":"https:\/\/machera.lu\/index.php?rest_route=\/wp\/v2\/users\/3"}],"replies":[{"embeddable":true,"href":"https:\/\/machera.lu\/index.php?rest_route=%2Fwp%2Fv2%2Fcomments&post=64198"}],"version-history":[{"count":3,"href":"https:\/\/machera.lu\/index.php?rest_route=\/wp\/v2\/tribe_events\/64198\/revisions"}],"predecessor-version":[{"id":64205,"href":"https:\/\/machera.lu\/index.php?rest_route=\/wp\/v2\/tribe_events\/64198\/revisions\/64205"}],"wp:featuredmedia":[{"embeddable":true,"href":"https:\/\/machera.lu\/index.php?rest_route=\/wp\/v2\/media\/64197"}],"wp:attachment":[{"href":"https:\/\/machera.lu\/index.php?rest_route=%2Fwp%2Fv2%2Fmedia&parent=64198"}],"wp:term":[{"taxonomy":"post_tag","embeddable":true,"href":"https:\/\/machera.lu\/index.php?rest_route=%2Fwp%2Fv2%2Ftags&post=64198"},{"taxonomy":"tribe_events_cat","embeddable":true,"href":"https:\/\/machera.lu\/index.php?rest_route=%2Fwp%2Fv2%2Ftribe_events_cat&post=64198"}],"curies":[{"name":"wp","href":"https:\/\/api.w.org\/{rel}","templated":true}]}}

<p><strong>The Simon &amp; Garfunkel Revival Band</strong></p>
<p><strong>Die größten Hits des Kult-Duos</strong></p>
<p><strong>31. Januar 2026, 20 Uhr, Grevenmacher, Centre Culturel Machera</strong></p>
<p>Wer lieferte den Soundtrack der 1970er Jahre? Das amerikanische Duo Simon &amp; Garfunkel gehört mit Sicherheit dazu. Ihre unvergessene Musik lässt die Simon &amp; Garfunkel Revival Band aufleben. Am 31. Januar 2026 gastiert sie im Centre Culturel Machera in Grevenmacher.</p>
<p>In ihrem Programm präsentiert die Band die schönsten Songs des Kult-Duos, schlicht deren größten ewig lebendigen Hits. Traumhafte, leidenschaftliche Balladen wie „Scarborough Fair“ oder „Bright Eyes“, Klassiker wie „Mrs. Robinson“, „The Boxer“ oder „The Sound Of Silence“ gehören ebenso fest zum Repertoire wie das mitreißende „Cecilia“ oder „El Condor Pasa“. Und auch einige Hit-Perlen aus der Zeit nach der Trennung des Duos, als Paul Simon und Art Garfunkel auf getrennten Wegen erfolgreich waren, gehören zum Programm.</p>
<p>Einfach nur Nachspielen – das war den beiden eingefleischten Simon &amp; Garfunkel-Fans Michael Frank (Gesang, Gitarre) und Guido Reuter (Gesang, Geige, Flöte und Klavier) zu wenig. Also holten sie sich Sebastian Fritzlar (Gitarre, Klavier, Trommel und Bass), Mirko Sturm (Percussions und Schlagzeug) sowie Sven Lieser (Gitarre) an ihre Seite. Zu fünft gelingt es den Musikern, die vielen kleinen musikalischen Raffinessen live auf die Bühne zu zaubern, für die Simon &amp; Garfunkel so sehr geliebt werden. Dominierend ist stets der markante zweistimmige Gesang. Die Grenzen zwischen Original und Kopie verschwimmen. Die Band schafft den Spagat aus vollendetem Cover und eigener Interpretation so authentisch, dass das Publikum in einen regelrechten Sog zwischen ihre sehr rhythmischen und den gefühlvollen Nummern gerät.</p>
<div class="sc_item_button sc_button_wrap"><a class="sc_button sc_button_decoration sc_button_size_large sc_button_icon_left" href="https://www.luxembourg-ticket.lu/fr/details/simon-garfunkel-revival-band/8/nokill,1/eid,67907/simon-garfunkel-revival-band.html"><span class="sc_button_text"><span class="sc_button_title">Tickets</span></span></a></div>
<h6>Tickets zu diesem Event können ebenfalls dienstags und donnerstags von 15 &#8211; 19 Uhr an der Kasse im Kulturzentrum Machera gekauft werden. Die Abendkasse öffnet 2 Stunden vor dem Event.</h6>
<p>&nbsp;</p>

<p>In ihrem Programm präsentiert die Band die schönsten Songs des Kult-Duos, schlicht deren größten ewig lebendigen Hits. Traumhafte, leidenschaftliche Balladen wie „Scarborough Fair“ oder „Bright Eyes“, Klassiker wie „Mrs. Robinson“, „The Boxer“ oder „The Sound Of Silence“ gehören ebenso fest zum Repertoire wie das mitreißende „Cecilia“ oder „El Condor Pasa“. Und auch einige Hit-Perlen aus der Zeit nach der Trennung des Duos, als Paul Simon und Art Garfunkel auf getrennten Wegen erfolgreich waren, gehören zum Programm.</p>
<p>&nbsp;</p>
<div class="sc_item_button sc_button_wrap"><a class="sc_button sc_button_decoration sc_button_size_large sc_button_icon_left" href="https://machera.lu/?tribe_events=the-simon-garfunkel-revival-band"><span class="sc_button_text"><span class="sc_button_title">Info / Tickets</span></span></a></div>
