{"id":64166,"date":"2025-10-13T12:15:03","date_gmt":"2025-10-13T12:15:03","guid":{"rendered":"https:\/\/machera.lu\/?tribe_events=come-together"},"modified":"2025-10-13T12:24:20","modified_gmt":"2025-10-13T12:24:20","slug":"come-together","status":"publish","type":"tribe_events","link":"https:\/\/machera.lu\/?tribe_events=come-together&lang=fr","title":{"rendered":"Come together"},"content":{"rendered":"<h4>Soir\u00e9e quiz passionnante dans la commune de Grevenmacher\u00a0!<\/h4>\n<h6>Le 12 novembre prochain, 33 \u00e9quipes de six personnes au Centre Culturel Machera pour un moment tr\u00e8s attendu !<\/h6>\n<p>Tester ses connaissances en \u00e9quipe, avec des amis, la famille, des voisins ou des coll\u00e8gues d&#8217;association est une activit\u00e9 divertissante, qui permet d\u2019augmenter son savoir et contribue \u00e0 la cohabitation interculturelle.<\/p>\n<p>Le 12 novembre, les habitants de la commune de Grevenmacher pourront se r\u00e9jouir d&#8217;une telle soir\u00e9e de quiz. Les connaissances dans diff\u00e9rentes cat\u00e9gories telles que l&#8217;actualit\u00e9 luxembourgeoise et internationale, le sport et la culture, les stars et autre VIP, l&#8217;histoire ou encore la t\u00e9l\u00e9vision et le cin\u00e9ma seront test\u00e9es. De plus, un focus sur la commune compl\u00e8tera les 60 questions. La soir\u00e9e sera anim\u00e9e par Klot Kieffer, connu pour son \u00e9mission \u00ab Quiz mam Klot \u00bb. L&#8217;essentiel est de participer et de tester ensemble ses connaissances\u00a0!<\/p>\n<p><strong>Une recette \u00e0 succ\u00e8s<\/strong><\/p>\n<p>De telles soir\u00e9es quiz se sont entre-temps \u00e9tablies dans de nombreuses communes, faisant partie int\u00e9grante du calendrier des manifestations locales. L&#8217;administration communale de Grevenmacher propose cette soir\u00e9e quiz en trois langues (luxembourgeois, fran\u00e7ais et anglais) avec le soutien des supports presse Luxemburger Wort, Virgule, Contacto et Luxembourg Times. Au total, il convient de pr\u00e9voir environ trois heures pour la soir\u00e9e, pauses comprises. La participation est enti\u00e8rement gratuite, tout comme les boissons et petits canap\u00e9s mis \u00e0 disposition.<\/p>\n<p>En raison de la forte demande, le nombre d&#8217;inscriptions d\u00e9passe g\u00e9n\u00e9ralement le nombre de tables disponibles. C&#8217;est pourquoi, \u00e0 l&#8217;issue du d\u00e9lai d&#8217;inscription, un tirage au sort sera effectu\u00e9 et les heureuses \u00e9quipes gagnantes seront inform\u00e9es par \u00e9crit. Chaque \u00e9quipe sera compos\u00e9e de six personnes, l&#8217;inscription \u00e9tant effectu\u00e9e par une personne responsable. La pr\u00e9f\u00e9rence sera bien entendu donn\u00e9e aux \u00e9quipes de la commune de Grevenmacher.<\/p>\n<p><strong>Cliquez ici pour vous inscrire.<\/strong><\/p>\n<p><img decoding=\"async\" class=\"wp-image-64153 alignleft\" src=\"https:\/\/machera.lu\/wp-content\/uploads\/2025\/10\/QR-Code-285x300.jpg\" alt=\"\" width=\"200\" height=\"211\" srcset=\"https:\/\/machera.lu\/wp-content\/uploads\/2025\/10\/QR-Code-285x300.jpg 285w, https:\/\/machera.lu\/wp-content\/uploads\/2025\/10\/QR-Code.jpg 342w\" sizes=\"(max-width: 200px) 100vw, 200px\" \/>\u00a0 \u00a0 \u00a0\u00a0 <a href=\"https:\/\/www.wort.lu\/sponsoredcontent\/spannender-quizabend-in-der-gemeinde-grevenmacher\/94309593.html\"><img decoding=\"async\" class=\"wp-image-64156 alignleft\" src=\"https:\/\/machera.lu\/wp-content\/uploads\/2025\/10\/Come-together-A4-5mm-bleed-212x300.jpg\" alt=\"\" width=\"147\" height=\"208\" srcset=\"https:\/\/machera.lu\/wp-content\/uploads\/2025\/10\/Come-together-A4-5mm-bleed-212x300.jpg 212w, https:\/\/machera.lu\/wp-content\/uploads\/2025\/10\/Come-together-A4-5mm-bleed-724x1024.jpg 724w, https:\/\/machera.lu\/wp-content\/uploads\/2025\/10\/Come-together-A4-5mm-bleed-768x1086.jpg 768w, https:\/\/machera.lu\/wp-content\/uploads\/2025\/10\/Come-together-A4-5mm-bleed-1086x1536.jpg 1086w, https:\/\/machera.lu\/wp-content\/uploads\/2025\/10\/Come-together-A4-5mm-bleed-1448x2048.jpg 1448w, https:\/\/machera.lu\/wp-content\/uploads\/2025\/10\/Come-together-A4-5mm-bleed-370x523.jpg 370w, https:\/\/machera.lu\/wp-content\/uploads\/2025\/10\/Come-together-A4-5mm-bleed-840x1188.jpg 840w, https:\/\/machera.lu\/wp-content\/uploads\/2025\/10\/Come-together-A4-5mm-bleed-410x580.jpg 410w, https:\/\/machera.lu\/wp-content\/uploads\/2025\/10\/Come-together-A4-5mm-bleed-scaled.jpg 1810w\" sizes=\"(max-width: 147px) 100vw, 147px\" \/><\/a><\/p>\n","protected":false},"excerpt":{"rendered":"<p>Le 12 novembre, les habitants de la commune de Grevenmacher pourront se r\u00e9jouir d&#8217;une telle soir\u00e9e de quiz. Les connaissances dans diff\u00e9rentes cat\u00e9gories telles que l&#8217;actualit\u00e9 luxembourgeoise et internationale, le sport et la culture, les stars et autre VIP, l&#8217;histoire ou encore la t\u00e9l\u00e9vision et le cin\u00e9ma seront test\u00e9es. De plus, un focus sur la commune compl\u00e8tera les 60 questions. La soir\u00e9e sera anim\u00e9e par Klot Kieffer, connu pour son \u00e9mission \u00ab Quiz mam Klot \u00bb. L&#8217;essentiel est de participer et de tester ensemble ses connaissances\u00a0!<\/p>\n<p>&nbsp;<\/p>\n<div class=\"sc_item_button sc_button_wrap\"><a class=\"sc_button sc_button_decoration sc_button_size_large sc_button_icon_left\" href=\"https:\/\/machera.lu\/?tribe_events=come-together&#038;lang=fr\"><span class=\"sc_button_text\"><span class=\"sc_button_title\">Info \/ Tickets<\/span><\/span><\/a><\/div>\n","protected":false},"author":3,"featured_media":64161,"comment_status":"closed","ping_status":"closed","template":"","meta":{"inline_featured_image":false,"_tribe_events_status":"","_tribe_events_status_reason":"","footnotes":""},"tags":[],"tribe_events_cat":[350],"class_list":["post-64166","tribe_events","type-tribe_events","status-publish","has-post-thumbnail","hentry","tribe_events_cat-conference-fr","cat_conference-fr"],"_links":{"self":[{"href":"https:\/\/machera.lu\/index.php?rest_route=\/wp\/v2\/tribe_events\/64166","targetHints":{"allow":["GET"]}}],"collection":[{"href":"https:\/\/machera.lu\/index.php?rest_route=\/wp\/v2\/tribe_events"}],"about":[{"href":"https:\/\/machera.lu\/index.php?rest_route=\/wp\/v2\/types\/tribe_events"}],"author":[{"embeddable":true,"href":"https:\/\/machera.lu\/index.php?rest_route=\/wp\/v2\/users\/3"}],"replies":[{"embeddable":true,"href":"https:\/\/machera.lu\/index.php?rest_route=%2Fwp%2Fv2%2Fcomments&post=64166"}],"version-history":[{"count":3,"href":"https:\/\/machera.lu\/index.php?rest_route=\/wp\/v2\/tribe_events\/64166\/revisions"}],"predecessor-version":[{"id":64172,"href":"https:\/\/machera.lu\/index.php?rest_route=\/wp\/v2\/tribe_events\/64166\/revisions\/64172"}],"wp:featuredmedia":[{"embeddable":true,"href":"https:\/\/machera.lu\/index.php?rest_route=\/wp\/v2\/media\/64161"}],"wp:attachment":[{"href":"https:\/\/machera.lu\/index.php?rest_route=%2Fwp%2Fv2%2Fmedia&parent=64166"}],"wp:term":[{"taxonomy":"post_tag","embeddable":true,"href":"https:\/\/machera.lu\/index.php?rest_route=%2Fwp%2Fv2%2Ftags&post=64166"},{"taxonomy":"tribe_events_cat","embeddable":true,"href":"https:\/\/machera.lu\/index.php?rest_route=%2Fwp%2Fv2%2Ftribe_events_cat&post=64166"}],"curies":[{"name":"wp","href":"https:\/\/api.w.org\/{rel}","templated":true}]}}

<h4>Soirée quiz passionnante dans la commune de Grevenmacher !</h4>
<h6>Le 12 novembre prochain, 33 équipes de six personnes au Centre Culturel Machera pour un moment très attendu !</h6>
<p>Tester ses connaissances en équipe, avec des amis, la famille, des voisins ou des collègues d&#8217;association est une activité divertissante, qui permet d’augmenter son savoir et contribue à la cohabitation interculturelle.</p>
<p>Le 12 novembre, les habitants de la commune de Grevenmacher pourront se réjouir d&#8217;une telle soirée de quiz. Les connaissances dans différentes catégories telles que l&#8217;actualité luxembourgeoise et internationale, le sport et la culture, les stars et autre VIP, l&#8217;histoire ou encore la télévision et le cinéma seront testées. De plus, un focus sur la commune complètera les 60 questions. La soirée sera animée par Klot Kieffer, connu pour son émission « Quiz mam Klot ». L&#8217;essentiel est de participer et de tester ensemble ses connaissances !</p>
<p><strong>Une recette à succès</strong></p>
<p>De telles soirées quiz se sont entre-temps établies dans de nombreuses communes, faisant partie intégrante du calendrier des manifestations locales. L&#8217;administration communale de Grevenmacher propose cette soirée quiz en trois langues (luxembourgeois, français et anglais) avec le soutien des supports presse Luxemburger Wort, Virgule, Contacto et Luxembourg Times. Au total, il convient de prévoir environ trois heures pour la soirée, pauses comprises. La participation est entièrement gratuite, tout comme les boissons et petits canapés mis à disposition.</p>
<p>En raison de la forte demande, le nombre d&#8217;inscriptions dépasse généralement le nombre de tables disponibles. C&#8217;est pourquoi, à l&#8217;issue du délai d&#8217;inscription, un tirage au sort sera effectué et les heureuses équipes gagnantes seront informées par écrit. Chaque équipe sera composée de six personnes, l&#8217;inscription étant effectuée par une personne responsable. La préférence sera bien entendu donnée aux équipes de la commune de Grevenmacher.</p>
<p><strong>Cliquez ici pour vous inscrire.</strong></p>
<p><img decoding="async" class="wp-image-64153 alignleft" src="https://machera.lu/wp-content/uploads/2025/10/QR-Code-285x300.jpg" alt="" width="200" height="211" srcset="https://machera.lu/wp-content/uploads/2025/10/QR-Code-285x300.jpg 285w, https://machera.lu/wp-content/uploads/2025/10/QR-Code.jpg 342w" sizes="(max-width: 200px) 100vw, 200px" />       <a href="https://www.wort.lu/sponsoredcontent/spannender-quizabend-in-der-gemeinde-grevenmacher/94309593.html"><img decoding="async" class="wp-image-64156 alignleft" src="https://machera.lu/wp-content/uploads/2025/10/Come-together-A4-5mm-bleed-212x300.jpg" alt="" width="147" height="208" srcset="https://machera.lu/wp-content/uploads/2025/10/Come-together-A4-5mm-bleed-212x300.jpg 212w, https://machera.lu/wp-content/uploads/2025/10/Come-together-A4-5mm-bleed-724x1024.jpg 724w, https://machera.lu/wp-content/uploads/2025/10/Come-together-A4-5mm-bleed-768x1086.jpg 768w, https://machera.lu/wp-content/uploads/2025/10/Come-together-A4-5mm-bleed-1086x1536.jpg 1086w, https://machera.lu/wp-content/uploads/2025/10/Come-together-A4-5mm-bleed-1448x2048.jpg 1448w, https://machera.lu/wp-content/uploads/2025/10/Come-together-A4-5mm-bleed-370x523.jpg 370w, https://machera.lu/wp-content/uploads/2025/10/Come-together-A4-5mm-bleed-840x1188.jpg 840w, https://machera.lu/wp-content/uploads/2025/10/Come-together-A4-5mm-bleed-410x580.jpg 410w, https://machera.lu/wp-content/uploads/2025/10/Come-together-A4-5mm-bleed-scaled.jpg 1810w" sizes="(max-width: 147px) 100vw, 147px" /></a></p>

<p>Le 12 novembre, les habitants de la commune de Grevenmacher pourront se réjouir d&#8217;une telle soirée de quiz. Les connaissances dans différentes catégories telles que l&#8217;actualité luxembourgeoise et internationale, le sport et la culture, les stars et autre VIP, l&#8217;histoire ou encore la télévision et le cinéma seront testées. De plus, un focus sur la commune complètera les 60 questions. La soirée sera animée par Klot Kieffer, connu pour son émission « Quiz mam Klot ». L&#8217;essentiel est de participer et de tester ensemble ses connaissances !</p>
<p>&nbsp;</p>
<div class="sc_item_button sc_button_wrap"><a class="sc_button sc_button_decoration sc_button_size_large sc_button_icon_left" href="https://machera.lu/?tribe_events=come-together&#038;lang=fr"><span class="sc_button_text"><span class="sc_button_title">Info / Tickets</span></span></a></div>
