{"id":64145,"date":"2025-10-10T07:19:28","date_gmt":"2025-10-10T07:19:28","guid":{"rendered":"https:\/\/machera.lu\/?tribe_events=book-presentation-cave-72-fann-attiki"},"modified":"2025-10-10T07:25:20","modified_gmt":"2025-10-10T07:25:20","slug":"book-presentation-cave-72-fann-attiki","status":"publish","type":"tribe_events","link":"https:\/\/machera.lu\/?tribe_events=book-presentation-cave-72-fann-attiki&lang=en","title":{"rendered":"Book Presentation &#8222;Cave 72&#8220;  &#8211; Fann Attiki"},"content":{"rendered":"<p>L\u00ebtz Art asbl, en partenariat avec l&#8217;Institut Pierre Werner, a l&#8217;honneur de vous inviter \u00e0 la pr\u00e9sentation du roman \u00ab Cave 72 \u00bb de l&#8217;auteur congolais Fann Attiki.<\/p>\n<p>L&#8217;\u00e9v\u00e9nement se d\u00e9roulera en fran\u00e7ais et en anglais.<\/p>\n<p>Programme :<\/p>\n<ul>\n<li>Un dialogue entre Fann Attiki et Uyi Nosa-Odia UNO<\/li>\n<li>Une performance de slam po\u00e9sie par Fann Attiki<\/li>\n<li>Une session de questions-r\u00e9ponses<\/li>\n<li>Vente et s\u00e9ance de d\u00e9dicaces du livre<\/li>\n<li>Networking et vin d&#8217;honneur<\/li>\n<\/ul>\n<p>\u00ab Cave 72 \u00bb a \u00e9t\u00e9 salu\u00e9 pour son originalit\u00e9 et pour sa voix puissante dans la litt\u00e9rature contemporaine. Cette soir\u00e9e offre une occasion unique de d\u00e9couvrir l&#8217;\u0153uvre de l&#8217;auteur et de participer \u00e0 un riche \u00e9change interculturel.<\/p>\n<p>Le vin d&#8217;honneur est g\u00e9n\u00e9reusement sponsoris\u00e9 par la Ville de Grevenmacher.<\/p>\n<p>\u2728 L&#8217;entr\u00e9e est gratuite, merci de vous inscrire en avance.<br \/>\n\ud83d\udc49\u00a0<a href=\"https:\/\/www.letzart.lu\/events-1\/fann-attiki-meets-uyi-nosa-odia-an-evening-of-stories-books-and-inspiration\">Inscrivez-vous ici\u00a0<\/a><\/p>\n<p>&nbsp;<\/p>\n<p><img fetchpriority=\"high\" decoding=\"async\" class=\" wp-image-64136 aligncenter\" src=\"https:\/\/machera.lu\/wp-content\/uploads\/2025\/10\/B43DF7E2-F0A1-4095-9F7D-9EF4A1BA92A6-240x300.jpeg\" alt=\"\" width=\"326\" height=\"408\" srcset=\"https:\/\/machera.lu\/wp-content\/uploads\/2025\/10\/B43DF7E2-F0A1-4095-9F7D-9EF4A1BA92A6-240x300.jpeg 240w, https:\/\/machera.lu\/wp-content\/uploads\/2025\/10\/B43DF7E2-F0A1-4095-9F7D-9EF4A1BA92A6-820x1024.jpeg 820w, https:\/\/machera.lu\/wp-content\/uploads\/2025\/10\/B43DF7E2-F0A1-4095-9F7D-9EF4A1BA92A6-768x959.jpeg 768w, https:\/\/machera.lu\/wp-content\/uploads\/2025\/10\/B43DF7E2-F0A1-4095-9F7D-9EF4A1BA92A6-370x462.jpeg 370w, https:\/\/machera.lu\/wp-content\/uploads\/2025\/10\/B43DF7E2-F0A1-4095-9F7D-9EF4A1BA92A6-840x1049.jpeg 840w, https:\/\/machera.lu\/wp-content\/uploads\/2025\/10\/B43DF7E2-F0A1-4095-9F7D-9EF4A1BA92A6-410x512.jpeg 410w, https:\/\/machera.lu\/wp-content\/uploads\/2025\/10\/B43DF7E2-F0A1-4095-9F7D-9EF4A1BA92A6.jpeg 1080w\" sizes=\"(max-width: 600px) 100vw, 326px\" \/><\/p>\n","protected":false},"excerpt":{"rendered":"<p>L\u00ebtz Art asbl, en partenariat avec l&#8217;Institut Pierre Werner, a l&#8217;honneur de vous inviter \u00e0 la pr\u00e9sentation du roman \u00ab Cave 72 \u00bb de l&#8217;auteur congolais Fann Attiki.<\/p>\n<p>L&#8217;\u00e9v\u00e9nement se d\u00e9roulera en fran\u00e7ais et en anglais.<\/p>\n<p>&nbsp;<\/p>\n<div class=\"sc_item_button sc_button_wrap\"><a class=\"sc_button sc_button_decoration sc_button_size_large sc_button_icon_left\" href=\"https:\/\/machera.lu\/?tribe_events=book-presentation-cave-72-fann-attiki=en\"><span class=\"sc_button_text\"><span class=\"sc_button_title\">Info \/ Tickets<\/span><\/span><\/a><\/div>\n","protected":false},"author":3,"featured_media":64139,"comment_status":"closed","ping_status":"closed","template":"","meta":{"inline_featured_image":false,"_tribe_events_status":"","_tribe_events_status_reason":"","footnotes":""},"tags":[],"tribe_events_cat":[349],"class_list":["post-64145","tribe_events","type-tribe_events","status-publish","has-post-thumbnail","hentry","tribe_events_cat-conference-en","cat_conference-en"],"_links":{"self":[{"href":"https:\/\/machera.lu\/index.php?rest_route=\/wp\/v2\/tribe_events\/64145","targetHints":{"allow":["GET"]}}],"collection":[{"href":"https:\/\/machera.lu\/index.php?rest_route=\/wp\/v2\/tribe_events"}],"about":[{"href":"https:\/\/machera.lu\/index.php?rest_route=\/wp\/v2\/types\/tribe_events"}],"author":[{"embeddable":true,"href":"https:\/\/machera.lu\/index.php?rest_route=\/wp\/v2\/users\/3"}],"replies":[{"embeddable":true,"href":"https:\/\/machera.lu\/index.php?rest_route=%2Fwp%2Fv2%2Fcomments&post=64145"}],"version-history":[{"count":2,"href":"https:\/\/machera.lu\/index.php?rest_route=\/wp\/v2\/tribe_events\/64145\/revisions"}],"predecessor-version":[{"id":64149,"href":"https:\/\/machera.lu\/index.php?rest_route=\/wp\/v2\/tribe_events\/64145\/revisions\/64149"}],"wp:featuredmedia":[{"embeddable":true,"href":"https:\/\/machera.lu\/index.php?rest_route=\/wp\/v2\/media\/64139"}],"wp:attachment":[{"href":"https:\/\/machera.lu\/index.php?rest_route=%2Fwp%2Fv2%2Fmedia&parent=64145"}],"wp:term":[{"taxonomy":"post_tag","embeddable":true,"href":"https:\/\/machera.lu\/index.php?rest_route=%2Fwp%2Fv2%2Ftags&post=64145"},{"taxonomy":"tribe_events_cat","embeddable":true,"href":"https:\/\/machera.lu\/index.php?rest_route=%2Fwp%2Fv2%2Ftribe_events_cat&post=64145"}],"curies":[{"name":"wp","href":"https:\/\/api.w.org\/{rel}","templated":true}]}}

<p>Lëtz Art asbl, en partenariat avec l&#8217;Institut Pierre Werner, a l&#8217;honneur de vous inviter à la présentation du roman « Cave 72 » de l&#8217;auteur congolais Fann Attiki.</p>
<p>L&#8217;événement se déroulera en français et en anglais.</p>
<p>Programme :</p>
<ul>
<li>Un dialogue entre Fann Attiki et Uyi Nosa-Odia UNO</li>
<li>Une performance de slam poésie par Fann Attiki</li>
<li>Une session de questions-réponses</li>
<li>Vente et séance de dédicaces du livre</li>
<li>Networking et vin d&#8217;honneur</li>
</ul>
<p>« Cave 72 » a été salué pour son originalité et pour sa voix puissante dans la littérature contemporaine. Cette soirée offre une occasion unique de découvrir l&#8217;œuvre de l&#8217;auteur et de participer à un riche échange interculturel.</p>
<p>Le vin d&#8217;honneur est généreusement sponsorisé par la Ville de Grevenmacher.</p>
<p>✨ L&#8217;entrée est gratuite, merci de vous inscrire en avance.<br />
👉 <a href="https://www.letzart.lu/events-1/fann-attiki-meets-uyi-nosa-odia-an-evening-of-stories-books-and-inspiration">Inscrivez-vous ici </a></p>
<p>&nbsp;</p>
<p><img fetchpriority="high" decoding="async" class=" wp-image-64136 aligncenter" src="https://machera.lu/wp-content/uploads/2025/10/B43DF7E2-F0A1-4095-9F7D-9EF4A1BA92A6-240x300.jpeg" alt="" width="326" height="408" srcset="https://machera.lu/wp-content/uploads/2025/10/B43DF7E2-F0A1-4095-9F7D-9EF4A1BA92A6-240x300.jpeg 240w, https://machera.lu/wp-content/uploads/2025/10/B43DF7E2-F0A1-4095-9F7D-9EF4A1BA92A6-820x1024.jpeg 820w, https://machera.lu/wp-content/uploads/2025/10/B43DF7E2-F0A1-4095-9F7D-9EF4A1BA92A6-768x959.jpeg 768w, https://machera.lu/wp-content/uploads/2025/10/B43DF7E2-F0A1-4095-9F7D-9EF4A1BA92A6-370x462.jpeg 370w, https://machera.lu/wp-content/uploads/2025/10/B43DF7E2-F0A1-4095-9F7D-9EF4A1BA92A6-840x1049.jpeg 840w, https://machera.lu/wp-content/uploads/2025/10/B43DF7E2-F0A1-4095-9F7D-9EF4A1BA92A6-410x512.jpeg 410w, https://machera.lu/wp-content/uploads/2025/10/B43DF7E2-F0A1-4095-9F7D-9EF4A1BA92A6.jpeg 1080w" sizes="(max-width: 600px) 100vw, 326px" /></p>

<p>Lëtz Art asbl, en partenariat avec l&#8217;Institut Pierre Werner, a l&#8217;honneur de vous inviter à la présentation du roman « Cave 72 » de l&#8217;auteur congolais Fann Attiki.</p>
<p>L&#8217;événement se déroulera en français et en anglais.</p>
<p>&nbsp;</p>
<div class="sc_item_button sc_button_wrap"><a class="sc_button sc_button_decoration sc_button_size_large sc_button_icon_left" href="https://machera.lu/?tribe_events=book-presentation-cave-72-fann-attiki=en"><span class="sc_button_text"><span class="sc_button_title">Info / Tickets</span></span></a></div>
