{"id":64093,"date":"2025-08-21T15:24:32","date_gmt":"2025-08-21T15:24:32","guid":{"rendered":"https:\/\/machera.lu\/?tribe_events=hakuna-matata"},"modified":"2025-09-22T14:38:11","modified_gmt":"2025-09-22T14:38:11","slug":"hakuna-matata","status":"publish","type":"tribe_events","link":"https:\/\/machera.lu\/?tribe_events=hakuna-matata&lang=en","title":{"rendered":"Hakuna Matata"},"content":{"rendered":"<p data-start=\"1556\" data-end=\"1620\"><strong data-start=\"1556\" data-end=\"1618\">\u201cHakuna Matata\u201d \u2013 The unique grand children\u2019s musical gala<\/strong><\/p>\n<p data-start=\"1622\" data-end=\"1988\">The children\u2019s musical gala <em data-start=\"1650\" data-end=\"1665\">Hakuna Matata<\/em> promises a magical journey through the colorful world of musicals, the most famous Disney films, as well as beloved children\u2019s movies and series, touching the hearts of all generations. With childhood heroes and catchy songs to sing and dance along to, this gala becomes an unforgettable experience for the whole family.<\/p>\n<p data-start=\"1990\" data-end=\"2289\">Immerse yourself in a magical world and be enchanted by the well-known melodies and songs from <em data-start=\"2085\" data-end=\"2093\">Frozen<\/em>, <em data-start=\"2095\" data-end=\"2110\">The Lion King<\/em>, the little dragon <em data-start=\"2130\" data-end=\"2140\">Tabaluga<\/em>, <em data-start=\"2142\" data-end=\"2154\">The Smurfs<\/em>, <em data-start=\"2156\" data-end=\"2165\">Tangled<\/em>, <em data-start=\"2167\" data-end=\"2174\">Moana<\/em>, <em data-start=\"2176\" data-end=\"2183\">Brave<\/em>, <em data-start=\"2185\" data-end=\"2205\">The Little Mermaid<\/em> and many more. Look forward to a time full of fun, joy and unforgettable moments!<\/p>\n<p data-start=\"2291\" data-end=\"2514\">Other popular hits from <em data-start=\"2315\" data-end=\"2329\">Maya the Bee<\/em>, <em data-start=\"2331\" data-end=\"2348\">Bibi Blocksberg<\/em> or <em data-start=\"2352\" data-end=\"2364\">Jim Button<\/em> provide top-class musical entertainment for boys and girls from the age of four \u2013 and for everyone who wants to awaken the child within once again.<\/p>\n<p data-start=\"2516\" data-end=\"2801\">Experience beautiful costumes and innovative stage designs and let yourself be carried away into a fairytale world. Enjoy true family entertainment with children\u2019s eyes sparkling with joy. Because only here do children meet their idols up close.<br data-start=\"2761\" data-end=\"2764\" \/>\u2013 exclusively by <em data-start=\"2781\" data-end=\"2797\">Why Not Events<\/em> \u2013<\/p>\n<div class=\"sc_item_button sc_button_wrap\" style=\"text-align: left;\"><a class=\"sc_button sc_button_decoration sc_button_size_large sc_button_icon_left\" href=\"https:\/\/www.luxembourg-ticket.lu\/fr\/detail\/hakuna-matata\/8\/eid,67935\/hakuna-matata.html\"><span class=\"sc_button_text\"><span class=\"sc_button_title\">Tickets<\/span><\/span><\/a><\/div>\n<h6 style=\"text-align: left;\">Tickets zu diesem Event k\u00f6nnen ebenfalls dienstags und donnerstags von 15 &#8211; 19 Uhr an der Kasse im Kulturzentrum Machera gekauft werden. Die Abendkasse \u00f6ffnet 2 Stunden vor dem Event.<\/h6>\n<h6 style=\"text-align: left;\">Tickets for this event can also be purchased at the box office in the Machera Cultural Center on Tuesdays and Thursdays from 3 PM to 7 PM. The evening box office opens 2 hours before the event.<\/h6>\n<h6 style=\"text-align: left;\">Les billets pour cet \u00e9v\u00e9nement peuvent \u00e9galement \u00eatre achet\u00e9s \u00e0 la billetterie du Centre Culturel Machera les mardis et jeudis de 15h \u00e0 19h. La billetterie du soir ouvre 2 heures avant l\u2019\u00e9v\u00e9nement.<\/h6>\n<p><center style=\"padding-left: 200px;\"><br \/>\n<img fetchpriority=\"high\" decoding=\"async\" class=\"size-medium wp-image-63947 alignleft\" src=\"https:\/\/machera.lu\/wp-content\/uploads\/2025\/08\/Herkules2-1-300x200.jpg\" alt=\"\" width=\"300\" height=\"200\" srcset=\"https:\/\/machera.lu\/wp-content\/uploads\/2025\/08\/Herkules2-1-300x200.jpg 300w, https:\/\/machera.lu\/wp-content\/uploads\/2025\/08\/Herkules2-1-1024x683.jpg 1024w, https:\/\/machera.lu\/wp-content\/uploads\/2025\/08\/Herkules2-1-768x512.jpg 768w, https:\/\/machera.lu\/wp-content\/uploads\/2025\/08\/Herkules2-1-370x247.jpg 370w, https:\/\/machera.lu\/wp-content\/uploads\/2025\/08\/Herkules2-1-840x560.jpg 840w, https:\/\/machera.lu\/wp-content\/uploads\/2025\/08\/Herkules2-1-410x273.jpg 410w, https:\/\/machera.lu\/wp-content\/uploads\/2025\/08\/Herkules2-1-600x400.jpg 600w, https:\/\/machera.lu\/wp-content\/uploads\/2025\/08\/Herkules2-1.jpg 1417w\" sizes=\"(max-width: 300px) 100vw, 300px\" \/> \u00a0<img decoding=\"async\" class=\"size-medium wp-image-63953 alignleft\" src=\"https:\/\/machera.lu\/wp-content\/uploads\/2025\/08\/Rapunzel-1-300x300.jpg\" alt=\"\" width=\"300\" height=\"300\" srcset=\"https:\/\/machera.lu\/wp-content\/uploads\/2025\/08\/Rapunzel-1-300x300.jpg 300w, https:\/\/machera.lu\/wp-content\/uploads\/2025\/08\/Rapunzel-1-1024x1024.jpg 1024w, https:\/\/machera.lu\/wp-content\/uploads\/2025\/08\/Rapunzel-1-150x150.jpg 150w, https:\/\/machera.lu\/wp-content\/uploads\/2025\/08\/Rapunzel-1-768x768.jpg 768w, https:\/\/machera.lu\/wp-content\/uploads\/2025\/08\/Rapunzel-1-370x370.jpg 370w, https:\/\/machera.lu\/wp-content\/uploads\/2025\/08\/Rapunzel-1-120x120.jpg 120w, https:\/\/machera.lu\/wp-content\/uploads\/2025\/08\/Rapunzel-1-840x840.jpg 840w, https:\/\/machera.lu\/wp-content\/uploads\/2025\/08\/Rapunzel-1-410x410.jpg 410w, https:\/\/machera.lu\/wp-content\/uploads\/2025\/08\/Rapunzel-1-630x630.jpg 630w, https:\/\/machera.lu\/wp-content\/uploads\/2025\/08\/Rapunzel-1-600x600.jpg 600w, https:\/\/machera.lu\/wp-content\/uploads\/2025\/08\/Rapunzel-1.jpg 1181w\" sizes=\"(max-width: 300px) 100vw, 300px\" \/><img decoding=\"async\" class=\"size-medium wp-image-63950 alignleft\" style=\"font-size: 1rem; letter-spacing: 0px;\" src=\"https:\/\/machera.lu\/wp-content\/uploads\/2025\/08\/Olaf-1-300x200.jpg\" alt=\"\" width=\"300\" height=\"200\" srcset=\"https:\/\/machera.lu\/wp-content\/uploads\/2025\/08\/Olaf-1-300x200.jpg 300w, https:\/\/machera.lu\/wp-content\/uploads\/2025\/08\/Olaf-1-1024x683.jpg 1024w, https:\/\/machera.lu\/wp-content\/uploads\/2025\/08\/Olaf-1-768x512.jpg 768w, https:\/\/machera.lu\/wp-content\/uploads\/2025\/08\/Olaf-1-1536x1024.jpg 1536w\" sizes=\"(max-width: 300px) 100vw, 300px\" \/><\/center><\/p>\n","protected":false},"excerpt":{"rendered":"<p>The children\u2019s musical gala Hakuna Matata promises a magical journey through the colorful world of musicals, the most famous Disney films, as well as beloved children\u2019s movies and series, touching the hearts of all generations. With childhood heroes and catchy songs to sing and dance along to, this gala becomes an unforgettable experience for the whole family.<\/p>\n<p>&nbsp;<\/p>\n<div class=\"sc_item_button sc_button_wrap\"><a class=\"sc_button sc_button_decoration sc_button_size_large sc_button_icon_left\" href=\" https:\/\/machera.lu\/?tribe_events=hakuna-matata=en\"><span class=\"sc_button_text\"><span class=\"sc_button_title\">Info \/ Tickets<\/span><\/span><\/a><\/div>\n","protected":false},"author":3,"featured_media":63979,"comment_status":"closed","ping_status":"closed","template":"","meta":{"inline_featured_image":false,"_tribe_events_status":"","_tribe_events_status_reason":"","footnotes":""},"tags":[],"tribe_events_cat":[347,343],"class_list":["post-64093","tribe_events","type-tribe_events","status-publish","has-post-thumbnail","hentry","tribe_events_cat-concert-en","tribe_events_cat-musical-en","cat_concert-en","cat_musical-en"],"_links":{"self":[{"href":"https:\/\/machera.lu\/index.php?rest_route=\/wp\/v2\/tribe_events\/64093","targetHints":{"allow":["GET"]}}],"collection":[{"href":"https:\/\/machera.lu\/index.php?rest_route=\/wp\/v2\/tribe_events"}],"about":[{"href":"https:\/\/machera.lu\/index.php?rest_route=\/wp\/v2\/types\/tribe_events"}],"author":[{"embeddable":true,"href":"https:\/\/machera.lu\/index.php?rest_route=\/wp\/v2\/users\/3"}],"replies":[{"embeddable":true,"href":"https:\/\/machera.lu\/index.php?rest_route=%2Fwp%2Fv2%2Fcomments&post=64093"}],"version-history":[{"count":1,"href":"https:\/\/machera.lu\/index.php?rest_route=\/wp\/v2\/tribe_events\/64093\/revisions"}],"predecessor-version":[{"id":64096,"href":"https:\/\/machera.lu\/index.php?rest_route=\/wp\/v2\/tribe_events\/64093\/revisions\/64096"}],"wp:featuredmedia":[{"embeddable":true,"href":"https:\/\/machera.lu\/index.php?rest_route=\/wp\/v2\/media\/63979"}],"wp:attachment":[{"href":"https:\/\/machera.lu\/index.php?rest_route=%2Fwp%2Fv2%2Fmedia&parent=64093"}],"wp:term":[{"taxonomy":"post_tag","embeddable":true,"href":"https:\/\/machera.lu\/index.php?rest_route=%2Fwp%2Fv2%2Ftags&post=64093"},{"taxonomy":"tribe_events_cat","embeddable":true,"href":"https:\/\/machera.lu\/index.php?rest_route=%2Fwp%2Fv2%2Ftribe_events_cat&post=64093"}],"curies":[{"name":"wp","href":"https:\/\/api.w.org\/{rel}","templated":true}]}}

<p data-start="1556" data-end="1620"><strong data-start="1556" data-end="1618">“Hakuna Matata” – The unique grand children’s musical gala</strong></p>
<p data-start="1622" data-end="1988">The children’s musical gala <em data-start="1650" data-end="1665">Hakuna Matata</em> promises a magical journey through the colorful world of musicals, the most famous Disney films, as well as beloved children’s movies and series, touching the hearts of all generations. With childhood heroes and catchy songs to sing and dance along to, this gala becomes an unforgettable experience for the whole family.</p>
<p data-start="1990" data-end="2289">Immerse yourself in a magical world and be enchanted by the well-known melodies and songs from <em data-start="2085" data-end="2093">Frozen</em>, <em data-start="2095" data-end="2110">The Lion King</em>, the little dragon <em data-start="2130" data-end="2140">Tabaluga</em>, <em data-start="2142" data-end="2154">The Smurfs</em>, <em data-start="2156" data-end="2165">Tangled</em>, <em data-start="2167" data-end="2174">Moana</em>, <em data-start="2176" data-end="2183">Brave</em>, <em data-start="2185" data-end="2205">The Little Mermaid</em> and many more. Look forward to a time full of fun, joy and unforgettable moments!</p>
<p data-start="2291" data-end="2514">Other popular hits from <em data-start="2315" data-end="2329">Maya the Bee</em>, <em data-start="2331" data-end="2348">Bibi Blocksberg</em> or <em data-start="2352" data-end="2364">Jim Button</em> provide top-class musical entertainment for boys and girls from the age of four – and for everyone who wants to awaken the child within once again.</p>
<p data-start="2516" data-end="2801">Experience beautiful costumes and innovative stage designs and let yourself be carried away into a fairytale world. Enjoy true family entertainment with children’s eyes sparkling with joy. Because only here do children meet their idols up close.<br data-start="2761" data-end="2764" />– exclusively by <em data-start="2781" data-end="2797">Why Not Events</em> –</p>
<div class="sc_item_button sc_button_wrap" style="text-align: left;"><a class="sc_button sc_button_decoration sc_button_size_large sc_button_icon_left" href="https://www.luxembourg-ticket.lu/fr/detail/hakuna-matata/8/eid,67935/hakuna-matata.html"><span class="sc_button_text"><span class="sc_button_title">Tickets</span></span></a></div>
<h6 style="text-align: left;">Tickets zu diesem Event können ebenfalls dienstags und donnerstags von 15 &#8211; 19 Uhr an der Kasse im Kulturzentrum Machera gekauft werden. Die Abendkasse öffnet 2 Stunden vor dem Event.</h6>
<h6 style="text-align: left;">Tickets for this event can also be purchased at the box office in the Machera Cultural Center on Tuesdays and Thursdays from 3 PM to 7 PM. The evening box office opens 2 hours before the event.</h6>
<h6 style="text-align: left;">Les billets pour cet événement peuvent également être achetés à la billetterie du Centre Culturel Machera les mardis et jeudis de 15h à 19h. La billetterie du soir ouvre 2 heures avant l’événement.</h6>
<p><center style="padding-left: 200px;"><br />
<img fetchpriority="high" decoding="async" class="size-medium wp-image-63947 alignleft" src="https://machera.lu/wp-content/uploads/2025/08/Herkules2-1-300x200.jpg" alt="" width="300" height="200" srcset="https://machera.lu/wp-content/uploads/2025/08/Herkules2-1-300x200.jpg 300w, https://machera.lu/wp-content/uploads/2025/08/Herkules2-1-1024x683.jpg 1024w, https://machera.lu/wp-content/uploads/2025/08/Herkules2-1-768x512.jpg 768w, https://machera.lu/wp-content/uploads/2025/08/Herkules2-1-370x247.jpg 370w, https://machera.lu/wp-content/uploads/2025/08/Herkules2-1-840x560.jpg 840w, https://machera.lu/wp-content/uploads/2025/08/Herkules2-1-410x273.jpg 410w, https://machera.lu/wp-content/uploads/2025/08/Herkules2-1-600x400.jpg 600w, https://machera.lu/wp-content/uploads/2025/08/Herkules2-1.jpg 1417w" sizes="(max-width: 300px) 100vw, 300px" />  <img decoding="async" class="size-medium wp-image-63953 alignleft" src="https://machera.lu/wp-content/uploads/2025/08/Rapunzel-1-300x300.jpg" alt="" width="300" height="300" srcset="https://machera.lu/wp-content/uploads/2025/08/Rapunzel-1-300x300.jpg 300w, https://machera.lu/wp-content/uploads/2025/08/Rapunzel-1-1024x1024.jpg 1024w, https://machera.lu/wp-content/uploads/2025/08/Rapunzel-1-150x150.jpg 150w, https://machera.lu/wp-content/uploads/2025/08/Rapunzel-1-768x768.jpg 768w, https://machera.lu/wp-content/uploads/2025/08/Rapunzel-1-370x370.jpg 370w, https://machera.lu/wp-content/uploads/2025/08/Rapunzel-1-120x120.jpg 120w, https://machera.lu/wp-content/uploads/2025/08/Rapunzel-1-840x840.jpg 840w, https://machera.lu/wp-content/uploads/2025/08/Rapunzel-1-410x410.jpg 410w, https://machera.lu/wp-content/uploads/2025/08/Rapunzel-1-630x630.jpg 630w, https://machera.lu/wp-content/uploads/2025/08/Rapunzel-1-600x600.jpg 600w, https://machera.lu/wp-content/uploads/2025/08/Rapunzel-1.jpg 1181w" sizes="(max-width: 300px) 100vw, 300px" /><img decoding="async" class="size-medium wp-image-63950 alignleft" style="font-size: 1rem; letter-spacing: 0px;" src="https://machera.lu/wp-content/uploads/2025/08/Olaf-1-300x200.jpg" alt="" width="300" height="200" srcset="https://machera.lu/wp-content/uploads/2025/08/Olaf-1-300x200.jpg 300w, https://machera.lu/wp-content/uploads/2025/08/Olaf-1-1024x683.jpg 1024w, https://machera.lu/wp-content/uploads/2025/08/Olaf-1-768x512.jpg 768w, https://machera.lu/wp-content/uploads/2025/08/Olaf-1-1536x1024.jpg 1536w" sizes="(max-width: 300px) 100vw, 300px" /></center></p>
