{"id":63943,"date":"2025-08-21T15:24:32","date_gmt":"2025-08-21T15:24:32","guid":{"rendered":"https:\/\/machera.lu\/?post_type=tribe_events&#038;p=63943"},"modified":"2025-08-22T08:37:50","modified_gmt":"2025-08-22T08:37:50","slug":"hakuna-matata","status":"publish","type":"tribe_events","link":"https:\/\/machera.lu\/?tribe_events=hakuna-matata","title":{"rendered":"Hakuna Matata"},"content":{"rendered":"<p class=\"\" style=\"text-align: left;\" data-start=\"170\" data-end=\"261\"><strong>\u201cHakuna Matata\u201d Die einzigartige gro\u00dfe Kindermusical-Gala<\/strong><\/p>\n<p style=\"text-align: left;\">Die Kindermusical-Gala \u201eHakuna Matata\u201c verspricht eine zauberhafte Reise durch die bunte Welt der Musicals, den bekanntesten Disney-Filmen, sowie den beliebtesten Kinderfilmen-und Serien und ber\u00fchrt die Herzen aller Generationen. Mit den gro\u00dfen Kindheits-Helden und mitrei\u00dfenden Liedern zum Mitsingen und Tanzen wird diese Gala zu einem unvergesslichen Erlebnis f\u00fcr die ganze Familie.<\/p>\n<p style=\"text-align: left;\">Tauchen Sie ein in eine magische Welt und lassen Sie sich von den bekannten Melodien und Songs von \u201eDie Eisk\u00f6nigin\u201c, \u201eK\u00f6nig der L\u00f6wen\u201c, dem kleinen Drachen \u201eTabaluga\u201c, \u201eden Schl\u00fcmpfen\u201c, \u201eRapunzel neu verf\u00f6hnt\u201c, \u201eVaiana\u201c, \u201eMerida\u201c, \u201eArielle der kleinen Meerjungfrau\u201c uva. verzaubern. Freuen Sie sich auf eine Zeit voller Spa\u00df, Freude und unvergesslicher Momente!<\/p>\n<p style=\"text-align: left;\">Weitere bekannte Hits u.a. aus der \u201eBiene Maja\u201c, \u201eBibi Blocksberg\u201c oder \u201eJim Knopf\u201c bieten beste Musical-Unterhaltung f\u00fcr Jungs und M\u00e4dchen ab vier Jahren und f\u00fcr alle, die das Kind in sich noch einmal zum Leben erwecken wollen.<\/p>\n<p style=\"text-align: left;\">Erleben Sie wundersch\u00f6ne Kost\u00fcme und innovative B\u00fchnenbilder und lassen sie sich entf\u00fchren in eine m\u00e4rchenhafte Welt. Erleben Sie echte Familienunterhaltung mit leuchtenden Kinderaugen. Denn nur hier treffen Kinder hautnah auf ihre Idole.<br \/>\n<strong>&#8211; exklusiv bei Why Not Events \u2013<\/strong><\/p>\n<div class=\"sc_item_button sc_button_wrap\" style=\"text-align: left;\"><a class=\"sc_button sc_button_decoration sc_button_size_large sc_button_icon_left\" href=\"https:\/\/www.luxembourg-ticket.lu\/fr\/detail\/hakuna-matata\/8\/eid,67935\/hakuna-matata.html\"><span class=\"sc_button_text\"><span class=\"sc_button_title\">Tickets<\/span><\/span><\/a><\/div>\n<h6 style=\"text-align: left;\">Tickets zu diesem Event k\u00f6nnen ebenfalls dienstags und donnerstags von 15 &#8211; 19 Uhr an der Kasse im Kulturzentrum Machera gekauft werden. Die Abendkasse \u00f6ffnet 2 Stunden vor dem Event.<\/h6>\n<h6 style=\"text-align: left;\">Tickets for this event can also be purchased at the box office in the Machera Cultural Center on Tuesdays and Thursdays from 3 PM to 7 PM. The evening box office opens 2 hours before the event.<\/h6>\n<h6 style=\"text-align: left;\">Les billets pour cet \u00e9v\u00e9nement peuvent \u00e9galement \u00eatre achet\u00e9s \u00e0 la billetterie du Centre Culturel Machera les mardis et jeudis de 15h \u00e0 19h. La billetterie du soir ouvre 2 heures avant l\u2019\u00e9v\u00e9nement.<\/h6>\n<p><center style=\"padding-left: 200px;\"><br \/>\n<img fetchpriority=\"high\" decoding=\"async\" class=\"size-medium wp-image-63947 alignleft\" src=\"https:\/\/machera.lu\/wp-content\/uploads\/2025\/08\/Herkules2-1-300x200.jpg\" alt=\"\" width=\"300\" height=\"200\" srcset=\"https:\/\/machera.lu\/wp-content\/uploads\/2025\/08\/Herkules2-1-300x200.jpg 300w, https:\/\/machera.lu\/wp-content\/uploads\/2025\/08\/Herkules2-1-1024x683.jpg 1024w, https:\/\/machera.lu\/wp-content\/uploads\/2025\/08\/Herkules2-1-768x512.jpg 768w, https:\/\/machera.lu\/wp-content\/uploads\/2025\/08\/Herkules2-1-370x247.jpg 370w, https:\/\/machera.lu\/wp-content\/uploads\/2025\/08\/Herkules2-1-840x560.jpg 840w, https:\/\/machera.lu\/wp-content\/uploads\/2025\/08\/Herkules2-1-410x273.jpg 410w, https:\/\/machera.lu\/wp-content\/uploads\/2025\/08\/Herkules2-1-600x400.jpg 600w, https:\/\/machera.lu\/wp-content\/uploads\/2025\/08\/Herkules2-1.jpg 1417w\" sizes=\"(max-width: 300px) 100vw, 300px\" \/> \u00a0<img decoding=\"async\" class=\"size-medium wp-image-63953 alignleft\" src=\"https:\/\/machera.lu\/wp-content\/uploads\/2025\/08\/Rapunzel-1-300x300.jpg\" alt=\"\" width=\"300\" height=\"300\" srcset=\"https:\/\/machera.lu\/wp-content\/uploads\/2025\/08\/Rapunzel-1-300x300.jpg 300w, https:\/\/machera.lu\/wp-content\/uploads\/2025\/08\/Rapunzel-1-1024x1024.jpg 1024w, https:\/\/machera.lu\/wp-content\/uploads\/2025\/08\/Rapunzel-1-150x150.jpg 150w, https:\/\/machera.lu\/wp-content\/uploads\/2025\/08\/Rapunzel-1-768x768.jpg 768w, https:\/\/machera.lu\/wp-content\/uploads\/2025\/08\/Rapunzel-1-370x370.jpg 370w, https:\/\/machera.lu\/wp-content\/uploads\/2025\/08\/Rapunzel-1-120x120.jpg 120w, https:\/\/machera.lu\/wp-content\/uploads\/2025\/08\/Rapunzel-1-840x840.jpg 840w, https:\/\/machera.lu\/wp-content\/uploads\/2025\/08\/Rapunzel-1-410x410.jpg 410w, https:\/\/machera.lu\/wp-content\/uploads\/2025\/08\/Rapunzel-1-630x630.jpg 630w, https:\/\/machera.lu\/wp-content\/uploads\/2025\/08\/Rapunzel-1-600x600.jpg 600w, https:\/\/machera.lu\/wp-content\/uploads\/2025\/08\/Rapunzel-1.jpg 1181w\" sizes=\"(max-width: 300px) 100vw, 300px\" \/><img decoding=\"async\" class=\"size-medium wp-image-63950 alignleft\" style=\"font-size: 1rem; letter-spacing: 0px;\" src=\"https:\/\/machera.lu\/wp-content\/uploads\/2025\/08\/Olaf-1-300x200.jpg\" alt=\"\" width=\"300\" height=\"200\" srcset=\"https:\/\/machera.lu\/wp-content\/uploads\/2025\/08\/Olaf-1-300x200.jpg 300w, https:\/\/machera.lu\/wp-content\/uploads\/2025\/08\/Olaf-1-1024x683.jpg 1024w, https:\/\/machera.lu\/wp-content\/uploads\/2025\/08\/Olaf-1-768x512.jpg 768w, https:\/\/machera.lu\/wp-content\/uploads\/2025\/08\/Olaf-1-1536x1024.jpg 1536w\" sizes=\"(max-width: 300px) 100vw, 300px\" \/><\/center><\/p>\n","protected":false},"excerpt":{"rendered":"<p>Die Kindermusical-Gala \u201eHakuna Matata\u201c verspricht eine zauberhafte Reise durch die bunte Welt der Musicals, den bekanntesten Disney-Filmen, sowie den beliebtesten Kinderfilmen-und Serien und ber\u00fchrt die Herzen aller Generationen. Mit den gro\u00dfen Kindheits-Helden und mitrei\u00dfenden Liedern zum Mitsingen und Tanzen wird diese Gala zu einem unvergesslichen Erlebnis f\u00fcr die ganze Familie.<\/p>\n<p>&nbsp;<\/p>\n<div class=\"sc_item_button sc_button_wrap\"><a class=\"sc_button sc_button_decoration sc_button_size_large sc_button_icon_left\" href=\" https:\/\/machera.lu\/?tribe_events=hakuna-matata\"><span class=\"sc_button_text\"><span class=\"sc_button_title\">Info \/ Tickets<\/span><\/span><\/a><\/div>\n","protected":false},"author":3,"featured_media":63978,"comment_status":"closed","ping_status":"closed","template":"","meta":{"inline_featured_image":false,"_tribe_events_status":"","_tribe_events_status_reason":"","footnotes":""},"tags":[],"tribe_events_cat":[346,345],"class_list":["post-63943","tribe_events","type-tribe_events","status-publish","has-post-thumbnail","hentry","tribe_events_cat-concert-2","tribe_events_cat-musical-2","cat_concert-2","cat_musical-2"],"_links":{"self":[{"href":"https:\/\/machera.lu\/index.php?rest_route=\/wp\/v2\/tribe_events\/63943","targetHints":{"allow":["GET"]}}],"collection":[{"href":"https:\/\/machera.lu\/index.php?rest_route=\/wp\/v2\/tribe_events"}],"about":[{"href":"https:\/\/machera.lu\/index.php?rest_route=\/wp\/v2\/types\/tribe_events"}],"author":[{"embeddable":true,"href":"https:\/\/machera.lu\/index.php?rest_route=\/wp\/v2\/users\/3"}],"replies":[{"embeddable":true,"href":"https:\/\/machera.lu\/index.php?rest_route=%2Fwp%2Fv2%2Fcomments&post=63943"}],"version-history":[{"count":8,"href":"https:\/\/machera.lu\/index.php?rest_route=\/wp\/v2\/tribe_events\/63943\/revisions"}],"predecessor-version":[{"id":63963,"href":"https:\/\/machera.lu\/index.php?rest_route=\/wp\/v2\/tribe_events\/63943\/revisions\/63963"}],"wp:featuredmedia":[{"embeddable":true,"href":"https:\/\/machera.lu\/index.php?rest_route=\/wp\/v2\/media\/63978"}],"wp:attachment":[{"href":"https:\/\/machera.lu\/index.php?rest_route=%2Fwp%2Fv2%2Fmedia&parent=63943"}],"wp:term":[{"taxonomy":"post_tag","embeddable":true,"href":"https:\/\/machera.lu\/index.php?rest_route=%2Fwp%2Fv2%2Ftags&post=63943"},{"taxonomy":"tribe_events_cat","embeddable":true,"href":"https:\/\/machera.lu\/index.php?rest_route=%2Fwp%2Fv2%2Ftribe_events_cat&post=63943"}],"curies":[{"name":"wp","href":"https:\/\/api.w.org\/{rel}","templated":true}]}}

<p class="" style="text-align: left;" data-start="170" data-end="261"><strong>“Hakuna Matata” Die einzigartige große Kindermusical-Gala</strong></p>
<p style="text-align: left;">Die Kindermusical-Gala „Hakuna Matata“ verspricht eine zauberhafte Reise durch die bunte Welt der Musicals, den bekanntesten Disney-Filmen, sowie den beliebtesten Kinderfilmen-und Serien und berührt die Herzen aller Generationen. Mit den großen Kindheits-Helden und mitreißenden Liedern zum Mitsingen und Tanzen wird diese Gala zu einem unvergesslichen Erlebnis für die ganze Familie.</p>
<p style="text-align: left;">Tauchen Sie ein in eine magische Welt und lassen Sie sich von den bekannten Melodien und Songs von „Die Eiskönigin“, „König der Löwen“, dem kleinen Drachen „Tabaluga“, „den Schlümpfen“, „Rapunzel neu verföhnt“, „Vaiana“, „Merida“, „Arielle der kleinen Meerjungfrau“ uva. verzaubern. Freuen Sie sich auf eine Zeit voller Spaß, Freude und unvergesslicher Momente!</p>
<p style="text-align: left;">Weitere bekannte Hits u.a. aus der „Biene Maja“, „Bibi Blocksberg“ oder „Jim Knopf“ bieten beste Musical-Unterhaltung für Jungs und Mädchen ab vier Jahren und für alle, die das Kind in sich noch einmal zum Leben erwecken wollen.</p>
<p style="text-align: left;">Erleben Sie wunderschöne Kostüme und innovative Bühnenbilder und lassen sie sich entführen in eine märchenhafte Welt. Erleben Sie echte Familienunterhaltung mit leuchtenden Kinderaugen. Denn nur hier treffen Kinder hautnah auf ihre Idole.<br />
<strong>&#8211; exklusiv bei Why Not Events –</strong></p>
<div class="sc_item_button sc_button_wrap" style="text-align: left;"><a class="sc_button sc_button_decoration sc_button_size_large sc_button_icon_left" href="https://www.luxembourg-ticket.lu/fr/detail/hakuna-matata/8/eid,67935/hakuna-matata.html"><span class="sc_button_text"><span class="sc_button_title">Tickets</span></span></a></div>
<h6 style="text-align: left;">Tickets zu diesem Event können ebenfalls dienstags und donnerstags von 15 &#8211; 19 Uhr an der Kasse im Kulturzentrum Machera gekauft werden. Die Abendkasse öffnet 2 Stunden vor dem Event.</h6>
<h6 style="text-align: left;">Tickets for this event can also be purchased at the box office in the Machera Cultural Center on Tuesdays and Thursdays from 3 PM to 7 PM. The evening box office opens 2 hours before the event.</h6>
<h6 style="text-align: left;">Les billets pour cet événement peuvent également être achetés à la billetterie du Centre Culturel Machera les mardis et jeudis de 15h à 19h. La billetterie du soir ouvre 2 heures avant l’événement.</h6>
<p><center style="padding-left: 200px;"><br />
<img fetchpriority="high" decoding="async" class="size-medium wp-image-63947 alignleft" src="https://machera.lu/wp-content/uploads/2025/08/Herkules2-1-300x200.jpg" alt="" width="300" height="200" srcset="https://machera.lu/wp-content/uploads/2025/08/Herkules2-1-300x200.jpg 300w, https://machera.lu/wp-content/uploads/2025/08/Herkules2-1-1024x683.jpg 1024w, https://machera.lu/wp-content/uploads/2025/08/Herkules2-1-768x512.jpg 768w, https://machera.lu/wp-content/uploads/2025/08/Herkules2-1-370x247.jpg 370w, https://machera.lu/wp-content/uploads/2025/08/Herkules2-1-840x560.jpg 840w, https://machera.lu/wp-content/uploads/2025/08/Herkules2-1-410x273.jpg 410w, https://machera.lu/wp-content/uploads/2025/08/Herkules2-1-600x400.jpg 600w, https://machera.lu/wp-content/uploads/2025/08/Herkules2-1.jpg 1417w" sizes="(max-width: 300px) 100vw, 300px" />  <img decoding="async" class="size-medium wp-image-63953 alignleft" src="https://machera.lu/wp-content/uploads/2025/08/Rapunzel-1-300x300.jpg" alt="" width="300" height="300" srcset="https://machera.lu/wp-content/uploads/2025/08/Rapunzel-1-300x300.jpg 300w, https://machera.lu/wp-content/uploads/2025/08/Rapunzel-1-1024x1024.jpg 1024w, https://machera.lu/wp-content/uploads/2025/08/Rapunzel-1-150x150.jpg 150w, https://machera.lu/wp-content/uploads/2025/08/Rapunzel-1-768x768.jpg 768w, https://machera.lu/wp-content/uploads/2025/08/Rapunzel-1-370x370.jpg 370w, https://machera.lu/wp-content/uploads/2025/08/Rapunzel-1-120x120.jpg 120w, https://machera.lu/wp-content/uploads/2025/08/Rapunzel-1-840x840.jpg 840w, https://machera.lu/wp-content/uploads/2025/08/Rapunzel-1-410x410.jpg 410w, https://machera.lu/wp-content/uploads/2025/08/Rapunzel-1-630x630.jpg 630w, https://machera.lu/wp-content/uploads/2025/08/Rapunzel-1-600x600.jpg 600w, https://machera.lu/wp-content/uploads/2025/08/Rapunzel-1.jpg 1181w" sizes="(max-width: 300px) 100vw, 300px" /><img decoding="async" class="size-medium wp-image-63950 alignleft" style="font-size: 1rem; letter-spacing: 0px;" src="https://machera.lu/wp-content/uploads/2025/08/Olaf-1-300x200.jpg" alt="" width="300" height="200" srcset="https://machera.lu/wp-content/uploads/2025/08/Olaf-1-300x200.jpg 300w, https://machera.lu/wp-content/uploads/2025/08/Olaf-1-1024x683.jpg 1024w, https://machera.lu/wp-content/uploads/2025/08/Olaf-1-768x512.jpg 768w, https://machera.lu/wp-content/uploads/2025/08/Olaf-1-1536x1024.jpg 1536w" sizes="(max-width: 300px) 100vw, 300px" /></center></p>

<p>Die Kindermusical-Gala „Hakuna Matata“ verspricht eine zauberhafte Reise durch die bunte Welt der Musicals, den bekanntesten Disney-Filmen, sowie den beliebtesten Kinderfilmen-und Serien und berührt die Herzen aller Generationen. Mit den großen Kindheits-Helden und mitreißenden Liedern zum Mitsingen und Tanzen wird diese Gala zu einem unvergesslichen Erlebnis für die ganze Familie.</p>
<p>&nbsp;</p>
<div class="sc_item_button sc_button_wrap"><a class="sc_button sc_button_decoration sc_button_size_large sc_button_icon_left" href=" https://machera.lu/?tribe_events=hakuna-matata"><span class="sc_button_text"><span class="sc_button_title">Info / Tickets</span></span></a></div>
