{"id":63706,"date":"2025-06-09T12:56:44","date_gmt":"2025-06-09T12:56:44","guid":{"rendered":"https:\/\/machera.lu\/?post_type=tribe_events&#038;p=63706"},"modified":"2025-06-09T12:58:04","modified_gmt":"2025-06-09T12:58:04","slug":"ereffnung-vun-den-europaeeschen-archaeologiedeeg","status":"publish","type":"tribe_events","link":"https:\/\/machera.lu\/?tribe_events=ereffnung-vun-den-europaeeschen-archaeologiedeeg","title":{"rendered":"Er\u00ebffnung vun den europ\u00e4\u00ebschen Arch\u00e4ologiedeeg"},"content":{"rendered":"<p><img fetchpriority=\"high\" decoding=\"async\" class=\"wp-image-63710 alignleft\" src=\"https:\/\/machera.lu\/wp-content\/uploads\/2025\/06\/499810706_17868834327378728_5361331700058059473_n-2.jpg\" alt=\"\" width=\"671\" height=\"839\" srcset=\"https:\/\/machera.lu\/wp-content\/uploads\/2025\/06\/499810706_17868834327378728_5361331700058059473_n-2.jpg 1440w, https:\/\/machera.lu\/wp-content\/uploads\/2025\/06\/499810706_17868834327378728_5361331700058059473_n-2-240x300.jpg 240w, https:\/\/machera.lu\/wp-content\/uploads\/2025\/06\/499810706_17868834327378728_5361331700058059473_n-2-819x1024.jpg 819w, https:\/\/machera.lu\/wp-content\/uploads\/2025\/06\/499810706_17868834327378728_5361331700058059473_n-2-768x960.jpg 768w, https:\/\/machera.lu\/wp-content\/uploads\/2025\/06\/499810706_17868834327378728_5361331700058059473_n-2-1229x1536.jpg 1229w, https:\/\/machera.lu\/wp-content\/uploads\/2025\/06\/499810706_17868834327378728_5361331700058059473_n-2-370x463.jpg 370w, https:\/\/machera.lu\/wp-content\/uploads\/2025\/06\/499810706_17868834327378728_5361331700058059473_n-2-840x1050.jpg 840w, https:\/\/machera.lu\/wp-content\/uploads\/2025\/06\/499810706_17868834327378728_5361331700058059473_n-2-410x513.jpg 410w, https:\/\/machera.lu\/wp-content\/uploads\/2025\/06\/499810706_17868834327378728_5361331700058059473_n-2-600x750.jpg 600w\" sizes=\"(max-width: 671px) 100vw, 671px\" \/><\/p>\n<h3>Offiziell Er\u00ebffnung vun den europ\u00e4\u00ebschen Arch\u00e4ologiedeeg a Virtrag: d\u00e9i rezent Gruewunge vu Gr\u00e9iwemaacher-Granzegebur<\/h3>\n<p>Er\u00ebffnung vun den europ\u00e4eschen Deeg vun der Arch\u00e4ologie duerch de Kulturminister Eric Thill an der Buergermeeschtesch Monique Hermes. \u00cbffentleche Virtrag a l\u00ebtzebuergescher Sprooch (Engl\u00ebsch Pr\u00e4sentatioun). Um Uschloss offr\u00e9iert d&#8217;Gem\u00e9ng Gr\u00e9iwemaacher e vin de l&#8217;amiti\u00e9.<\/p>\n","protected":false},"excerpt":{"rendered":"<p>Offiziell Er\u00ebffnung vun den europ\u00e4\u00ebschen Arch\u00e4ologiedeeg a Virtrag: d\u00e9i rezent Gruewunge vu Gr\u00e9iwemaacher-Granzegebur<\/p>\n","protected":false},"author":1,"featured_media":63707,"comment_status":"closed","ping_status":"closed","template":"","meta":{"inline_featured_image":false,"_tribe_events_status":"","_tribe_events_status_reason":"","footnotes":""},"tags":[],"tribe_events_cat":[351],"class_list":["post-63706","tribe_events","type-tribe_events","status-publish","has-post-thumbnail","hentry","tribe_events_cat-conference-2","cat_conference-2"],"_links":{"self":[{"href":"https:\/\/machera.lu\/index.php?rest_route=\/wp\/v2\/tribe_events\/63706","targetHints":{"allow":["GET"]}}],"collection":[{"href":"https:\/\/machera.lu\/index.php?rest_route=\/wp\/v2\/tribe_events"}],"about":[{"href":"https:\/\/machera.lu\/index.php?rest_route=\/wp\/v2\/types\/tribe_events"}],"author":[{"embeddable":true,"href":"https:\/\/machera.lu\/index.php?rest_route=\/wp\/v2\/users\/1"}],"replies":[{"embeddable":true,"href":"https:\/\/machera.lu\/index.php?rest_route=%2Fwp%2Fv2%2Fcomments&post=63706"}],"version-history":[{"count":2,"href":"https:\/\/machera.lu\/index.php?rest_route=\/wp\/v2\/tribe_events\/63706\/revisions"}],"predecessor-version":[{"id":63714,"href":"https:\/\/machera.lu\/index.php?rest_route=\/wp\/v2\/tribe_events\/63706\/revisions\/63714"}],"wp:featuredmedia":[{"embeddable":true,"href":"https:\/\/machera.lu\/index.php?rest_route=\/wp\/v2\/media\/63707"}],"wp:attachment":[{"href":"https:\/\/machera.lu\/index.php?rest_route=%2Fwp%2Fv2%2Fmedia&parent=63706"}],"wp:term":[{"taxonomy":"post_tag","embeddable":true,"href":"https:\/\/machera.lu\/index.php?rest_route=%2Fwp%2Fv2%2Ftags&post=63706"},{"taxonomy":"tribe_events_cat","embeddable":true,"href":"https:\/\/machera.lu\/index.php?rest_route=%2Fwp%2Fv2%2Ftribe_events_cat&post=63706"}],"curies":[{"name":"wp","href":"https:\/\/api.w.org\/{rel}","templated":true}]}}

Erëffnung vun den europäëschen Archäologiedeeg

<p><img fetchpriority="high" decoding="async" class="wp-image-63710 alignleft" src="https://machera.lu/wp-content/uploads/2025/06/499810706_17868834327378728_5361331700058059473_n-2.jpg" alt="" width="671" height="839" srcset="https://machera.lu/wp-content/uploads/2025/06/499810706_17868834327378728_5361331700058059473_n-2.jpg 1440w, https://machera.lu/wp-content/uploads/2025/06/499810706_17868834327378728_5361331700058059473_n-2-240x300.jpg 240w, https://machera.lu/wp-content/uploads/2025/06/499810706_17868834327378728_5361331700058059473_n-2-819x1024.jpg 819w, https://machera.lu/wp-content/uploads/2025/06/499810706_17868834327378728_5361331700058059473_n-2-768x960.jpg 768w, https://machera.lu/wp-content/uploads/2025/06/499810706_17868834327378728_5361331700058059473_n-2-1229x1536.jpg 1229w, https://machera.lu/wp-content/uploads/2025/06/499810706_17868834327378728_5361331700058059473_n-2-370x463.jpg 370w, https://machera.lu/wp-content/uploads/2025/06/499810706_17868834327378728_5361331700058059473_n-2-840x1050.jpg 840w, https://machera.lu/wp-content/uploads/2025/06/499810706_17868834327378728_5361331700058059473_n-2-410x513.jpg 410w, https://machera.lu/wp-content/uploads/2025/06/499810706_17868834327378728_5361331700058059473_n-2-600x750.jpg 600w" sizes="(max-width: 671px) 100vw, 671px" /></p>
<h3>Offiziell Erëffnung vun den europäëschen Archäologiedeeg a Virtrag: déi rezent Gruewunge vu Gréiwemaacher-Granzegebur</h3>
<p>Erëffnung vun den europäeschen Deeg vun der Archäologie duerch de Kulturminister Eric Thill an der Buergermeeschtesch Monique Hermes. Ëffentleche Virtrag a lëtzebuergescher Sprooch (Englësch Präsentatioun). Um Uschloss offréiert d&#8217;Geméng Gréiwemaacher e vin de l&#8217;amitié.</p>

<p>Offiziell Erëffnung vun den europäëschen Archäologiedeeg a Virtrag: déi rezent Gruewunge vu Gréiwemaacher-Granzegebur</p>
