{"id":63498,"date":"2025-04-04T09:02:41","date_gmt":"2025-04-04T09:02:41","guid":{"rendered":"https:\/\/machera.lu\/?tribe_events=klima-a-biodiversiteitsdag-mat-natura-2000-dag"},"modified":"2025-04-04T09:02:41","modified_gmt":"2025-04-04T09:02:41","slug":"klima-a-biodiversiteitsdag-mat-natura-2000-dag","status":"publish","type":"tribe_events","link":"https:\/\/machera.lu\/?tribe_events=klima-a-biodiversiteitsdag-mat-natura-2000-dag&lang=en","title":{"rendered":"Klima- a Biodiversit\u00e9itsdag mat Natura 2000 Dag"},"content":{"rendered":"<p style=\"font-weight: 400;\">Workshops, interaktive St\u00e4nn, Live Virtr\u00e4g a Verkafsst\u00e4nn<\/p>\n<p style=\"font-weight: 400;\">Weider Informatiounen op <a href=\"http:\/\/klimadag.lu\/\">http:\/\/klimadag.lu\/<\/a><\/p>\n","protected":false},"excerpt":{"rendered":"<p>Workshops, interaktive St\u00e4nn, Live Virtr\u00e4g a Verkafsst\u00e4nn<\/p>\n","protected":false},"author":1,"featured_media":63495,"comment_status":"closed","ping_status":"closed","template":"","meta":{"inline_featured_image":false,"_tribe_events_status":"","_tribe_events_status_reason":"","footnotes":""},"tags":[],"tribe_events_cat":[349,370],"class_list":["post-63498","tribe_events","type-tribe_events","status-publish","has-post-thumbnail","hentry","tribe_events_cat-conference-en","tribe_events_cat-exposition-en","cat_conference-en","cat_exposition-en"],"_links":{"self":[{"href":"https:\/\/machera.lu\/index.php?rest_route=\/wp\/v2\/tribe_events\/63498","targetHints":{"allow":["GET"]}}],"collection":[{"href":"https:\/\/machera.lu\/index.php?rest_route=\/wp\/v2\/tribe_events"}],"about":[{"href":"https:\/\/machera.lu\/index.php?rest_route=\/wp\/v2\/types\/tribe_events"}],"author":[{"embeddable":true,"href":"https:\/\/machera.lu\/index.php?rest_route=\/wp\/v2\/users\/1"}],"replies":[{"embeddable":true,"href":"https:\/\/machera.lu\/index.php?rest_route=%2Fwp%2Fv2%2Fcomments&post=63498"}],"version-history":[{"count":0,"href":"https:\/\/machera.lu\/index.php?rest_route=\/wp\/v2\/tribe_events\/63498\/revisions"}],"wp:featuredmedia":[{"embeddable":true,"href":"https:\/\/machera.lu\/index.php?rest_route=\/wp\/v2\/media\/63495"}],"wp:attachment":[{"href":"https:\/\/machera.lu\/index.php?rest_route=%2Fwp%2Fv2%2Fmedia&parent=63498"}],"wp:term":[{"taxonomy":"post_tag","embeddable":true,"href":"https:\/\/machera.lu\/index.php?rest_route=%2Fwp%2Fv2%2Ftags&post=63498"},{"taxonomy":"tribe_events_cat","embeddable":true,"href":"https:\/\/machera.lu\/index.php?rest_route=%2Fwp%2Fv2%2Ftribe_events_cat&post=63498"}],"curies":[{"name":"wp","href":"https:\/\/api.w.org\/{rel}","templated":true}]}}

Klima- a Biodiversitéitsdag mat Natura 2000 Dag

<p style="font-weight: 400;">Workshops, interaktive Stänn, Live Virträg a Verkafsstänn</p>
<p style="font-weight: 400;">Weider Informatiounen op <a href="http://klimadag.lu/">http://klimadag.lu/</a></p>

<p>Workshops, interaktive Stänn, Live Virträg a Verkafsstänn</p>
