{"id":63429,"date":"2025-04-01T07:16:32","date_gmt":"2025-04-01T07:16:32","guid":{"rendered":"https:\/\/machera.lu\/?post_type=tribe_events&#038;p=63429"},"modified":"2025-09-11T06:07:52","modified_gmt":"2025-09-11T06:07:52","slug":"broadway-musical-gala","status":"publish","type":"tribe_events","link":"https:\/\/machera.lu\/?tribe_events=broadway-musical-gala","title":{"rendered":"Broadway Musical Gala"},"content":{"rendered":"<p class=\"\" data-start=\"170\" data-end=\"261\"><strong data-start=\"170\" data-end=\"261\">Broadway Musical Gala \u2013 Die Highlights der gr\u00f6\u00dften Musicals in einer spektakul\u00e4ren Show<\/strong><\/p>\n<p class=\"\" data-start=\"263\" data-end=\"744\">Tauchen Sie ein in die glitzernde Welt des Broadways! Die \u201eBroadway Musical Gala\u201c bringt die gr\u00f6\u00dften Momente der internationalen Musicalgeschichte auf die B\u00fchne \u2013 mitrei\u00dfend, szenisch, live und voller Emotionen. Freuen Sie sich auf eine musikalische Reise durch Klassiker wie <strong data-start=\"539\" data-end=\"563\">\u201eNew York, New York\u201c<\/strong>, das schillernde und schr\u00e4ge <strong data-start=\"593\" data-end=\"616\">\u201eRocky Horror Show\u201c<\/strong>, das geheimnisvolle <strong data-start=\"637\" data-end=\"659\">\u201ePhantom der Oper\u201c<\/strong>, das d\u00fcstere und zugleich leidenschaftliche <strong data-start=\"704\" data-end=\"726\">\u201eTanz der Vampire\u201c<\/strong> \u2013 und viele mehr.<\/p>\n<p class=\"\" data-start=\"746\" data-end=\"1065\">In einer mitrei\u00dfenden Inszenierung werden die Highlights aus weltbekannten Musicals eindrucksvoll pr\u00e4sentiert. Jede Szene erstrahlt in originalgetreuen, prachtvollen Kost\u00fcmen und wird mit gro\u00dfem dramaturgischem Gesp\u00fcr auf die B\u00fchne gebracht. Dabei verschmilzt Musik und Theater zu einem unvergesslichen Live-Erlebnis.<\/p>\n<p class=\"\" data-start=\"1067\" data-end=\"1400\">Herausragende Musicaldarstellerinnen und -darsteller, die auf renommierten B\u00fchnen im In- und Ausland zu Hause sind, verleihen jeder Rolle mit stimmlicher Kraft, Ausdruck und Pr\u00e4senz eine ganz eigene Note. Begleitet werden sie von einer hochkar\u00e4tig besetzten Live-Band, die den Sound des Broadways direkt ins Herz des Publikums tr\u00e4gt.<\/p>\n<p class=\"\" data-start=\"1402\" data-end=\"1628\">Die kenntnisreiche und charmante Moderation f\u00fchrt durch den Abend, gibt Einblicke in die Entstehungsgeschichte der Musicals, verbindet die Szenen auf unterhaltsame Weise und rundet das Programm informativ wie stimmungsvoll ab.<\/p>\n<p class=\"\" data-start=\"1630\" data-end=\"1892\">Ob G\u00e4nsehaut bei dramatischen Balladen, Schmunzeln bei humorvollen Szenen oder Begeisterung bei mitrei\u00dfenden Ensembles \u2013 die \u201eBroadway Musical Gala\u201c ist ein Abend voller Glanzlichter und Emotionen. Ein Muss f\u00fcr alle Musical-Fans und solche, die es werden wollen!<\/p>\n<div class=\"sc_item_button sc_button_wrap\"><a class=\"sc_button sc_button_decoration sc_button_size_large sc_button_icon_left\" href=\"https:\/\/www.luxembourg-ticket.lu\/en\/detail\/broadway-musical-gala\/8\/eid,67436\/broadway-musical-gala.html\"><span class=\"sc_button_text\"><span class=\"sc_button_title\">Tickets<\/span><\/span><\/a><\/div>\n<h6>Tickets zu diesem Event k\u00f6nnen ebenfalls dienstags und donnerstags von 15 &#8211; 19 Uhr an der Kasse im Kulturzentrum Machera gekauft werden. Die Abendkasse \u00f6ffnet 2 Stunden vor dem Event.<\/h6>\n<h6>Tickets for this event can also be purchased at the box office in the Machera Cultural Center on Tuesdays and Thursdays from 3 PM to 7 PM. The evening box office opens 2 hours before the event.<\/h6>\n<h6>Les billets pour cet \u00e9v\u00e9nement peuvent \u00e9galement \u00eatre achet\u00e9s \u00e0 la billetterie du Centre Culturel Machera les mardis et jeudis de 15h \u00e0 19h. La billetterie du soir ouvre 2 heures avant l\u2019\u00e9v\u00e9nement.<\/h6>\n","protected":false},"excerpt":{"rendered":"<p>Tauchen Sie ein in die glitzernde Welt des Broadways! Die \u201eBroadway Musical Gala\u201c bringt die gr\u00f6\u00dften Momente der internationalen Musicalgeschichte auf die B\u00fchne \u2013 mitrei\u00dfend, szenisch, live und voller Emotionen.<\/p>\n<p>&nbsp;<\/p>\n<div class=\"sc_item_button sc_button_wrap\"><a class=\"sc_button sc_button_decoration sc_button_size_large sc_button_icon_left\" href=\"https:\/\/machera.lu\/?tribe_events=broadway-musical-gala\"><span class=\"sc_button_text\"><span class=\"sc_button_title\">Info \/ Tickets<\/span><\/span><\/a><\/div>\n","protected":false},"author":1,"featured_media":64042,"comment_status":"closed","ping_status":"closed","template":"","meta":{"inline_featured_image":false,"_tribe_events_status":"","_tribe_events_status_reason":"","footnotes":""},"tags":[],"tribe_events_cat":[346,345],"class_list":["post-63429","tribe_events","type-tribe_events","status-publish","has-post-thumbnail","hentry","tribe_events_cat-concert-2","tribe_events_cat-musical-2","cat_concert-2","cat_musical-2"],"_links":{"self":[{"href":"https:\/\/machera.lu\/index.php?rest_route=\/wp\/v2\/tribe_events\/63429","targetHints":{"allow":["GET"]}}],"collection":[{"href":"https:\/\/machera.lu\/index.php?rest_route=\/wp\/v2\/tribe_events"}],"about":[{"href":"https:\/\/machera.lu\/index.php?rest_route=\/wp\/v2\/types\/tribe_events"}],"author":[{"embeddable":true,"href":"https:\/\/machera.lu\/index.php?rest_route=\/wp\/v2\/users\/1"}],"replies":[{"embeddable":true,"href":"https:\/\/machera.lu\/index.php?rest_route=%2Fwp%2Fv2%2Fcomments&post=63429"}],"version-history":[{"count":31,"href":"https:\/\/machera.lu\/index.php?rest_route=\/wp\/v2\/tribe_events\/63429\/revisions"}],"predecessor-version":[{"id":64655,"href":"https:\/\/machera.lu\/index.php?rest_route=\/wp\/v2\/tribe_events\/63429\/revisions\/64655"}],"wp:featuredmedia":[{"embeddable":true,"href":"https:\/\/machera.lu\/index.php?rest_route=\/wp\/v2\/media\/64042"}],"wp:attachment":[{"href":"https:\/\/machera.lu\/index.php?rest_route=%2Fwp%2Fv2%2Fmedia&parent=63429"}],"wp:term":[{"taxonomy":"post_tag","embeddable":true,"href":"https:\/\/machera.lu\/index.php?rest_route=%2Fwp%2Fv2%2Ftags&post=63429"},{"taxonomy":"tribe_events_cat","embeddable":true,"href":"https:\/\/machera.lu\/index.php?rest_route=%2Fwp%2Fv2%2Ftribe_events_cat&post=63429"}],"curies":[{"name":"wp","href":"https:\/\/api.w.org\/{rel}","templated":true}]}}

<p class="" data-start="170" data-end="261"><strong data-start="170" data-end="261">Broadway Musical Gala – Die Highlights der größten Musicals in einer spektakulären Show</strong></p>
<p class="" data-start="263" data-end="744">Tauchen Sie ein in die glitzernde Welt des Broadways! Die „Broadway Musical Gala“ bringt die größten Momente der internationalen Musicalgeschichte auf die Bühne – mitreißend, szenisch, live und voller Emotionen. Freuen Sie sich auf eine musikalische Reise durch Klassiker wie <strong data-start="539" data-end="563">„New York, New York“</strong>, das schillernde und schräge <strong data-start="593" data-end="616">„Rocky Horror Show“</strong>, das geheimnisvolle <strong data-start="637" data-end="659">„Phantom der Oper“</strong>, das düstere und zugleich leidenschaftliche <strong data-start="704" data-end="726">„Tanz der Vampire“</strong> – und viele mehr.</p>
<p class="" data-start="746" data-end="1065">In einer mitreißenden Inszenierung werden die Highlights aus weltbekannten Musicals eindrucksvoll präsentiert. Jede Szene erstrahlt in originalgetreuen, prachtvollen Kostümen und wird mit großem dramaturgischem Gespür auf die Bühne gebracht. Dabei verschmilzt Musik und Theater zu einem unvergesslichen Live-Erlebnis.</p>
<p class="" data-start="1067" data-end="1400">Herausragende Musicaldarstellerinnen und -darsteller, die auf renommierten Bühnen im In- und Ausland zu Hause sind, verleihen jeder Rolle mit stimmlicher Kraft, Ausdruck und Präsenz eine ganz eigene Note. Begleitet werden sie von einer hochkarätig besetzten Live-Band, die den Sound des Broadways direkt ins Herz des Publikums trägt.</p>
<p class="" data-start="1402" data-end="1628">Die kenntnisreiche und charmante Moderation führt durch den Abend, gibt Einblicke in die Entstehungsgeschichte der Musicals, verbindet die Szenen auf unterhaltsame Weise und rundet das Programm informativ wie stimmungsvoll ab.</p>
<p class="" data-start="1630" data-end="1892">Ob Gänsehaut bei dramatischen Balladen, Schmunzeln bei humorvollen Szenen oder Begeisterung bei mitreißenden Ensembles – die „Broadway Musical Gala“ ist ein Abend voller Glanzlichter und Emotionen. Ein Muss für alle Musical-Fans und solche, die es werden wollen!</p>
<div class="sc_item_button sc_button_wrap"><a class="sc_button sc_button_decoration sc_button_size_large sc_button_icon_left" href="https://www.luxembourg-ticket.lu/en/detail/broadway-musical-gala/8/eid,67436/broadway-musical-gala.html"><span class="sc_button_text"><span class="sc_button_title">Tickets</span></span></a></div>
<h6>Tickets zu diesem Event können ebenfalls dienstags und donnerstags von 15 &#8211; 19 Uhr an der Kasse im Kulturzentrum Machera gekauft werden. Die Abendkasse öffnet 2 Stunden vor dem Event.</h6>
<h6>Tickets for this event can also be purchased at the box office in the Machera Cultural Center on Tuesdays and Thursdays from 3 PM to 7 PM. The evening box office opens 2 hours before the event.</h6>
<h6>Les billets pour cet événement peuvent également être achetés à la billetterie du Centre Culturel Machera les mardis et jeudis de 15h à 19h. La billetterie du soir ouvre 2 heures avant l’événement.</h6>

<p>Tauchen Sie ein in die glitzernde Welt des Broadways! Die „Broadway Musical Gala“ bringt die größten Momente der internationalen Musicalgeschichte auf die Bühne – mitreißend, szenisch, live und voller Emotionen.</p>
<p>&nbsp;</p>
<div class="sc_item_button sc_button_wrap"><a class="sc_button sc_button_decoration sc_button_size_large sc_button_icon_left" href="https://machera.lu/?tribe_events=broadway-musical-gala"><span class="sc_button_text"><span class="sc_button_title">Info / Tickets</span></span></a></div>
