{"id":63424,"date":"2025-04-01T06:38:52","date_gmt":"2025-04-01T06:38:52","guid":{"rendered":"https:\/\/machera.lu\/?tribe_events=german-gents"},"modified":"2025-05-21T08:47:12","modified_gmt":"2025-05-21T08:47:12","slug":"german-gents","status":"publish","type":"tribe_events","link":"https:\/\/machera.lu\/?tribe_events=german-gents&lang=fr","title":{"rendered":"German Gents"},"content":{"rendered":"<p class=\"\" data-start=\"0\" data-end=\"729\">Les German Gents sont un quatuor vocal de Berlin, fond\u00e9 en 2018 par des chanteurs issus du Ch\u0153ur d\u2019\u00c9tat et de la Cath\u00e9drale de Berlin. Leur premier succ\u00e8s remonte \u00e0 mai 2019, lorsqu\u2019ils remport\u00e8rent le 1er prix, le prix du public ainsi que deux prix sp\u00e9ciaux suppl\u00e9mentaires lors du concours de chant a cappella \u00e0 Leipzig. Avec un son unique et reconnaissable, les German Gents interpr\u00e8tent lors de leurs concerts des classiques am\u00e9ricains des ann\u00e9es 50 et 60 ainsi que les plus belles chansons allemandes des ann\u00e9es folles. Charmants et cr\u00e9atifs, ils mettent \u00e9galement en contraste des chansons pop modernes avec le chant choral romantique masculin, rendant ainsi hommage \u00e0 la fois \u00e0 leurs racines classiques et \u00e0 leur jeunesse.<\/p>\n<p class=\"\" data-start=\"731\" data-end=\"1096\">Les German Gents r\u00e9pondent actuellement \u00e0 l\u2019invitation de nombreux organisateurs de concerts et de festivals renomm\u00e9s tels que Musica Bayreuth, le Rheingau Musik Festival, le Konzerthaus de Berlin, les Festspiele Mecklenburg-Vorpommern ou encore le festival Live from London Christmas. Ils sont consid\u00e9r\u00e9s comme une \u00e9toile montante dans le ciel du chant a cappella.<\/p>\n<p><\/p>\n<div class=\"sc_item_button sc_button_wrap\"><a class=\"sc_button sc_button_decoration sc_button_size_large sc_button_icon_left\" href=\"https:\/\/www.luxembourg-ticket.lu\/en\/detail\/german-gents\/8\/eid,67456\/german-gents.html\"><span class=\"sc_button_text\"><span class=\"sc_button_title\">Tickets<\/span><\/span><\/a><\/div>\n<h6>Tickets zu diesem Event k\u00f6nnen ebenfalls dienstags und donnerstags von 15 &#8211; 19 Uhr an der Kasse im Kulturzentrum Machera gekauft werden. Die Abendkasse \u00f6ffnet 2 Stunden vor dem Event.<\/h6>\n<h6>Tickets for this event can also be purchased at the box office in the Machera Cultural Center on Tuesdays and Thursdays from 3 PM to 7 PM. The evening box office opens 2 hours before the event.<\/h6>\n<h6>Les billets pour cet \u00e9v\u00e9nement peuvent \u00e9galement \u00eatre achet\u00e9s \u00e0 la billetterie du Centre Culturel Machera les mardis et jeudis de 15h \u00e0 19h. La billetterie du soir ouvre 2 heures avant l\u2019\u00e9v\u00e9nement.<\/h6>\n","protected":false},"excerpt":{"rendered":"<p>Charmants et cr\u00e9atifs, les German Gents mettent \u00e9galement en contraste des chansons pop modernes avec le chant choral romantique masculin, rendant ainsi hommage \u00e0 la fois \u00e0 leurs racines classiques et \u00e0 leur jeunesse.<\/p>\n","protected":false},"author":1,"featured_media":63421,"comment_status":"closed","ping_status":"closed","template":"","meta":{"inline_featured_image":false,"_tribe_events_status":"","_tribe_events_status_reason":"","footnotes":""},"tags":[],"tribe_events_cat":[348],"class_list":["post-63424","tribe_events","type-tribe_events","status-publish","has-post-thumbnail","hentry","tribe_events_cat-concert-fr","cat_concert-fr"],"_links":{"self":[{"href":"https:\/\/machera.lu\/index.php?rest_route=\/wp\/v2\/tribe_events\/63424","targetHints":{"allow":["GET"]}}],"collection":[{"href":"https:\/\/machera.lu\/index.php?rest_route=\/wp\/v2\/tribe_events"}],"about":[{"href":"https:\/\/machera.lu\/index.php?rest_route=\/wp\/v2\/types\/tribe_events"}],"author":[{"embeddable":true,"href":"https:\/\/machera.lu\/index.php?rest_route=\/wp\/v2\/users\/1"}],"replies":[{"embeddable":true,"href":"https:\/\/machera.lu\/index.php?rest_route=%2Fwp%2Fv2%2Fcomments&post=63424"}],"version-history":[{"count":3,"href":"https:\/\/machera.lu\/index.php?rest_route=\/wp\/v2\/tribe_events\/63424\/revisions"}],"predecessor-version":[{"id":63697,"href":"https:\/\/machera.lu\/index.php?rest_route=\/wp\/v2\/tribe_events\/63424\/revisions\/63697"}],"wp:featuredmedia":[{"embeddable":true,"href":"https:\/\/machera.lu\/index.php?rest_route=\/wp\/v2\/media\/63421"}],"wp:attachment":[{"href":"https:\/\/machera.lu\/index.php?rest_route=%2Fwp%2Fv2%2Fmedia&parent=63424"}],"wp:term":[{"taxonomy":"post_tag","embeddable":true,"href":"https:\/\/machera.lu\/index.php?rest_route=%2Fwp%2Fv2%2Ftags&post=63424"},{"taxonomy":"tribe_events_cat","embeddable":true,"href":"https:\/\/machera.lu\/index.php?rest_route=%2Fwp%2Fv2%2Ftribe_events_cat&post=63424"}],"curies":[{"name":"wp","href":"https:\/\/api.w.org\/{rel}","templated":true}]}}

<p class="" data-start="0" data-end="729">Les German Gents sont un quatuor vocal de Berlin, fondé en 2018 par des chanteurs issus du Chœur d’État et de la Cathédrale de Berlin. Leur premier succès remonte à mai 2019, lorsqu’ils remportèrent le 1er prix, le prix du public ainsi que deux prix spéciaux supplémentaires lors du concours de chant a cappella à Leipzig. Avec un son unique et reconnaissable, les German Gents interprètent lors de leurs concerts des classiques américains des années 50 et 60 ainsi que les plus belles chansons allemandes des années folles. Charmants et créatifs, ils mettent également en contraste des chansons pop modernes avec le chant choral romantique masculin, rendant ainsi hommage à la fois à leurs racines classiques et à leur jeunesse.</p>
<p class="" data-start="731" data-end="1096">Les German Gents répondent actuellement à l’invitation de nombreux organisateurs de concerts et de festivals renommés tels que Musica Bayreuth, le Rheingau Musik Festival, le Konzerthaus de Berlin, les Festspiele Mecklenburg-Vorpommern ou encore le festival Live from London Christmas. Ils sont considérés comme une étoile montante dans le ciel du chant a cappella.</p>
<p></p>
<div class="sc_item_button sc_button_wrap"><a class="sc_button sc_button_decoration sc_button_size_large sc_button_icon_left" href="https://www.luxembourg-ticket.lu/en/detail/german-gents/8/eid,67456/german-gents.html"><span class="sc_button_text"><span class="sc_button_title">Tickets</span></span></a></div>
<h6>Tickets zu diesem Event können ebenfalls dienstags und donnerstags von 15 &#8211; 19 Uhr an der Kasse im Kulturzentrum Machera gekauft werden. Die Abendkasse öffnet 2 Stunden vor dem Event.</h6>
<h6>Tickets for this event can also be purchased at the box office in the Machera Cultural Center on Tuesdays and Thursdays from 3 PM to 7 PM. The evening box office opens 2 hours before the event.</h6>
<h6>Les billets pour cet événement peuvent également être achetés à la billetterie du Centre Culturel Machera les mardis et jeudis de 15h à 19h. La billetterie du soir ouvre 2 heures avant l’événement.</h6>

<p>Charmants et créatifs, les German Gents mettent également en contraste des chansons pop modernes avec le chant choral romantique masculin, rendant ainsi hommage à la fois à leurs racines classiques et à leur jeunesse.</p>
