{"id":63423,"date":"2025-04-01T06:38:52","date_gmt":"2025-04-01T06:38:52","guid":{"rendered":"https:\/\/machera.lu\/?tribe_events=german-gents"},"modified":"2025-05-21T08:46:49","modified_gmt":"2025-05-21T08:46:49","slug":"german-gents","status":"publish","type":"tribe_events","link":"https:\/\/machera.lu\/?tribe_events=german-gents&lang=en","title":{"rendered":"German Gents"},"content":{"rendered":"<p class=\"\" data-start=\"0\" data-end=\"619\">The German Gents are a vocal quartet from Berlin, founded in 2018 by singers from the State and Cathedral Choir of Berlin. Their first major success came in May 2019 at the a cappella competition held in Leipzig, where they won first prize, the audience award, and two additional special prizes. With their unmistakable sound, the German Gents perform American classics from the 1950s and 60s as well as the most beautiful German songs of the golden 1920s. Charming and creative, they also juxtapose modern pop songs with romantic male choral music, staying true both to their classical roots and their youthful spirit.<\/p>\n<p class=\"\" data-start=\"621\" data-end=\"945\">The German Gents are currently responding to invitations from numerous concert organizers and renowned festivals such as Musica Bayreuth, Rheingau Music Festival, Konzerthaus Berlin, Festspiele Mecklenburg-Vorpommern, and the Live from London Christmas Festival. They are celebrated as a rising star in the a cappella world.<\/p>\n<p><\/p>\n<div class=\"sc_item_button sc_button_wrap\"><a class=\"sc_button sc_button_decoration sc_button_size_large sc_button_icon_left\" href=\"https:\/\/www.luxembourg-ticket.lu\/en\/detail\/german-gents\/8\/eid,67456\/german-gents.html\"><span class=\"sc_button_text\"><span class=\"sc_button_title\">Tickets<\/span><\/span><\/a><\/div>\n<h6>Tickets zu diesem Event k\u00f6nnen ebenfalls dienstags und donnerstags von 15 &#8211; 19 Uhr an der Kasse im Kulturzentrum Machera gekauft werden. Die Abendkasse \u00f6ffnet 2 Stunden vor dem Event.<\/h6>\n<h6>Tickets for this event can also be purchased at the box office in the Machera Cultural Center on Tuesdays and Thursdays from 3 PM to 7 PM. The evening box office opens 2 hours before the event.<\/h6>\n<h6>Les billets pour cet \u00e9v\u00e9nement peuvent \u00e9galement \u00eatre achet\u00e9s \u00e0 la billetterie du Centre Culturel Machera les mardis et jeudis de 15h \u00e0 19h. La billetterie du soir ouvre 2 heures avant l\u2019\u00e9v\u00e9nement.<\/h6>\n","protected":false},"excerpt":{"rendered":"<p>Charming and creative, the German Gents juxtapose modern pop songs with romantic male choral music, staying true both to their classical roots and their youthful spirit.<\/p>\n","protected":false},"author":1,"featured_media":63420,"comment_status":"closed","ping_status":"closed","template":"","meta":{"inline_featured_image":false,"_tribe_events_status":"","_tribe_events_status_reason":"","footnotes":""},"tags":[],"tribe_events_cat":[347],"class_list":["post-63423","tribe_events","type-tribe_events","status-publish","has-post-thumbnail","hentry","tribe_events_cat-concert-en","cat_concert-en"],"_links":{"self":[{"href":"https:\/\/machera.lu\/index.php?rest_route=\/wp\/v2\/tribe_events\/63423","targetHints":{"allow":["GET"]}}],"collection":[{"href":"https:\/\/machera.lu\/index.php?rest_route=\/wp\/v2\/tribe_events"}],"about":[{"href":"https:\/\/machera.lu\/index.php?rest_route=\/wp\/v2\/types\/tribe_events"}],"author":[{"embeddable":true,"href":"https:\/\/machera.lu\/index.php?rest_route=\/wp\/v2\/users\/1"}],"replies":[{"embeddable":true,"href":"https:\/\/machera.lu\/index.php?rest_route=%2Fwp%2Fv2%2Fcomments&post=63423"}],"version-history":[{"count":3,"href":"https:\/\/machera.lu\/index.php?rest_route=\/wp\/v2\/tribe_events\/63423\/revisions"}],"predecessor-version":[{"id":63695,"href":"https:\/\/machera.lu\/index.php?rest_route=\/wp\/v2\/tribe_events\/63423\/revisions\/63695"}],"wp:featuredmedia":[{"embeddable":true,"href":"https:\/\/machera.lu\/index.php?rest_route=\/wp\/v2\/media\/63420"}],"wp:attachment":[{"href":"https:\/\/machera.lu\/index.php?rest_route=%2Fwp%2Fv2%2Fmedia&parent=63423"}],"wp:term":[{"taxonomy":"post_tag","embeddable":true,"href":"https:\/\/machera.lu\/index.php?rest_route=%2Fwp%2Fv2%2Ftags&post=63423"},{"taxonomy":"tribe_events_cat","embeddable":true,"href":"https:\/\/machera.lu\/index.php?rest_route=%2Fwp%2Fv2%2Ftribe_events_cat&post=63423"}],"curies":[{"name":"wp","href":"https:\/\/api.w.org\/{rel}","templated":true}]}}

<p class="" data-start="0" data-end="619">The German Gents are a vocal quartet from Berlin, founded in 2018 by singers from the State and Cathedral Choir of Berlin. Their first major success came in May 2019 at the a cappella competition held in Leipzig, where they won first prize, the audience award, and two additional special prizes. With their unmistakable sound, the German Gents perform American classics from the 1950s and 60s as well as the most beautiful German songs of the golden 1920s. Charming and creative, they also juxtapose modern pop songs with romantic male choral music, staying true both to their classical roots and their youthful spirit.</p>
<p class="" data-start="621" data-end="945">The German Gents are currently responding to invitations from numerous concert organizers and renowned festivals such as Musica Bayreuth, Rheingau Music Festival, Konzerthaus Berlin, Festspiele Mecklenburg-Vorpommern, and the Live from London Christmas Festival. They are celebrated as a rising star in the a cappella world.</p>
<p></p>
<div class="sc_item_button sc_button_wrap"><a class="sc_button sc_button_decoration sc_button_size_large sc_button_icon_left" href="https://www.luxembourg-ticket.lu/en/detail/german-gents/8/eid,67456/german-gents.html"><span class="sc_button_text"><span class="sc_button_title">Tickets</span></span></a></div>
<h6>Tickets zu diesem Event können ebenfalls dienstags und donnerstags von 15 &#8211; 19 Uhr an der Kasse im Kulturzentrum Machera gekauft werden. Die Abendkasse öffnet 2 Stunden vor dem Event.</h6>
<h6>Tickets for this event can also be purchased at the box office in the Machera Cultural Center on Tuesdays and Thursdays from 3 PM to 7 PM. The evening box office opens 2 hours before the event.</h6>
<h6>Les billets pour cet événement peuvent également être achetés à la billetterie du Centre Culturel Machera les mardis et jeudis de 15h à 19h. La billetterie du soir ouvre 2 heures avant l’événement.</h6>
