{"id":63394,"date":"2025-04-01T06:11:07","date_gmt":"2025-04-01T06:11:07","guid":{"rendered":"https:\/\/machera.lu\/?tribe_events=the-musical-story-of-elvis"},"modified":"2025-04-15T06:14:17","modified_gmt":"2025-04-15T06:14:17","slug":"the-musical-story-of-elvis","status":"publish","type":"tribe_events","link":"https:\/\/machera.lu\/?tribe_events=the-musical-story-of-elvis&lang=fr","title":{"rendered":"The musical story of Elvis"},"content":{"rendered":"<p class=\"\" data-start=\"0\" data-end=\"183\"><strong data-start=\"0\" data-end=\"73\">THE MUSICAL STORY OF ELVIS \u2013 La R\u00e9surrection du King du Rock &#8217;n&#8216; Roll<\/strong><br data-start=\"73\" data-end=\"76\" \/>Deux heures de musique et de passion. En 2025, ce spectacle c\u00e9l\u00e8bre en direct le 90e anniversaire du King !<\/p>\n<p class=\"\" data-start=\"185\" data-end=\"426\">Le King est vivant \u2013 et CETTE FOIS, c\u2019est vrai : <strong data-start=\"234\" data-end=\"264\">THE MUSICAL STORY OF ELVIS<\/strong> redonne vie \u00e0 Elvis Presley, en faisant revivre le son, l\u2019esprit et l\u2019enthousiasme autour de sa musique \u2013 dans le pur style de ses l\u00e9gendaires shows \u00e0 Las Vegas.<\/p>\n<p class=\"\" data-start=\"428\" data-end=\"732\">Ce spectacle musical est un incontournable, m\u00eame pour ceux qui ne sont pas des fans inconditionnels d\u2019Elvis. Car quoi de mieux pour c\u00e9l\u00e9brer le 90e anniversaire de l\u2019inventeur du rock &#8217;n&#8216; roll que cette sensation unique de le voir chanter et danser devant soi, comme s\u2019il n\u2019avait jamais quitt\u00e9 la sc\u00e8ne ?<\/p>\n<p class=\"\" data-start=\"734\" data-end=\"1118\">L\u2019artiste <strong data-start=\"744\" data-end=\"763\">Nils Strassburg<\/strong> transforme ces deux heures de concert en un voyage musical puissant et passionn\u00e9 \u00e0 travers le temps, gr\u00e2ce \u00e0 sa voix, son c\u00e9l\u00e8bre d\u00e9hanch\u00e9 et ses tenues fid\u00e8les \u00e0 l\u2019original, accompagn\u00e9 par le groupe de dix musiciens <strong data-start=\"981\" data-end=\"1004\">\u00ab The Roll Agents \u00bb<\/strong>.<br data-start=\"1005\" data-end=\"1008\" \/>\u00c9lu meilleur interpr\u00e8te d\u2019Elvis en Allemagne par Time Warner, il fait honneur \u00e0 ce titre \u00e0 chaque performance.<\/p>\n<p class=\"\" data-start=\"1120\" data-end=\"1438\">Avec des titres immortels comme <em data-start=\"1152\" data-end=\"1214\">\u00ab Blue Suede Shoes \u00bb, \u00ab Jailhouse Rock \u00bb, \u00ab Love Me Tender \u00bb<\/em> ou <em data-start=\"1218\" data-end=\"1237\">\u00ab In The Ghetto \u00bb<\/em>, Nils \u2013 dans la peau d\u2019Elvis \u2013 fait briller les yeux du public et danser les pieds. Les \u00e9motions sont palpables, comme si la l\u00e9gende elle-m\u00eame foulait la sc\u00e8ne, port\u00e9e par l\u2019amour \u00e9ternel de ses fans.<\/p>\n<p><\/p>\n<div class=\"sc_item_button sc_button_wrap\"><a class=\"sc_button sc_button_decoration sc_button_size_large sc_button_icon_left\" href=\"http:\/\/tickets.luxembourg-ticket.lu\/38308\"><span class=\"sc_button_text\"><span class=\"sc_button_title\">Tickets<\/span><\/span><\/a><\/div>\n<h6>Tickets zu diesem Event k\u00f6nnen ebenfalls dienstags und donnerstags von 15 &#8211; 19 Uhr an der Kasse im Kulturzentrum Machera gekauft werden. Die Abendkasse \u00f6ffnet 2 Stunden vor dem Event.<\/h6>\n<h6>Tickets for this event can also be purchased at the box office in the Machera Cultural Center on Tuesdays and Thursdays from 3 PM to 7 PM. The evening box office opens 2 hours before the event.<\/h6>\n<h6>Les billets pour cet \u00e9v\u00e9nement peuvent \u00e9galement \u00eatre achet\u00e9s \u00e0 la billetterie du Centre Culturel Machera les mardis et jeudis de 15h \u00e0 19h. La billetterie du soir ouvre 2 heures avant l\u2019\u00e9v\u00e9nement.<\/h6>\n","protected":false},"excerpt":{"rendered":"<p>THE MUSICAL STORY OF ELVIS \u2013 La R\u00e9surrection du King du Rock &#8217;n&#8216; Roll &#8211; Deux heures de musique et de passion. En 2025, ce spectacle c\u00e9l\u00e8bre en direct le 90e anniversaire du King !<\/p>\n","protected":false},"author":1,"featured_media":63391,"comment_status":"closed","ping_status":"closed","template":"","meta":{"inline_featured_image":false,"_tribe_events_status":"","_tribe_events_status_reason":"","footnotes":""},"tags":[],"tribe_events_cat":[348],"class_list":["post-63394","tribe_events","type-tribe_events","status-publish","has-post-thumbnail","hentry","tribe_events_cat-concert-fr","cat_concert-fr"],"_links":{"self":[{"href":"https:\/\/machera.lu\/index.php?rest_route=\/wp\/v2\/tribe_events\/63394","targetHints":{"allow":["GET"]}}],"collection":[{"href":"https:\/\/machera.lu\/index.php?rest_route=\/wp\/v2\/tribe_events"}],"about":[{"href":"https:\/\/machera.lu\/index.php?rest_route=\/wp\/v2\/types\/tribe_events"}],"author":[{"embeddable":true,"href":"https:\/\/machera.lu\/index.php?rest_route=\/wp\/v2\/users\/1"}],"replies":[{"embeddable":true,"href":"https:\/\/machera.lu\/index.php?rest_route=%2Fwp%2Fv2%2Fcomments&post=63394"}],"version-history":[{"count":3,"href":"https:\/\/machera.lu\/index.php?rest_route=\/wp\/v2\/tribe_events\/63394\/revisions"}],"predecessor-version":[{"id":64666,"href":"https:\/\/machera.lu\/index.php?rest_route=\/wp\/v2\/tribe_events\/63394\/revisions\/64666"}],"wp:featuredmedia":[{"embeddable":true,"href":"https:\/\/machera.lu\/index.php?rest_route=\/wp\/v2\/media\/63391"}],"wp:attachment":[{"href":"https:\/\/machera.lu\/index.php?rest_route=%2Fwp%2Fv2%2Fmedia&parent=63394"}],"wp:term":[{"taxonomy":"post_tag","embeddable":true,"href":"https:\/\/machera.lu\/index.php?rest_route=%2Fwp%2Fv2%2Ftags&post=63394"},{"taxonomy":"tribe_events_cat","embeddable":true,"href":"https:\/\/machera.lu\/index.php?rest_route=%2Fwp%2Fv2%2Ftribe_events_cat&post=63394"}],"curies":[{"name":"wp","href":"https:\/\/api.w.org\/{rel}","templated":true}]}}

<p class="" data-start="0" data-end="183"><strong data-start="0" data-end="73">THE MUSICAL STORY OF ELVIS – La Résurrection du King du Rock &#8217;n&#8216; Roll</strong><br data-start="73" data-end="76" />Deux heures de musique et de passion. En 2025, ce spectacle célèbre en direct le 90e anniversaire du King !</p>
<p class="" data-start="185" data-end="426">Le King est vivant – et CETTE FOIS, c’est vrai : <strong data-start="234" data-end="264">THE MUSICAL STORY OF ELVIS</strong> redonne vie à Elvis Presley, en faisant revivre le son, l’esprit et l’enthousiasme autour de sa musique – dans le pur style de ses légendaires shows à Las Vegas.</p>
<p class="" data-start="428" data-end="732">Ce spectacle musical est un incontournable, même pour ceux qui ne sont pas des fans inconditionnels d’Elvis. Car quoi de mieux pour célébrer le 90e anniversaire de l’inventeur du rock &#8217;n&#8216; roll que cette sensation unique de le voir chanter et danser devant soi, comme s’il n’avait jamais quitté la scène ?</p>
<p class="" data-start="734" data-end="1118">L’artiste <strong data-start="744" data-end="763">Nils Strassburg</strong> transforme ces deux heures de concert en un voyage musical puissant et passionné à travers le temps, grâce à sa voix, son célèbre déhanché et ses tenues fidèles à l’original, accompagné par le groupe de dix musiciens <strong data-start="981" data-end="1004">« The Roll Agents »</strong>.<br data-start="1005" data-end="1008" />Élu meilleur interprète d’Elvis en Allemagne par Time Warner, il fait honneur à ce titre à chaque performance.</p>
<p class="" data-start="1120" data-end="1438">Avec des titres immortels comme <em data-start="1152" data-end="1214">« Blue Suede Shoes », « Jailhouse Rock », « Love Me Tender »</em> ou <em data-start="1218" data-end="1237">« In The Ghetto »</em>, Nils – dans la peau d’Elvis – fait briller les yeux du public et danser les pieds. Les émotions sont palpables, comme si la légende elle-même foulait la scène, portée par l’amour éternel de ses fans.</p>
<p></p>
<div class="sc_item_button sc_button_wrap"><a class="sc_button sc_button_decoration sc_button_size_large sc_button_icon_left" href="http://tickets.luxembourg-ticket.lu/38308"><span class="sc_button_text"><span class="sc_button_title">Tickets</span></span></a></div>
<h6>Tickets zu diesem Event können ebenfalls dienstags und donnerstags von 15 &#8211; 19 Uhr an der Kasse im Kulturzentrum Machera gekauft werden. Die Abendkasse öffnet 2 Stunden vor dem Event.</h6>
<h6>Tickets for this event can also be purchased at the box office in the Machera Cultural Center on Tuesdays and Thursdays from 3 PM to 7 PM. The evening box office opens 2 hours before the event.</h6>
<h6>Les billets pour cet événement peuvent également être achetés à la billetterie du Centre Culturel Machera les mardis et jeudis de 15h à 19h. La billetterie du soir ouvre 2 heures avant l’événement.</h6>

<p>THE MUSICAL STORY OF ELVIS – La Résurrection du King du Rock &#8217;n&#8216; Roll &#8211; Deux heures de musique et de passion. En 2025, ce spectacle célèbre en direct le 90e anniversaire du King !</p>
