{"id":63388,"date":"2025-04-01T06:11:07","date_gmt":"2025-04-01T06:11:07","guid":{"rendered":"https:\/\/machera.lu\/?post_type=tribe_events&#038;p=63388"},"modified":"2025-05-21T06:16:30","modified_gmt":"2025-05-21T06:16:30","slug":"the-musical-story-of-elvis","status":"publish","type":"tribe_events","link":"https:\/\/machera.lu\/?tribe_events=the-musical-story-of-elvis","title":{"rendered":"The musical story of Elvis"},"content":{"rendered":"<p>THE MUSICAL STORY OF ELVIS &#8211; die Wiederauferstehung des King of Rock &#8217;n&#8216; Roll. Zwei Stunden voller Sound und Leidenschaft. 2025 feiert das Spektakel seinen 90. Geburtstag live!<\/p>\n<p><b>Der King lebt \u2013 und DIESES MAL stimmt es wirklich: THE MUSICAL STORY OF ELVIS erweckt Elvis Presley zum Leben und bringt den Sound, das Lebensgef\u00fchl und die Begeisterung f\u00fcr Elvis und seine Musik auf die B\u00fchne \u2013 ganz im Stil seiner sagenumwobenen Las Vegas Shows.<br \/>\n<\/b><br \/>\nDieses Musik-Spektakel d\u00fcrfen nicht nur Elvis-Fans auf keinen Fall verpassen. Denn wie k\u00f6nnte man den Erfinder des Rock &#8217;n&#8216; Roll besser zu seinem 90. Geburtstag zelebrieren als mit dem einmaligen Gef\u00fchl, ihn wahrhaftig vor sich auf der B\u00fchne singen und tanzen zu sehen! Dartseller Nils Strassburg macht das zweist\u00fcndige Live-Erlebnis mit seiner Stimme, dem richtigen H\u00fcftschwung und Outfit gemeinsam mit der 10-k\u00f6pfigen Showband \u201eThe Roll Agents\u201c zu einer kraftvollen und leidenschaftlichen musikalischen Tribute-Reise durch die Zeit. Daf\u00fcr wurde er von Time Warner zum besten Elvis-Interpreten Deutschlands gek\u00fcrt und macht dieser Auszeichnung alle Ehre. Mit unsterblichen Hits wie \u201eBlue Suede Shoes\u201c, \u201eJailhouse Rock\u201c, \u201eLove Me Tender\u201c oder \u201eIn The Ghetto\u201c bringt Nils als Elvis die Augen der Zuschauer zum Leuchten und die F\u00fc\u00dfe zum Tanzen. <b>Die Emotionen sind greifbar, als ob die Legende selbst \u00fcber die B\u00fchne schreiten w\u00fcrde, begleitet von der ewigen Liebe seiner Fans.<\/b><\/p>\n<p><\/br><\/p>\n<div class=\"sc_item_button sc_button_wrap\"><a class=\"sc_button sc_button_decoration sc_button_size_large sc_button_icon_left\" href=\"http:\/\/tickets.luxembourg-ticket.lu\/38308\"><span class=\"sc_button_text\"><span class=\"sc_button_title\">Tickets<\/span><\/span><\/a><\/div>\n<h6>Tickets zu diesem Event k\u00f6nnen ebenfalls dienstags und donnerstags von 15 &#8211; 19 Uhr an der Kasse im Kulturzentrum Machera gekauft werden. Die Abendkasse \u00f6ffnet 2 Stunden vor dem Event.<\/h6>\n<h6>Tickets for this event can also be purchased at the box office in the Machera Cultural Center on Tuesdays and Thursdays from 3 PM to 7 PM. The evening box office opens 2 hours before the event.<\/h6>\n<h6>Les billets pour cet \u00e9v\u00e9nement peuvent \u00e9galement \u00eatre achet\u00e9s \u00e0 la billetterie du Centre Culturel Machera les mardis et jeudis de 15h \u00e0 19h. La billetterie du soir ouvre 2 heures avant l\u2019\u00e9v\u00e9nement.<\/h6>\n","protected":false},"excerpt":{"rendered":"<p>THE MUSICAL STORY OF ELVIS &#8211; die Wiederauferstehung des King of Rock &#8217;n&#8216; Roll. Zwei Stunden voller Sound und Leidenschaft. 2025 feiert das Spektakel seinen 90. Geburtstag live!<\/p>\n","protected":false},"author":1,"featured_media":63389,"comment_status":"closed","ping_status":"closed","template":"","meta":{"inline_featured_image":false,"_tribe_events_status":"","_tribe_events_status_reason":"","footnotes":""},"tags":[],"tribe_events_cat":[346],"class_list":["post-63388","tribe_events","type-tribe_events","status-publish","has-post-thumbnail","hentry","tribe_events_cat-concert-2","cat_concert-2"],"_links":{"self":[{"href":"https:\/\/machera.lu\/index.php?rest_route=\/wp\/v2\/tribe_events\/63388","targetHints":{"allow":["GET"]}}],"collection":[{"href":"https:\/\/machera.lu\/index.php?rest_route=\/wp\/v2\/tribe_events"}],"about":[{"href":"https:\/\/machera.lu\/index.php?rest_route=\/wp\/v2\/types\/tribe_events"}],"author":[{"embeddable":true,"href":"https:\/\/machera.lu\/index.php?rest_route=\/wp\/v2\/users\/1"}],"replies":[{"embeddable":true,"href":"https:\/\/machera.lu\/index.php?rest_route=%2Fwp%2Fv2%2Fcomments&post=63388"}],"version-history":[{"count":5,"href":"https:\/\/machera.lu\/index.php?rest_route=\/wp\/v2\/tribe_events\/63388\/revisions"}],"predecessor-version":[{"id":63691,"href":"https:\/\/machera.lu\/index.php?rest_route=\/wp\/v2\/tribe_events\/63388\/revisions\/63691"}],"wp:featuredmedia":[{"embeddable":true,"href":"https:\/\/machera.lu\/index.php?rest_route=\/wp\/v2\/media\/63389"}],"wp:attachment":[{"href":"https:\/\/machera.lu\/index.php?rest_route=%2Fwp%2Fv2%2Fmedia&parent=63388"}],"wp:term":[{"taxonomy":"post_tag","embeddable":true,"href":"https:\/\/machera.lu\/index.php?rest_route=%2Fwp%2Fv2%2Ftags&post=63388"},{"taxonomy":"tribe_events_cat","embeddable":true,"href":"https:\/\/machera.lu\/index.php?rest_route=%2Fwp%2Fv2%2Ftribe_events_cat&post=63388"}],"curies":[{"name":"wp","href":"https:\/\/api.w.org\/{rel}","templated":true}]}}

<p>THE MUSICAL STORY OF ELVIS &#8211; die Wiederauferstehung des King of Rock &#8217;n&#8216; Roll. Zwei Stunden voller Sound und Leidenschaft. 2025 feiert das Spektakel seinen 90. Geburtstag live!</p>
<p><b>Der King lebt – und DIESES MAL stimmt es wirklich: THE MUSICAL STORY OF ELVIS erweckt Elvis Presley zum Leben und bringt den Sound, das Lebensgefühl und die Begeisterung für Elvis und seine Musik auf die Bühne – ganz im Stil seiner sagenumwobenen Las Vegas Shows.<br />
</b><br />
Dieses Musik-Spektakel dürfen nicht nur Elvis-Fans auf keinen Fall verpassen. Denn wie könnte man den Erfinder des Rock &#8217;n&#8216; Roll besser zu seinem 90. Geburtstag zelebrieren als mit dem einmaligen Gefühl, ihn wahrhaftig vor sich auf der Bühne singen und tanzen zu sehen! Dartseller Nils Strassburg macht das zweistündige Live-Erlebnis mit seiner Stimme, dem richtigen Hüftschwung und Outfit gemeinsam mit der 10-köpfigen Showband „The Roll Agents“ zu einer kraftvollen und leidenschaftlichen musikalischen Tribute-Reise durch die Zeit. Dafür wurde er von Time Warner zum besten Elvis-Interpreten Deutschlands gekürt und macht dieser Auszeichnung alle Ehre. Mit unsterblichen Hits wie „Blue Suede Shoes“, „Jailhouse Rock“, „Love Me Tender“ oder „In The Ghetto“ bringt Nils als Elvis die Augen der Zuschauer zum Leuchten und die Füße zum Tanzen. <b>Die Emotionen sind greifbar, als ob die Legende selbst über die Bühne schreiten würde, begleitet von der ewigen Liebe seiner Fans.</b></p>
<p></br></p>
<div class="sc_item_button sc_button_wrap"><a class="sc_button sc_button_decoration sc_button_size_large sc_button_icon_left" href="http://tickets.luxembourg-ticket.lu/38308"><span class="sc_button_text"><span class="sc_button_title">Tickets</span></span></a></div>
<h6>Tickets zu diesem Event können ebenfalls dienstags und donnerstags von 15 &#8211; 19 Uhr an der Kasse im Kulturzentrum Machera gekauft werden. Die Abendkasse öffnet 2 Stunden vor dem Event.</h6>
<h6>Tickets for this event can also be purchased at the box office in the Machera Cultural Center on Tuesdays and Thursdays from 3 PM to 7 PM. The evening box office opens 2 hours before the event.</h6>
<h6>Les billets pour cet événement peuvent également être achetés à la billetterie du Centre Culturel Machera les mardis et jeudis de 15h à 19h. La billetterie du soir ouvre 2 heures avant l’événement.</h6>
