{"id":63334,"date":"2025-03-12T09:03:47","date_gmt":"2025-03-12T09:03:47","guid":{"rendered":"https:\/\/machera.lu\/?tribe_events=concert-mat-den-orchestere-vu-musekschoulen-aus-europaeesche-waein-regiounen"},"modified":"2025-03-27T09:25:21","modified_gmt":"2025-03-27T09:25:21","slug":"concert-mat-den-orchestere-vu-musekschoulen-aus-europaeesche-waein-regiounen","status":"publish","type":"tribe_events","link":"https:\/\/machera.lu\/?tribe_events=concert-mat-den-orchestere-vu-musekschoulen-aus-europaeesche-waein-regiounen&lang=en","title":{"rendered":"Concert mat den Orchestere vu Musekschoulen aus europ\u00e4esche W\u00e4in-Regiounen"},"content":{"rendered":"<p>M\u00ebttwochs, de 26. Februar 2025 huet d\u2019Regional Maacher Musekschoul zu Klosterneuburg an \u00cbisterr\u00e4ich eng Partnerschaft mat 4 aner europ\u00e4esche Musekschoulen aus W\u00e4in-Regiounen \u00ebnnerschriwwen.<\/p>\n<p><strong>D\u00e9i 4 Partner-Musekschoule sinn:<\/strong><\/p>\n<ul>\n<li>Kreismusikschule<br \/>\nSu\u0308dliche Weinstra\u00dfe<br \/>\nLandau (D\u00e4itschland)<\/li>\n<li>\u00c9cole municipale Bol\u00e9rO<br \/>\nmusique et danse<br \/>\nOberhausbergen-Mittelhausbergen (Frankr\u00e4ich)<\/li>\n<li>J.G. Albrechtsberger Musikschule<br \/>\nKlosterneuburg (Eisterr\u00e4ich)<\/li>\n<li>Cserm\u00e1k Antal<br \/>\nElementary School of Art<br \/>\nVeszpr\u00e9m(Ungarn)<\/li>\n<\/ul>\n<p><strong>Zil vun der Partnerschaft<\/strong><\/p>\n<p>D&#8217;Partner verpflichte sech, d&#8217;musikalesch a kulturell Bildung vun hire Schu\u0308ler duerch gemeinsam Aktivit\u00e9iten a Projeten ze ber\u00e4icheren an d&#8217;Versteesdemech an d&#8217;Fr\u00ebndschaft t\u00ebscht den Musekschoulen ze verd\u00e9iwen. D\u00ebst soll am Interesse vun de Jonken an de Schu\u0308ler gesch\u00e9ien an zur F\u00ebrderung vun engem oppenen, grenziwwerschreidenden Europa b\u00e4idroen.<\/p>\n<p><strong>Geplangte gemeinsam Aktivit\u00e9iten<\/strong><\/p>\n<ul>\n<li>Schu\u0308leraustausch, Programmer<\/li>\n<li>Enseignants-Austausch a Fortbildungen<\/li>\n<li>gemeinsam Concerten<\/li>\n<li>aner musikalesch Projeten<\/li>\n<\/ul>\n<p><strong>Eischte gemeinsame Projet<\/strong><\/p>\n<p>Samschdes, de 14. Juni 2025, um 18.30 Auer, f\u00ebnnt am Centre culturel Machera en \u00e9ischte gemeinsame Concert, mat der Participatioun vun den Orchestere vun de 5 Partner-Musekschoulen statt.<\/p>\n","protected":false},"excerpt":{"rendered":"<p>Samschdes, de 14. Juni 2025, um 18.30 Auer, f\u00ebnnt en \u00e9ischte gemeinsame Concert, mat der Participatioun vun den Orchestere vun de 5 Partner-Musekschoule vun der Regionaler Maacher Musekschoul statt.<\/p>\n","protected":false},"author":1,"featured_media":63381,"comment_status":"closed","ping_status":"closed","template":"","meta":{"inline_featured_image":false,"_tribe_events_status":"","_tribe_events_status_reason":"","footnotes":""},"tags":[],"tribe_events_cat":[347],"class_list":["post-63334","tribe_events","type-tribe_events","status-publish","has-post-thumbnail","hentry","tribe_events_cat-concert-en","cat_concert-en"],"_links":{"self":[{"href":"https:\/\/machera.lu\/index.php?rest_route=\/wp\/v2\/tribe_events\/63334","targetHints":{"allow":["GET"]}}],"collection":[{"href":"https:\/\/machera.lu\/index.php?rest_route=\/wp\/v2\/tribe_events"}],"about":[{"href":"https:\/\/machera.lu\/index.php?rest_route=\/wp\/v2\/types\/tribe_events"}],"author":[{"embeddable":true,"href":"https:\/\/machera.lu\/index.php?rest_route=\/wp\/v2\/users\/1"}],"replies":[{"embeddable":true,"href":"https:\/\/machera.lu\/index.php?rest_route=%2Fwp%2Fv2%2Fcomments&post=63334"}],"version-history":[{"count":1,"href":"https:\/\/machera.lu\/index.php?rest_route=\/wp\/v2\/tribe_events\/63334\/revisions"}],"predecessor-version":[{"id":63383,"href":"https:\/\/machera.lu\/index.php?rest_route=\/wp\/v2\/tribe_events\/63334\/revisions\/63383"}],"wp:featuredmedia":[{"embeddable":true,"href":"https:\/\/machera.lu\/index.php?rest_route=\/wp\/v2\/media\/63381"}],"wp:attachment":[{"href":"https:\/\/machera.lu\/index.php?rest_route=%2Fwp%2Fv2%2Fmedia&parent=63334"}],"wp:term":[{"taxonomy":"post_tag","embeddable":true,"href":"https:\/\/machera.lu\/index.php?rest_route=%2Fwp%2Fv2%2Ftags&post=63334"},{"taxonomy":"tribe_events_cat","embeddable":true,"href":"https:\/\/machera.lu\/index.php?rest_route=%2Fwp%2Fv2%2Ftribe_events_cat&post=63334"}],"curies":[{"name":"wp","href":"https:\/\/api.w.org\/{rel}","templated":true}]}}

Concert mat den Orchestere vu Musekschoulen aus europäesche Wäin-Regiounen

<p>Mëttwochs, de 26. Februar 2025 huet d’Regional Maacher Musekschoul zu Klosterneuburg an Ëisterräich eng Partnerschaft mat 4 aner europäesche Musekschoulen aus Wäin-Regiounen ënnerschriwwen.</p>
<p><strong>Déi 4 Partner-Musekschoule sinn:</strong></p>
<ul>
<li>Kreismusikschule<br />
Südliche Weinstraße<br />
Landau (Däitschland)</li>
<li>École municipale BolérO<br />
musique et danse<br />
Oberhausbergen-Mittelhausbergen (Frankräich)</li>
<li>J.G. Albrechtsberger Musikschule<br />
Klosterneuburg (Eisterräich)</li>
<li>Csermák Antal<br />
Elementary School of Art<br />
Veszprém(Ungarn)</li>
</ul>
<p><strong>Zil vun der Partnerschaft</strong></p>
<p>D&#8217;Partner verpflichte sech, d&#8217;musikalesch a kulturell Bildung vun hire Schüler duerch gemeinsam Aktivitéiten a Projeten ze beräicheren an d&#8217;Versteesdemech an d&#8217;Frëndschaft tëscht den Musekschoulen ze verdéiwen. Dëst soll am Interesse vun de Jonken an de Schüler geschéien an zur Fërderung vun engem oppenen, grenziwwerschreidenden Europa bäidroen.</p>
<p><strong>Geplangte gemeinsam Aktivitéiten</strong></p>
<ul>
<li>Schüleraustausch, Programmer</li>
<li>Enseignants-Austausch a Fortbildungen</li>
<li>gemeinsam Concerten</li>
<li>aner musikalesch Projeten</li>
</ul>
<p><strong>Eischte gemeinsame Projet</strong></p>
<p>Samschdes, de 14. Juni 2025, um 18.30 Auer, fënnt am Centre culturel Machera en éischte gemeinsame Concert, mat der Participatioun vun den Orchestere vun de 5 Partner-Musekschoulen statt.</p>

<p>Samschdes, de 14. Juni 2025, um 18.30 Auer, fënnt en éischte gemeinsame Concert, mat der Participatioun vun den Orchestere vun de 5 Partner-Musekschoule vun der Regionaler Maacher Musekschoul statt.</p>
