{"id":63052,"date":"2025-02-07T10:29:08","date_gmt":"2025-02-07T10:29:08","guid":{"rendered":"https:\/\/machera.lu\/?tribe_events=dracula-vampire-hexen-co"},"modified":"2025-02-13T15:06:34","modified_gmt":"2025-02-13T15:06:34","slug":"dracula-vampire-hexen-co","status":"publish","type":"tribe_events","link":"https:\/\/machera.lu\/?tribe_events=dracula-vampire-hexen-co&lang=fr","title":{"rendered":"Dracula, Vampires, Sorci\u00e8res &#038; Cie"},"content":{"rendered":"<p>La com\u00e9die musicale est un genre en constante \u00e9volution, toujours ouvert aux tendances de son \u00e9poque. Elle fusionne en une parfaite harmonie le texte, la musique et la mise en sc\u00e8ne, synth\u00e9tisant les nombreux moyens d\u2019expression \u00e0 sa disposition pour cr\u00e9er une \u0153uvre coh\u00e9rente et captivante.<\/p>\n<p>La com\u00e9die musicale est un art de notre temps.<\/p>\n<p>Horreur, frissons, myst\u00e8re, \u00e9clat. Les &#8222;Grusicals&#8220; sont au c\u0153ur de cette soir\u00e9e, avec des extraits sc\u00e9niques de Tanz der Vampire, Wicked, Jekyll &amp; Hyde, Le Fant\u00f4me de l&#8217;Op\u00e9ra, The Rocky Horror Show, entre autres. Riche en expressions faciales, les chanteurs racontent leurs histoires uniques et transmettent de grandes \u00e9motions. Des solos impressionnants alternent avec des duos uniques qui, non seulement vocalement mais aussi th\u00e9\u00e2tralement, envo\u00fbtent le public\u2026<\/p>\n<div class=\"sc_item_button sc_button_wrap\"><a class=\"sc_button sc_button_decoration sc_button_size_large sc_button_icon_left\" href=\"http:\/\/tickets.luxembourg-ticket.lu\/38150\"><span class=\"sc_button_text\"><span class=\"sc_button_title\">Tickets<\/span><\/span><\/a><\/div>\n<h6>Tickets zu diesem Event k\u00f6nnen ebenfalls dienstags und donnerstags von 15 &#8211; 19 Uhr an der Kasse im Kulturzentrum Machera gekauft werden. Die Abendkasse \u00f6ffnet 2 Stunden vor dem Event.<\/h6>\n<h6>Tickets for this event can also be purchased at the box office in the Machera Cultural Center on Tuesdays and Thursdays from 3 PM to 7 PM. The evening box office opens 2 hours before the event.<\/h6>\n<h6>Les billets pour cet \u00e9v\u00e9nement peuvent \u00e9galement \u00eatre achet\u00e9s \u00e0 la billetterie du Centre Culturel Machera les mardis et jeudis de 15h \u00e0 19h. La billetterie du soir ouvre 2 heures avant l\u2019\u00e9v\u00e9nement.<\/h6>\n","protected":false},"excerpt":{"rendered":"<p>Horreur, frissons, myst\u00e8re, \u00e9clat. Les &#8222;Grusicals&#8220; sont au c\u0153ur de cette soir\u00e9e, avec des extraits sc\u00e9niques de Tanz der Vampire, Wicked, Jekyll &#038; Hyde, Le Fant\u00f4me de l&#8217;Op\u00e9ra, The Rocky Horror Show, entre autres.<\/p>\n","protected":false},"author":1,"featured_media":63048,"comment_status":"closed","ping_status":"closed","template":"","meta":{"inline_featured_image":false,"_tribe_events_status":"","_tribe_events_status_reason":"","footnotes":""},"tags":[],"tribe_events_cat":[344],"class_list":["post-63052","tribe_events","type-tribe_events","status-publish","has-post-thumbnail","hentry","tribe_events_cat-musical-fr","cat_musical-fr"],"_links":{"self":[{"href":"https:\/\/machera.lu\/index.php?rest_route=\/wp\/v2\/tribe_events\/63052","targetHints":{"allow":["GET"]}}],"collection":[{"href":"https:\/\/machera.lu\/index.php?rest_route=\/wp\/v2\/tribe_events"}],"about":[{"href":"https:\/\/machera.lu\/index.php?rest_route=\/wp\/v2\/types\/tribe_events"}],"author":[{"embeddable":true,"href":"https:\/\/machera.lu\/index.php?rest_route=\/wp\/v2\/users\/1"}],"replies":[{"embeddable":true,"href":"https:\/\/machera.lu\/index.php?rest_route=%2Fwp%2Fv2%2Fcomments&post=63052"}],"version-history":[{"count":3,"href":"https:\/\/machera.lu\/index.php?rest_route=\/wp\/v2\/tribe_events\/63052\/revisions"}],"predecessor-version":[{"id":63110,"href":"https:\/\/machera.lu\/index.php?rest_route=\/wp\/v2\/tribe_events\/63052\/revisions\/63110"}],"wp:featuredmedia":[{"embeddable":true,"href":"https:\/\/machera.lu\/index.php?rest_route=\/wp\/v2\/media\/63048"}],"wp:attachment":[{"href":"https:\/\/machera.lu\/index.php?rest_route=%2Fwp%2Fv2%2Fmedia&parent=63052"}],"wp:term":[{"taxonomy":"post_tag","embeddable":true,"href":"https:\/\/machera.lu\/index.php?rest_route=%2Fwp%2Fv2%2Ftags&post=63052"},{"taxonomy":"tribe_events_cat","embeddable":true,"href":"https:\/\/machera.lu\/index.php?rest_route=%2Fwp%2Fv2%2Ftribe_events_cat&post=63052"}],"curies":[{"name":"wp","href":"https:\/\/api.w.org\/{rel}","templated":true}]}}

Dracula, Vampires, Sorcières &#038; Cie

<p>La comédie musicale est un genre en constante évolution, toujours ouvert aux tendances de son époque. Elle fusionne en une parfaite harmonie le texte, la musique et la mise en scène, synthétisant les nombreux moyens d’expression à sa disposition pour créer une œuvre cohérente et captivante.</p>
<p>La comédie musicale est un art de notre temps.</p>
<p>Horreur, frissons, mystère, éclat. Les &#8222;Grusicals&#8220; sont au cœur de cette soirée, avec des extraits scéniques de Tanz der Vampire, Wicked, Jekyll &amp; Hyde, Le Fantôme de l&#8217;Opéra, The Rocky Horror Show, entre autres. Riche en expressions faciales, les chanteurs racontent leurs histoires uniques et transmettent de grandes émotions. Des solos impressionnants alternent avec des duos uniques qui, non seulement vocalement mais aussi théâtralement, envoûtent le public…</p>
<div class="sc_item_button sc_button_wrap"><a class="sc_button sc_button_decoration sc_button_size_large sc_button_icon_left" href="http://tickets.luxembourg-ticket.lu/38150"><span class="sc_button_text"><span class="sc_button_title">Tickets</span></span></a></div>
<h6>Tickets zu diesem Event können ebenfalls dienstags und donnerstags von 15 &#8211; 19 Uhr an der Kasse im Kulturzentrum Machera gekauft werden. Die Abendkasse öffnet 2 Stunden vor dem Event.</h6>
<h6>Tickets for this event can also be purchased at the box office in the Machera Cultural Center on Tuesdays and Thursdays from 3 PM to 7 PM. The evening box office opens 2 hours before the event.</h6>
<h6>Les billets pour cet événement peuvent également être achetés à la billetterie du Centre Culturel Machera les mardis et jeudis de 15h à 19h. La billetterie du soir ouvre 2 heures avant l’événement.</h6>

<p>Horreur, frissons, mystère, éclat. Les &#8222;Grusicals&#8220; sont au cœur de cette soirée, avec des extraits scéniques de Tanz der Vampire, Wicked, Jekyll &#038; Hyde, Le Fantôme de l&#8217;Opéra, The Rocky Horror Show, entre autres.</p>
