{"id":63111,"date":"2025-02-18T08:38:32","date_gmt":"2025-02-18T08:38:32","guid":{"rendered":"https:\/\/machera.lu\/?page_id=63111"},"modified":"2025-02-18T14:15:54","modified_gmt":"2025-02-18T14:15:54","slug":"geschichte","status":"publish","type":"page","link":"https:\/\/machera.lu\/?page_id=63111","title":{"rendered":"Geschichte"},"content":{"rendered":"\t\t<div data-elementor-type=\"wp-page\" data-elementor-id=\"63111\" class=\"elementor elementor-63111\">\n\t\t\t\t\t\t<section class=\"elementor-section elementor-top-section elementor-element elementor-element-dc3a268 elementor-section-boxed elementor-section-height-default elementor-section-height-default sc_fly_static\" data-id=\"dc3a268\" data-element_type=\"section\">\n\t\t\t\t\t\t<div class=\"elementor-container elementor-column-gap-extended\">\n\t\t\t\t\t<div class=\"elementor-column elementor-col-100 elementor-top-column elementor-element elementor-element-57b64ec sc_inner_width_none sc_content_align_inherit sc_layouts_column_icons_position_left sc_fly_static\" data-id=\"57b64ec\" data-element_type=\"column\">\n\t\t\t<div class=\"elementor-widget-wrap elementor-element-populated\">\n\t\t\t\t\t\t<div class=\"elementor-element elementor-element-fea8fb7 sc_fly_static elementor-widget elementor-widget-text-editor\" data-id=\"fea8fb7\" data-element_type=\"widget\" data-widget_type=\"text-editor.default\">\n\t\t\t\t<div class=\"elementor-widget-container\">\n\t\t\t\t\t\t\t<h3 style=\"font-weight: 400;\"><strong>\u00dcber das Kulturzentrum MACHERA und seine Umgebung<\/strong><\/h3><p style=\"font-weight: 400;\"><strong>\u00a0<\/strong><\/p><p style=\"font-weight: 400;\"><strong>Das neue Kulturzentrum Machera <\/strong>befindet sich auf dem \u201eSchweinsmoart\u201c in Grevenmacher.<\/p><p style=\"font-weight: 400;\"><img fetchpriority=\"high\" decoding=\"async\" class=\"aligncenter size-large wp-image-63075\" src=\"https:\/\/machera.lu\/wp-content\/uploads\/2025\/02\/2025-02-07-Centre-Culturel-10-Large-1024x682.jpeg\" alt=\"\" width=\"1024\" height=\"682\" srcset=\"https:\/\/machera.lu\/wp-content\/uploads\/2025\/02\/2025-02-07-Centre-Culturel-10-Large-1024x682.jpeg 1024w, https:\/\/machera.lu\/wp-content\/uploads\/2025\/02\/2025-02-07-Centre-Culturel-10-Large-300x200.jpeg 300w, https:\/\/machera.lu\/wp-content\/uploads\/2025\/02\/2025-02-07-Centre-Culturel-10-Large-768x512.jpeg 768w, https:\/\/machera.lu\/wp-content\/uploads\/2025\/02\/2025-02-07-Centre-Culturel-10-Large-370x247.jpeg 370w, https:\/\/machera.lu\/wp-content\/uploads\/2025\/02\/2025-02-07-Centre-Culturel-10-Large-840x560.jpeg 840w, https:\/\/machera.lu\/wp-content\/uploads\/2025\/02\/2025-02-07-Centre-Culturel-10-Large-410x273.jpeg 410w, https:\/\/machera.lu\/wp-content\/uploads\/2025\/02\/2025-02-07-Centre-Culturel-10-Large-600x400.jpeg 600w, https:\/\/machera.lu\/wp-content\/uploads\/2025\/02\/2025-02-07-Centre-Culturel-10-Large.jpeg 1280w\" sizes=\"(max-width: 1024px) 100vw, 1024px\" \/><\/p><p style=\"font-weight: 400; text-align: center;\"><strong>Das Kulturzentrum Machera auf dem &#8222;Schweinsmoart&#8220; in Grevenmacher. (Foto: Machera)<\/strong><\/p><p style=\"font-weight: 400;\">Am 6. Juli 2020 wurde mit dem Neubau begonnen.<\/p><p style=\"font-weight: 400;\">Architektenb\u00fcro: Schumacher Schmiz architectes \u2013 Planungsb\u00fcros: Schroeder &amp; Associ\u00e9s, Goblet Lavandier &amp; Associ\u00e9s, Kontrollb\u00fcro: Vin\u00e7otte, Luxembourg.<\/p><p style=\"font-weight: 400;\">Ende August \/ Anfang September 2024 waren die Arbeiten gr\u00f6\u00dftenteils abgeschlossen, und das Kulturzentrum war z. T. bezugsf\u00e4hig.<\/p><p style=\"font-weight: 400;\">Gesamtkostenpunkt: 40 Millionen Euro.<\/p><p style=\"font-weight: 400;\">Am 22. November 2024 fand die offizielle Er\u00f6ffnung des Kulturzentrums Machera im gro\u00dfen Saal mit seinen 1.160 Quadratmetern und seiner 160 Quadratmeter gro\u00dfen B\u00fchne statt.<\/p><p style=\"font-weight: 400;\">Zum Kulturzentrum geh\u00f6rt ebenfalls das neue unterirdische Parkhaus mit 129 Parkpl\u00e4tzen auf 2 Ebenen.<\/p><p style=\"font-weight: 400;\"><img decoding=\"async\" class=\"aligncenter size-large wp-image-63112\" src=\"https:\/\/machera.lu\/wp-content\/uploads\/2025\/02\/2024-12-02-Centre-culturel-4-Large-1024x682.jpeg\" alt=\"\" width=\"1024\" height=\"682\" srcset=\"https:\/\/machera.lu\/wp-content\/uploads\/2025\/02\/2024-12-02-Centre-culturel-4-Large-1024x682.jpeg 1024w, https:\/\/machera.lu\/wp-content\/uploads\/2025\/02\/2024-12-02-Centre-culturel-4-Large-300x200.jpeg 300w, https:\/\/machera.lu\/wp-content\/uploads\/2025\/02\/2024-12-02-Centre-culturel-4-Large-768x512.jpeg 768w, https:\/\/machera.lu\/wp-content\/uploads\/2025\/02\/2024-12-02-Centre-culturel-4-Large-370x247.jpeg 370w, https:\/\/machera.lu\/wp-content\/uploads\/2025\/02\/2024-12-02-Centre-culturel-4-Large-840x560.jpeg 840w, https:\/\/machera.lu\/wp-content\/uploads\/2025\/02\/2024-12-02-Centre-culturel-4-Large-410x273.jpeg 410w, https:\/\/machera.lu\/wp-content\/uploads\/2025\/02\/2024-12-02-Centre-culturel-4-Large-600x400.jpeg 600w, https:\/\/machera.lu\/wp-content\/uploads\/2025\/02\/2024-12-02-Centre-culturel-4-Large.jpeg 1280w\" sizes=\"(max-width: 1024px) 100vw, 1024px\" \/><\/p><p style=\"font-weight: 400; text-align: center;\"><strong>Ein Blick in die Konzerthalle des Kulturzentrums Machera<\/strong><strong>. (Foto: Machera)<\/strong><\/p><p style=\"font-weight: 400;\"><strong>Machera <\/strong>ist der erste urkundlich bekannte Name von Grevenmacher. Eine kleine Siedlung, die \u201eVilla Machera\u201c, lag um das 7. Jahrhundert an der R\u00f6merstra\u00dfe Trier-Luxemburg-Metz-Reims. An diese Siedlung erinnert der Name \u201eAlk\u00ebrrech\u201c in der Industriezone Potaschberg.<\/p><p style=\"font-weight: 400;\">In \u201eGrafenmachern\u201c im Tal ist der Name ein erstes Mal dokumentiert auf dem Siegel, das Herzog Wenzel I. der Ortschaft im Jahre 1357 zusammen mit dem Marktrecht zugestand: <strong>\u201eSigillum Libertatis de Machera\u201c.<\/strong><\/p><p style=\"font-weight: 400;\">Dieser Name wurde mehrheitlich vorgeschlagen bei einer Umfrage im Rahmen des Weinmarktes 2024. Auch die Grevenmacher Rose, die seit 2023 ihren festen Platz im Osburg-Garten hat, tr\u00e4gt den Namen \u201eMachera\u201c \u2013 ein Name mit historischer Bedeutung, der auf die reichhaltige Geschichte der Moselmetropole hinweist.<\/p><p style=\"font-weight: 400;\"><strong>Der \u201eSchweinsmoart\u201c <\/strong>ist heute ein gro\u00dfer, neugestalteter Parkplatz, versehen mit Sitzgelegenheiten. Einst wurde auf diesem Platz mit Vieh gehandelt \u2013 daher der Name. Davon zeugt auch der Brunnen, der bei der rezenten Umgestaltung freigelegt wurde.<\/p><p style=\"font-weight: 400;\">Bevor das neue Kulturzentrum Machera gebaut wurde, stand bereits ein erstes <strong>Sport- und Kulturzentrum <\/strong>auf dem \u201eSchweinsmoart\u201c. Dieses Geb\u00e4ude war am 21. Januar 1977 im Beisein von Gro\u00dfherzog Jean feierlich eingeweiht worden.<\/p><p style=\"font-weight: 400;\">Mit einer Gesamtfl\u00e4che von 2.478 Quadratmetern, mit einer Omnisporthalle von 1.243 Quadratmetern, besonders f\u00fcr den Schulsport und f\u00fcr die Vereine, mit einer Reihe von S\u00e4len, die sowohl f\u00fcr Sport- als auch f\u00fcr kulturelle Vereine, resp. f\u00fcr kulturelle Veranstaltungen bereitstanden, stellte dieses Geb\u00e4ude einen deutlichen Mehrwert f\u00fcr das kulturelle und sportliche Angebot der Stadt Grevenmacher dar.<\/p><p style=\"font-weight: 400;\"><img decoding=\"async\" class=\"aligncenter size-full wp-image-63124\" src=\"https:\/\/machera.lu\/wp-content\/uploads\/2025\/02\/CentreSportifEtCulturel2014.jpg\" alt=\"\" width=\"907\" height=\"681\" srcset=\"https:\/\/machera.lu\/wp-content\/uploads\/2025\/02\/CentreSportifEtCulturel2014.jpg 907w, https:\/\/machera.lu\/wp-content\/uploads\/2025\/02\/CentreSportifEtCulturel2014-300x225.jpg 300w, https:\/\/machera.lu\/wp-content\/uploads\/2025\/02\/CentreSportifEtCulturel2014-768x577.jpg 768w, https:\/\/machera.lu\/wp-content\/uploads\/2025\/02\/CentreSportifEtCulturel2014-370x278.jpg 370w, https:\/\/machera.lu\/wp-content\/uploads\/2025\/02\/CentreSportifEtCulturel2014-840x631.jpg 840w, https:\/\/machera.lu\/wp-content\/uploads\/2025\/02\/CentreSportifEtCulturel2014-410x308.jpg 410w, https:\/\/machera.lu\/wp-content\/uploads\/2025\/02\/CentreSportifEtCulturel2014-600x450.jpg 600w\" sizes=\"(max-width: 907px) 100vw, 907px\" \/><\/p><p style=\"font-weight: 400; text-align: center;\"><strong>Das &#8222;Centre sportif et culturel&#8220; im Jahr 2014. (Foto: Monique Hermes)<\/strong><\/p><p style=\"font-weight: 400;\">Dort, wo das Kulturzentrum Machera heute steht, war von 1891 bis 1970 <strong>der Grevenmacher Bahnhof, <\/strong>ein stattliches Geb\u00e4ude, das errichtet wurde, als Grevenmacher an die Eisenbahn angeschlossen wurde. Der 6 km lange, eingleisige Schienenstrang von Grevenmacher bis Wasserbillig geh\u00f6rte zur Prinz-Heinrich-Bahn, und der Personenzug fuhr bis zum 23. Mai 1954. Dann wurde auf Busse umgestiegen.<\/p><p><img loading=\"lazy\" decoding=\"async\" class=\"aligncenter size-large wp-image-63120\" src=\"https:\/\/machera.lu\/wp-content\/uploads\/2025\/02\/Gr.-Gare-1910-Flash-1024x707.jpg\" alt=\"\" width=\"1024\" height=\"707\" srcset=\"https:\/\/machera.lu\/wp-content\/uploads\/2025\/02\/Gr.-Gare-1910-Flash-1024x707.jpg 1024w, https:\/\/machera.lu\/wp-content\/uploads\/2025\/02\/Gr.-Gare-1910-Flash-300x207.jpg 300w, https:\/\/machera.lu\/wp-content\/uploads\/2025\/02\/Gr.-Gare-1910-Flash-768x530.jpg 768w, https:\/\/machera.lu\/wp-content\/uploads\/2025\/02\/Gr.-Gare-1910-Flash-1536x1061.jpg 1536w, https:\/\/machera.lu\/wp-content\/uploads\/2025\/02\/Gr.-Gare-1910-Flash-2048x1414.jpg 2048w, https:\/\/machera.lu\/wp-content\/uploads\/2025\/02\/Gr.-Gare-1910-Flash-370x255.jpg 370w, https:\/\/machera.lu\/wp-content\/uploads\/2025\/02\/Gr.-Gare-1910-Flash-840x580.jpg 840w, https:\/\/machera.lu\/wp-content\/uploads\/2025\/02\/Gr.-Gare-1910-Flash-410x283.jpg 410w, https:\/\/machera.lu\/wp-content\/uploads\/2025\/02\/Gr.-Gare-1910-Flash-600x414.jpg 600w\" sizes=\"(max-width: 1024px) 100vw, 1024px\" \/><\/p><p style=\"font-weight: 400; text-align: center;\"><strong>Der Bahnhof in Grevenmacher mit Zug im Jahr 1910. (Archiv Photo-Club Flash)<\/strong><\/p><p style=\"font-weight: 400;\"><strong>\u00a0<\/strong><\/p><p style=\"font-weight: 400;\">Weil die Stadt Grevenmacher z. Z. t\u00e4glich von 13 regul\u00e4ren sowie von diversen Schulbus-Linien angefahren wird, wurde neben dem Kulturzentrum Machera <strong>ein moderner, \u00fcberdachter Busbahnhof <\/strong>gebaut, versehen mit einer Bikebox f\u00fcr 26 Fahrr\u00e4der, ausgestattet mit Schlie\u00dff\u00e4chern f\u00fcr Helme, mit \u00f6ffentlichen WCs, einem behindertengerechten WC (PMR) und einem separaten WC f\u00fcr das Buspersonal.<\/p><p style=\"font-weight: 400;\">Die Struktur wurde vom Architektenb\u00fcro Schumacher Schmiz architectes entworfen. F\u00fcr den technischen Teil war das B\u00fcro Goblet &amp; Lavandier zust\u00e4ndig, und mit dem Projekt Management, der Statik und der Gestaltung der Umgebung wurde das B\u00fcro Schroeder &amp; Associ\u00e9s beauftragt.<\/p><p style=\"font-weight: 400;\">Kostenpunkt: 3.760.000 Euro.<\/p><p style=\"font-weight: 400;\"><img loading=\"lazy\" decoding=\"async\" class=\"aligncenter size-large wp-image-63116\" src=\"https:\/\/machera.lu\/wp-content\/uploads\/2025\/02\/Nouveau-Centre-Culturel2-Large-1024x576.jpeg\" alt=\"\" width=\"1024\" height=\"576\" srcset=\"https:\/\/machera.lu\/wp-content\/uploads\/2025\/02\/Nouveau-Centre-Culturel2-Large-1024x576.jpeg 1024w, https:\/\/machera.lu\/wp-content\/uploads\/2025\/02\/Nouveau-Centre-Culturel2-Large-300x169.jpeg 300w, https:\/\/machera.lu\/wp-content\/uploads\/2025\/02\/Nouveau-Centre-Culturel2-Large-768x432.jpeg 768w, https:\/\/machera.lu\/wp-content\/uploads\/2025\/02\/Nouveau-Centre-Culturel2-Large-370x208.jpeg 370w, https:\/\/machera.lu\/wp-content\/uploads\/2025\/02\/Nouveau-Centre-Culturel2-Large-840x473.jpeg 840w, https:\/\/machera.lu\/wp-content\/uploads\/2025\/02\/Nouveau-Centre-Culturel2-Large-410x231.jpeg 410w, https:\/\/machera.lu\/wp-content\/uploads\/2025\/02\/Nouveau-Centre-Culturel2-Large-600x338.jpeg 600w, https:\/\/machera.lu\/wp-content\/uploads\/2025\/02\/Nouveau-Centre-Culturel2-Large-270x152.jpeg 270w, https:\/\/machera.lu\/wp-content\/uploads\/2025\/02\/Nouveau-Centre-Culturel2-Large.jpeg 1280w\" sizes=\"(max-width: 1024px) 100vw, 1024px\" \/><\/p><p style=\"font-weight: 400; text-align: center;\"><strong>Ein Blick auf den modernen Busbahnhof neben dem Kulturzentrum Machera. <\/strong><strong>(Metropole visualisation 3 D)<\/strong><\/p><p style=\"font-weight: 400;\"><strong>\u00a0<\/strong><\/p><p style=\"font-weight: 400;\"><strong>Zusammenstellung: Monique Hermes<\/strong><\/p>\t\t\t\t\t\t<\/div>\n\t\t\t\t<\/div>\n\t\t\t\t\t<\/div>\n\t\t<\/div>\n\t\t\t\t\t<\/div>\n\t\t<\/section>\n\t\t\t\t<\/div>\n\t\t","protected":false},"excerpt":{"rendered":"<p>\u00dcber das Kulturzentrum MACHERA und seine Umgebung \u00a0 Das neue Kulturzentrum Machera befindet sich auf dem \u201eSchweinsmoart\u201c in Grevenmacher. Das Kulturzentrum Machera auf dem &#8222;Schweinsmoart&#8220; in Grevenmacher. (Foto: Machera) Am&hellip;<\/p>\n","protected":false},"author":1,"featured_media":0,"parent":0,"menu_order":0,"comment_status":"closed","ping_status":"closed","template":"elementor_header_footer","meta":{"inline_featured_image":false,"footnotes":""},"class_list":["post-63111","page","type-page","status-publish","hentry"],"_links":{"self":[{"href":"https:\/\/machera.lu\/index.php?rest_route=\/wp\/v2\/pages\/63111","targetHints":{"allow":["GET"]}}],"collection":[{"href":"https:\/\/machera.lu\/index.php?rest_route=\/wp\/v2\/pages"}],"about":[{"href":"https:\/\/machera.lu\/index.php?rest_route=\/wp\/v2\/types\/page"}],"author":[{"embeddable":true,"href":"https:\/\/machera.lu\/index.php?rest_route=\/wp\/v2\/users\/1"}],"replies":[{"embeddable":true,"href":"https:\/\/machera.lu\/index.php?rest_route=%2Fwp%2Fv2%2Fcomments&post=63111"}],"version-history":[{"count":9,"href":"https:\/\/machera.lu\/index.php?rest_route=\/wp\/v2\/pages\/63111\/revisions"}],"predecessor-version":[{"id":63144,"href":"https:\/\/machera.lu\/index.php?rest_route=\/wp\/v2\/pages\/63111\/revisions\/63144"}],"wp:attachment":[{"href":"https:\/\/machera.lu\/index.php?rest_route=%2Fwp%2Fv2%2Fmedia&parent=63111"}],"curies":[{"name":"wp","href":"https:\/\/api.w.org\/{rel}","templated":true}]}}